| VanillaICE 1.1.18 Robert Scharpf
 
 | Snapshot Date: 2008-04-09 00:13:10 -0700 (Wed, 09 Apr 2008) |  | URL: https://hedgehog.fhcrc.org/bioconductor/trunk/madman/Rpacks/VanillaICE |  | Last Changed Rev: 30913 / Revision: 30951 |  | Last Changed Date: 2008-04-08 03:27:56 -0700 (Tue, 08 Apr 2008) | 
 | lamb1 | Linux (SUSE 10.1) / x86_64 | OK | ERROR |  | 
| wilson2 | Linux (openSUSE 10.3) / x86_64 | OK | ERROR |  | 
| wellington | Linux (openSUSE 10.3) / i686 | OK | ERROR |  | 
| liverpool | Windows Server 2003 R2 (32-bit) / x64 | OK | OK | OK | 
| pelham | Mac OS X Leopard (10.5.1) / i386 | OK | [ ERROR ] | OK | 
* checking for working pdflatex ... OK
* using log directory '/Users/biocbuild/bbs-2.2-bioc/meat/VanillaICE.Rcheck'
* using R version 2.7.0 beta (2008-04-07 r45159)
* using session charset: ASCII
* checking for file 'VanillaICE/DESCRIPTION' ... OK
* this is package 'VanillaICE' version '1.1.18'
* checking package name space information ... OK
* checking package dependencies ... ERROR
Namespace dependencies not required:
  Biobase
See the information on DESCRIPTION files in the chapter 'Creating R
packages' of the 'Writing R Extensions' manual.