| Back to Multiple platform build/check report for BioC 3.9 |
|
This page was generated on 2019-10-16 12:41:38 -0400 (Wed, 16 Oct 2019).
| Package 1540/1741 | Hostname | OS / Arch | INSTALL | BUILD | CHECK | BUILD BIN | ||||||
| slingshot 1.2.0 Kelly Street
| malbec2 | Linux (Ubuntu 18.04.2 LTS) / x86_64 | OK | OK | OK | |||||||
| tokay2 | Windows Server 2012 R2 Standard / x64 | OK | OK | [ WARNINGS ] | OK | |||||||
| celaya2 | OS X 10.11.6 El Capitan / x86_64 | OK | OK | WARNINGS | OK |
| Package: slingshot |
| Version: 1.2.0 |
| Command: C:\Users\biocbuild\bbs-3.9-bioc\R\bin\R.exe CMD check --force-multiarch --install=check:slingshot.install-out.txt --library=C:\Users\biocbuild\bbs-3.9-bioc\R\library --no-vignettes --timings slingshot_1.2.0.tar.gz |
| StartedAt: 2019-10-16 07:12:28 -0400 (Wed, 16 Oct 2019) |
| EndedAt: 2019-10-16 07:19:23 -0400 (Wed, 16 Oct 2019) |
| EllapsedTime: 415.1 seconds |
| RetCode: 0 |
| Status: WARNINGS |
| CheckDir: slingshot.Rcheck |
| Warnings: 1 |
############################################################################## ############################################################################## ### ### Running command: ### ### C:\Users\biocbuild\bbs-3.9-bioc\R\bin\R.exe CMD check --force-multiarch --install=check:slingshot.install-out.txt --library=C:\Users\biocbuild\bbs-3.9-bioc\R\library --no-vignettes --timings slingshot_1.2.0.tar.gz ### ############################################################################## ############################################################################## * using log directory 'C:/Users/biocbuild/bbs-3.9-bioc/meat/slingshot.Rcheck' * using R version 3.6.1 (2019-07-05) * using platform: x86_64-w64-mingw32 (64-bit) * using session charset: ISO8859-1 * using option '--no-vignettes' * checking for file 'slingshot/DESCRIPTION' ... OK * this is package 'slingshot' version '1.2.0' * checking package namespace information ... OK * checking package dependencies ... OK * checking if this is a source package ... OK * checking if there is a namespace ... OK * checking for hidden files and directories ... OK * checking for portable file names ... OK * checking whether package 'slingshot' can be installed ... WARNING Found the following significant warnings: Rd warning: C:/Users/biocbuild/bbs-3.9-bioc/tmpdir/RtmpW6ZUru/R.INSTALL2be86a7514b7/slingshot/man/newSlingshotDataSet.Rd:51: file link 'principal.curve' in package 'princurve' does not exist and so has been treated as a topic Rd warning: C:/Users/biocbuild/bbs-3.9-bioc/tmpdir/RtmpW6ZUru/R.INSTALL2be86a7514b7/slingshot/man/newSlingshotDataSet.Rd:94: file link 'principal.curve' in package 'princurve' does not exist and so has been treated as a topic Rd warning: C:/Users/biocbuild/bbs-3.9-bioc/tmpdir/RtmpW6ZUru/R.INSTALL2be86a7514b7/slingshot/man/slingCurves.Rd:21: file link 'principal.curve' in package 'princurve' does not exist and so has been treated as a topic See 'C:/Users/biocbuild/bbs-3.9-bioc/meat/slingshot.Rcheck/00install.out' for details. * checking installed package size ... OK * checking package directory ... OK * checking 'build' directory ... OK * checking DESCRIPTION meta-information ... OK * checking top-level files ... OK * checking for left-over files ... OK * checking index information ... OK * checking package subdirectories ... OK * checking R files for non-ASCII characters ... OK * checking R files for syntax errors ... OK * loading checks for arch 'i386' ** checking whether the package can be loaded ... OK ** checking whether the package can be loaded with stated dependencies ... OK ** checking whether the package can be unloaded cleanly ... OK ** checking whether the namespace can be loaded with stated dependencies ... OK ** checking whether the namespace can be unloaded cleanly ... OK * loading checks for arch 'x64' ** checking whether the package can be loaded ... OK ** checking whether the package can be loaded with stated dependencies ... OK ** checking whether the package can be unloaded cleanly ... OK ** checking whether the namespace can be loaded with stated dependencies ... OK ** checking whether the namespace can be unloaded cleanly ... OK * checking dependencies in R code ... OK * checking S3 generic/method consistency ... OK * checking replacement functions ... OK * checking foreign function calls ... OK * checking R code for possible problems ... OK * checking Rd files ... OK * checking Rd metadata ... OK * checking Rd cross-references ... OK * checking for missing documentation entries ... OK * checking for code/documentation mismatches ... OK * checking Rd \usage sections ... OK * checking Rd contents ... OK * checking for unstated dependencies in examples ... OK * checking contents of 'data' directory ... OK * checking data for non-ASCII characters ... OK * checking data for ASCII and uncompressed saves ... OK * checking files in 'vignettes' ... OK * checking examples ... ** running examples for arch 'i386' ... OK ** running examples for arch 'x64' ... OK * checking for unstated dependencies in 'tests' ... OK * checking tests ... ** running tests for arch 'i386' ... Running 'testthat.R' OK ** running tests for arch 'x64' ... Running 'testthat.R' OK * checking for unstated dependencies in vignettes ... OK * checking package vignettes in 'inst/doc' ... OK * checking running R code from vignettes ... SKIPPED * checking re-building of vignette outputs ... SKIPPED * checking PDF version of manual ... OK * DONE Status: 1 WARNING See 'C:/Users/biocbuild/bbs-3.9-bioc/meat/slingshot.Rcheck/00check.log' for details.
slingshot.Rcheck/00install.out
##############################################################################
##############################################################################
###
### Running command:
###
### C:\cygwin\bin\curl.exe -O https://malbec2.bioconductor.org/BBS/3.9/bioc/src/contrib/slingshot_1.2.0.tar.gz && rm -rf slingshot.buildbin-libdir && mkdir slingshot.buildbin-libdir && C:\Users\biocbuild\bbs-3.9-bioc\R\bin\R.exe CMD INSTALL --merge-multiarch --build --library=slingshot.buildbin-libdir slingshot_1.2.0.tar.gz && C:\Users\biocbuild\bbs-3.9-bioc\R\bin\R.exe CMD INSTALL slingshot_1.2.0.zip && rm slingshot_1.2.0.tar.gz slingshot_1.2.0.zip
###
##############################################################################
##############################################################################
% Total % Received % Xferd Average Speed Time Time Time Current
Dload Upload Total Spent Left Speed
0 0 0 0 0 0 0 0 --:--:-- --:--:-- --:--:-- 0
100 57235 100 57235 0 0 888k 0 --:--:-- --:--:-- --:--:-- 998k
install for i386
* installing *source* package 'slingshot' ...
** using staged installation
** R
** data
** inst
** byte-compile and prepare package for lazy loading
** help
*** installing help indices
converting help for package 'slingshot'
finding HTML links ... done
SlingshotDataSet-class html
SlingshotDataSet html
getCurves html
getLineages html
finding level-2 HTML links ... done
newSlingshotDataSet html
Rd warning: C:/Users/biocbuild/bbs-3.9-bioc/tmpdir/RtmpW6ZUru/R.INSTALL2be86a7514b7/slingshot/man/newSlingshotDataSet.Rd:51: file link 'principal.curve' in package 'princurve' does not exist and so has been treated as a topic
Rd warning: C:/Users/biocbuild/bbs-3.9-bioc/tmpdir/RtmpW6ZUru/R.INSTALL2be86a7514b7/slingshot/man/newSlingshotDataSet.Rd:94: file link 'principal.curve' in package 'princurve' does not exist and so has been treated as a topic
pairs-SlingshotDataSet html
plot-SlingshotDataSet html
plot3d-SlingshotDataSet html
plotGenePseudotime html
predict.SlingshotDataSet html
slingAdjacency html
slingCurves html
Rd warning: C:/Users/biocbuild/bbs-3.9-bioc/tmpdir/RtmpW6ZUru/R.INSTALL2be86a7514b7/slingshot/man/slingCurves.Rd:21: file link 'principal.curve' in package 'princurve' does not exist and so has been treated as a topic
slingLineages html
slingParams html
slingPseudotime html
slingshot html
slingshotExample html
** building package indices
** installing vignettes
** testing if installed package can be loaded from temporary location
** testing if installed package can be loaded from final location
** testing if installed package keeps a record of temporary installation path
install for x64
* installing *source* package 'slingshot' ...
** testing if installed package can be loaded
* MD5 sums
packaged installation of 'slingshot' as slingshot_1.2.0.zip
* DONE (slingshot)
* installing to library 'C:/Users/biocbuild/bbs-3.9-bioc/R/library'
package 'slingshot' successfully unpacked and MD5 sums checked
|
slingshot.Rcheck/tests_i386/testthat.Rout
R version 3.6.1 (2019-07-05) -- "Action of the Toes"
Copyright (C) 2019 The R Foundation for Statistical Computing
Platform: i386-w64-mingw32/i386 (32-bit)
R is free software and comes with ABSOLUTELY NO WARRANTY.
You are welcome to redistribute it under certain conditions.
Type 'license()' or 'licence()' for distribution details.
R is a collaborative project with many contributors.
Type 'contributors()' for more information and
'citation()' on how to cite R or R packages in publications.
Type 'demo()' for some demos, 'help()' for on-line help, or
'help.start()' for an HTML browser interface to help.
Type 'q()' to quit R.
> library(testthat)
> library(slingshot)
Loading required package: princurve
>
> test_check("slingshot")
class: SlingshotDataSet
Samples Dimensions
140 2
lineages: 2
Lineage1: 1 2 3 5
Lineage2: 1 2 3 4
curves: 2
Curve1: Length: 15.045 Samples: 100.61
Curve2: Length: 15.126 Samples: 103.49
== testthat results ===========================================================
[ OK: 107 | SKIPPED: 0 | WARNINGS: 841 | FAILED: 0 ]
>
> proc.time()
user system elapsed
26.28 1.50 27.82
|
slingshot.Rcheck/tests_x64/testthat.Rout
R version 3.6.1 (2019-07-05) -- "Action of the Toes"
Copyright (C) 2019 The R Foundation for Statistical Computing
Platform: x86_64-w64-mingw32/x64 (64-bit)
R is free software and comes with ABSOLUTELY NO WARRANTY.
You are welcome to redistribute it under certain conditions.
Type 'license()' or 'licence()' for distribution details.
R is a collaborative project with many contributors.
Type 'contributors()' for more information and
'citation()' on how to cite R or R packages in publications.
Type 'demo()' for some demos, 'help()' for on-line help, or
'help.start()' for an HTML browser interface to help.
Type 'q()' to quit R.
> library(testthat)
> library(slingshot)
Loading required package: princurve
>
> test_check("slingshot")
class: SlingshotDataSet
Samples Dimensions
140 2
lineages: 2
Lineage1: 1 2 3 5
Lineage2: 1 2 3 4
curves: 2
Curve1: Length: 15.045 Samples: 100.61
Curve2: Length: 15.126 Samples: 103.49
== testthat results ===========================================================
[ OK: 107 | SKIPPED: 0 | WARNINGS: 841 | FAILED: 0 ]
>
> proc.time()
user system elapsed
20.01 0.65 20.71
|
|
slingshot.Rcheck/examples_i386/slingshot-Ex.timings
|
slingshot.Rcheck/examples_x64/slingshot-Ex.timings
|