| Back to Multiple platform build/check report for BioC 3.9 |
|
This page was generated on 2019-04-09 13:35:03 -0400 (Tue, 09 Apr 2019).
| Package 1356/1703 | Hostname | OS / Arch | INSTALL | BUILD | CHECK | BUILD BIN | ||||||
| RITAN 1.7.0 Michael Zimmermann
| malbec2 | Linux (Ubuntu 18.04.2 LTS) / x86_64 | OK | OK | WARNINGS | |||||||
| tokay2 | Windows Server 2012 R2 Standard / x64 | OK | OK | WARNINGS | OK | |||||||
| celaya2 | OS X 10.11.6 El Capitan / x86_64 | OK | OK | WARNINGS | OK | |||||||
| merida2 | OS X 10.11.6 El Capitan / x86_64 | OK | OK | [ WARNINGS ] | OK |
| Package: RITAN |
| Version: 1.7.0 |
| Command: /Library/Frameworks/R.framework/Versions/Current/Resources/bin/R CMD check --install=check:RITAN.install-out.txt --library=/Library/Frameworks/R.framework/Versions/Current/Resources/library --no-vignettes --timings RITAN_1.7.0.tar.gz |
| StartedAt: 2019-04-09 03:22:07 -0400 (Tue, 09 Apr 2019) |
| EndedAt: 2019-04-09 03:24:09 -0400 (Tue, 09 Apr 2019) |
| EllapsedTime: 122.1 seconds |
| RetCode: 0 |
| Status: WARNINGS |
| CheckDir: RITAN.Rcheck |
| Warnings: 2 |
##############################################################################
##############################################################################
###
### Running command:
###
### /Library/Frameworks/R.framework/Versions/Current/Resources/bin/R CMD check --install=check:RITAN.install-out.txt --library=/Library/Frameworks/R.framework/Versions/Current/Resources/library --no-vignettes --timings RITAN_1.7.0.tar.gz
###
##############################################################################
##############################################################################
* using log directory ‘/Users/biocbuild/bbs-3.9-bioc/meat/RITAN.Rcheck’
* using R Under development (unstable) (2018-11-27 r75683)
* using platform: x86_64-apple-darwin15.6.0 (64-bit)
* using session charset: UTF-8
* using option ‘--no-vignettes’
* checking for file ‘RITAN/DESCRIPTION’ ... OK
* checking extension type ... Package
* this is package ‘RITAN’ version ‘1.7.0’
* checking package namespace information ... OK
* checking package dependencies ... OK
* checking if this is a source package ... OK
* checking if there is a namespace ... OK
* checking for hidden files and directories ... OK
* checking for portable file names ... OK
* checking for sufficient/correct file permissions ... OK
* checking whether package ‘RITAN’ can be installed ... WARNING
Found the following significant warnings:
Warning: replacing previous import ‘gplots::plotCI’ by ‘plotrix::plotCI’ when loading ‘RITAN’
Warning: replacing previous import ‘igraph::decompose’ by ‘stats::decompose’ when loading ‘RITAN’
Warning: replacing previous import ‘gplots::lowess’ by ‘stats::lowess’ when loading ‘RITAN’
Warning: replacing previous import ‘igraph::spectrum’ by ‘stats::spectrum’ when loading ‘RITAN’
See ‘/Users/biocbuild/bbs-3.9-bioc/meat/RITAN.Rcheck/00install.out’ for details.
* checking installed package size ... OK
* checking package directory ... OK
* checking ‘build’ directory ... OK
* checking DESCRIPTION meta-information ... NOTE
Package listed in more than one of Depends, Imports, Suggests, Enhances:
‘sqldf’
A package should be listed in only one of these fields.
* checking top-level files ... OK
* checking for left-over files ... OK
* checking index information ... OK
* checking package subdirectories ... OK
* checking R files for non-ASCII characters ... OK
* checking R files for syntax errors ... OK
* checking whether the package can be loaded ... OK
* checking whether the package can be loaded with stated dependencies ... OK
* checking whether the package can be unloaded cleanly ... OK
* checking whether the namespace can be loaded with stated dependencies ... OK
* checking whether the namespace can be unloaded cleanly ... OK
* checking dependencies in R code ... NOTE
Namespaces in Imports field not imported from:
‘BgeeDB’ ‘knitr’
All declared Imports should be used.
* checking S3 generic/method consistency ... OK
* checking replacement functions ... OK
* checking foreign function calls ... OK
* checking R code for possible problems ... NOTE
check_any_net_input: no visible binding for global variable
‘network_list’
enrichment_symbols: no visible binding for global variable
‘active_genesets’
icon_dual_between: no visible global function definition for ‘ss2’
icon_dual_between: no visible binding for global variable ‘all_symbols’
icon_dual_between: no visible binding for global variable ‘all_net’
icon_single_within: no visible global function definition for ‘ss2’
icon_single_within: no visible binding for global variable
‘all_symbols’
icon_single_within: no visible binding for global variable ‘all_net’
load_geneset_symbols: no visible binding for global variable
‘geneset_list’
load_geneset_symbols: no visible binding for global variable ‘f’
load_geneset_symbols: no visible binding for global variable
‘active_genesets’
network_overlap : <anonymous>: no visible binding for global variable
‘network_list’
network_overlap: no visible binding for global variable ‘network_list’
network_overlap : select_edges: no visible binding for global variable
‘network_list’
plot.term_enrichment_by_subset: no visible binding for global variable
‘Var2’
plot.term_enrichment_by_subset: no visible binding for global variable
‘Var1’
show_active_genesets_hist: no visible binding for global variable
‘active_genesets’
term_enrichment : process_source: no visible binding for global
variable ‘active_genesets’
Undefined global functions or variables:
Var1 Var2 active_genesets all_net all_symbols f geneset_list
network_list ss2
* checking Rd files ... OK
* checking Rd metadata ... OK
* checking Rd cross-references ... OK
* checking for missing documentation entries ... OK
* checking for code/documentation mismatches ... OK
* checking Rd \usage sections ... WARNING
Documented arguments not in \usage in documentation object 'resource_reduce':
‘mutual_overlap’
Functions with \usage entries need to have the appropriate \alias
entries, and all their arguments documented.
The \usage entries must correspond to syntactically valid R code.
See chapter ‘Writing R documentation files’ in the ‘Writing R
Extensions’ manual.
* checking Rd contents ... OK
* checking for unstated dependencies in examples ... OK
* checking contents of ‘data’ directory ... OK
* checking data for non-ASCII characters ... OK
* checking data for ASCII and uncompressed saves ... OK
* checking files in ‘vignettes’ ... OK
* checking examples ... OK
Examples with CPU or elapsed time > 5s
user system elapsed
enrichment_symbols 1.903 0.094 7.071
summary.term_enrichment_by_subset 1.735 0.122 8.732
* checking for unstated dependencies in vignettes ... OK
* checking package vignettes in ‘inst/doc’ ... OK
* checking running R code from vignettes ... SKIPPED
* checking re-building of vignette outputs ... SKIPPED
* checking PDF version of manual ... OK
* DONE
Status: 2 WARNINGs, 3 NOTEs
See
‘/Users/biocbuild/bbs-3.9-bioc/meat/RITAN.Rcheck/00check.log’
for details.
RITAN.Rcheck/00install.out
############################################################################## ############################################################################## ### ### Running command: ### ### /Library/Frameworks/R.framework/Versions/Current/Resources/bin/R CMD INSTALL RITAN ### ############################################################################## ############################################################################## * installing to library ‘/Library/Frameworks/R.framework/Versions/3.6/Resources/library’ * installing *source* package ‘RITAN’ ... ** R ** data *** moving datasets to lazyload DB ** inst ** byte-compile and prepare package for lazy loading Warning: replacing previous import ‘gplots::plotCI’ by ‘plotrix::plotCI’ when loading ‘RITAN’ Warning: replacing previous import ‘igraph::decompose’ by ‘stats::decompose’ when loading ‘RITAN’ Warning: replacing previous import ‘gplots::lowess’ by ‘stats::lowess’ when loading ‘RITAN’ Warning: replacing previous import ‘igraph::spectrum’ by ‘stats::spectrum’ when loading ‘RITAN’ ** help *** installing help indices ** building package indices ** installing vignettes ** testing if installed package can be loaded Warning: replacing previous import ‘gplots::plotCI’ by ‘plotrix::plotCI’ when loading ‘RITAN’ Warning: replacing previous import ‘igraph::decompose’ by ‘stats::decompose’ when loading ‘RITAN’ Warning: replacing previous import ‘gplots::lowess’ by ‘stats::lowess’ when loading ‘RITAN’ Warning: replacing previous import ‘igraph::spectrum’ by ‘stats::spectrum’ when loading ‘RITAN’ * DONE (RITAN)
RITAN.Rcheck/RITAN-Ex.timings
| name | user | system | elapsed | |
| as.graph | 0.000 | 0.000 | 0.001 | |
| check_any_net_input | 1.606 | 0.089 | 1.730 | |
| check_net_input | 0.091 | 0.008 | 0.100 | |
| enrichment_symbols | 1.903 | 0.094 | 7.071 | |
| geneset_overlap | 0.195 | 0.012 | 0.210 | |
| icon_test | 0.000 | 0.000 | 0.001 | |
| load_geneset_symbols | 0.008 | 0.001 | 0.009 | |
| network_overlap | 0.022 | 0.002 | 0.023 | |
| plot.term_enrichment | 1.265 | 0.104 | 4.954 | |
| plot.term_enrichment_by_subset | 0.018 | 0.001 | 0.020 | |
| readGMT | 0 | 0 | 0 | |
| readSIF | 0.001 | 0.000 | 0.001 | |
| resource_reduce | 4.198 | 0.177 | 4.394 | |
| show_active_genesets_hist | 0.018 | 0.001 | 0.019 | |
| summary.term_enrichment | 0.855 | 0.064 | 4.918 | |
| summary.term_enrichment_by_subset | 1.735 | 0.122 | 8.732 | |
| term_enrichment | 0.919 | 0.063 | 4.094 | |
| term_enrichment_by_subset | 0.016 | 0.001 | 0.017 | |
| vac1.day0vs31.de.genes | 0 | 0 | 0 | |
| vac1.day0vs56.de.genes | 0.000 | 0.001 | 0.001 | |
| vac2.day0vs31.de.genes | 0.001 | 0.000 | 0.000 | |
| vac2.day0vs56.de.genes | 0 | 0 | 0 | |
| writeGMT | 0 | 0 | 0 | |
| write_simple_table | 0.000 | 0.000 | 0.001 | |