| Back to Multiple platform build/check report for BioC 3.9 |
|
This page was generated on 2019-10-16 12:38:29 -0400 (Wed, 16 Oct 2019).
| Package 1383/1741 | Hostname | OS / Arch | INSTALL | BUILD | CHECK | BUILD BIN | ||||||
| RITAN 1.8.0 Michael Zimmermann
| malbec2 | Linux (Ubuntu 18.04.2 LTS) / x86_64 | OK | OK | WARNINGS | |||||||
| tokay2 | Windows Server 2012 R2 Standard / x64 | OK | OK | [ WARNINGS ] | OK | |||||||
| celaya2 | OS X 10.11.6 El Capitan / x86_64 | OK | OK | WARNINGS | OK |
| Package: RITAN |
| Version: 1.8.0 |
| Command: C:\Users\biocbuild\bbs-3.9-bioc\R\bin\R.exe CMD check --force-multiarch --install=check:RITAN.install-out.txt --library=C:\Users\biocbuild\bbs-3.9-bioc\R\library --no-vignettes --timings RITAN_1.8.0.tar.gz |
| StartedAt: 2019-10-16 06:39:20 -0400 (Wed, 16 Oct 2019) |
| EndedAt: 2019-10-16 06:47:34 -0400 (Wed, 16 Oct 2019) |
| EllapsedTime: 494.0 seconds |
| RetCode: 0 |
| Status: WARNINGS |
| CheckDir: RITAN.Rcheck |
| Warnings: 1 |
############################################################################## ############################################################################## ### ### Running command: ### ### C:\Users\biocbuild\bbs-3.9-bioc\R\bin\R.exe CMD check --force-multiarch --install=check:RITAN.install-out.txt --library=C:\Users\biocbuild\bbs-3.9-bioc\R\library --no-vignettes --timings RITAN_1.8.0.tar.gz ### ############################################################################## ############################################################################## * using log directory 'C:/Users/biocbuild/bbs-3.9-bioc/meat/RITAN.Rcheck' * using R version 3.6.1 (2019-07-05) * using platform: x86_64-w64-mingw32 (64-bit) * using session charset: ISO8859-1 * using option '--no-vignettes' * checking for file 'RITAN/DESCRIPTION' ... OK * checking extension type ... Package * this is package 'RITAN' version '1.8.0' * checking package namespace information ... OK * checking package dependencies ... OK * checking if this is a source package ... OK * checking if there is a namespace ... OK * checking for hidden files and directories ... OK * checking for portable file names ... OK * checking whether package 'RITAN' can be installed ... OK * checking installed package size ... OK * checking package directory ... OK * checking 'build' directory ... OK * checking DESCRIPTION meta-information ... NOTE Package listed in more than one of Depends, Imports, Suggests, Enhances: 'sqldf' A package should be listed in only one of these fields. * checking top-level files ... OK * checking for left-over files ... OK * checking index information ... OK * checking package subdirectories ... OK * checking R files for non-ASCII characters ... OK * checking R files for syntax errors ... OK * loading checks for arch 'i386' ** checking whether the package can be loaded ... OK ** checking whether the package can be loaded with stated dependencies ... OK ** checking whether the package can be unloaded cleanly ... OK ** checking whether the namespace can be loaded with stated dependencies ... OK ** checking whether the namespace can be unloaded cleanly ... OK * loading checks for arch 'x64' ** checking whether the package can be loaded ... OK ** checking whether the package can be loaded with stated dependencies ... OK ** checking whether the package can be unloaded cleanly ... OK ** checking whether the namespace can be loaded with stated dependencies ... OK ** checking whether the namespace can be unloaded cleanly ... OK * checking dependencies in R code ... NOTE Namespaces in Imports field not imported from: 'BgeeDB' 'knitr' All declared Imports should be used. * checking S3 generic/method consistency ... OK * checking replacement functions ... OK * checking foreign function calls ... OK * checking R code for possible problems ... NOTE check_any_net_input: no visible binding for global variable 'network_list' enrichment_symbols: no visible binding for global variable 'active_genesets' icon_dual_between: no visible global function definition for 'ss2' icon_dual_between: no visible binding for global variable 'all_symbols' icon_dual_between: no visible binding for global variable 'all_net' icon_single_within: no visible global function definition for 'ss2' icon_single_within: no visible binding for global variable 'all_symbols' icon_single_within: no visible binding for global variable 'all_net' load_geneset_symbols: no visible binding for global variable 'geneset_list' load_geneset_symbols: no visible binding for global variable 'f' load_geneset_symbols: no visible binding for global variable 'active_genesets' network_overlap :: no visible binding for global variable 'network_list' network_overlap: no visible binding for global variable 'network_list' network_overlap : select_edges: no visible binding for global variable 'network_list' plot.term_enrichment_by_subset: no visible binding for global variable 'Var2' plot.term_enrichment_by_subset: no visible binding for global variable 'Var1' show_active_genesets_hist: no visible binding for global variable 'active_genesets' term_enrichment : process_source: no visible binding for global variable 'active_genesets' Undefined global functions or variables: Var1 Var2 active_genesets all_net all_symbols f geneset_list network_list ss2 * checking Rd files ... OK * checking Rd metadata ... OK * checking Rd cross-references ... OK * checking for missing documentation entries ... OK * checking for code/documentation mismatches ... OK * checking Rd \usage sections ... WARNING Documented arguments not in \usage in documentation object 'resource_reduce': 'mutual_overlap' Functions with \usage entries need to have the appropriate \alias entries, and all their arguments documented. The \usage entries must correspond to syntactically valid R code. See chapter 'Writing R documentation files' in the 'Writing R Extensions' manual. * checking Rd contents ... OK * checking for unstated dependencies in examples ... OK * checking contents of 'data' directory ... OK * checking data for non-ASCII characters ... OK * checking data for ASCII and uncompressed saves ... OK * checking files in 'vignettes' ... OK * checking examples ... ** running examples for arch 'i386' ... OK Examples with CPU or elapsed time > 5s user system elapsed summary.term_enrichment_by_subset 38.85 16.96 57.11 summary.term_enrichment 20.82 12.26 33.75 enrichment_symbols 21.82 8.19 32.14 plot.term_enrichment 20.03 8.86 29.56 term_enrichment 19.11 7.57 27.32 ** running examples for arch 'x64' ... OK Examples with CPU or elapsed time > 5s user system elapsed summary.term_enrichment_by_subset 27.85 17.25 46.80 plot.term_enrichment 17.73 11.14 29.73 summary.term_enrichment 16.08 11.69 28.61 term_enrichment 13.62 10.89 25.42 enrichment_symbols 14.63 7.50 23.04 * checking for unstated dependencies in vignettes ... OK * checking package vignettes in 'inst/doc' ... OK * checking running R code from vignettes ... SKIPPED * checking re-building of vignette outputs ... SKIPPED * checking PDF version of manual ... OK * DONE Status: 1 WARNING, 3 NOTEs See 'C:/Users/biocbuild/bbs-3.9-bioc/meat/RITAN.Rcheck/00check.log' for details.
RITAN.Rcheck/00install.out
##############################################################################
##############################################################################
###
### Running command:
###
### C:\cygwin\bin\curl.exe -O https://malbec2.bioconductor.org/BBS/3.9/bioc/src/contrib/RITAN_1.8.0.tar.gz && rm -rf RITAN.buildbin-libdir && mkdir RITAN.buildbin-libdir && C:\Users\biocbuild\bbs-3.9-bioc\R\bin\R.exe CMD INSTALL --merge-multiarch --build --library=RITAN.buildbin-libdir RITAN_1.8.0.tar.gz && C:\Users\biocbuild\bbs-3.9-bioc\R\bin\R.exe CMD INSTALL RITAN_1.8.0.zip && rm RITAN_1.8.0.tar.gz RITAN_1.8.0.zip
###
##############################################################################
##############################################################################
% Total % Received % Xferd Average Speed Time Time Time Current
Dload Upload Total Spent Left Speed
0 0 0 0 0 0 0 0 --:--:-- --:--:-- --:--:-- 0
100 121k 100 121k 0 0 1500k 0 --:--:-- --:--:-- --:--:-- 1645k
install for i386
* installing *source* package 'RITAN' ...
** using staged installation
** R
** data
*** moving datasets to lazyload DB
** inst
** byte-compile and prepare package for lazy loading
** help
*** installing help indices
converting help for package 'RITAN'
finding HTML links ... done
as.graph html
check_any_net_input html
check_net_input html
enrichment_symbols html
geneset_overlap html
icon_test html
load_all_protein_coding_symbols html
load_geneset_symbols html
network_overlap html
plot.term_enrichment html
plot.term_enrichment_by_subset html
readGMT html
readSIF html
resource_reduce html
show_active_genesets_hist html
summary.term_enrichment html
summary.term_enrichment_by_subset html
term_enrichment html
term_enrichment_by_subset html
vac1.day0vs31.de.genes html
vac1.day0vs56.de.genes html
vac2.day0vs31.de.genes html
vac2.day0vs56.de.genes html
writeGMT html
write_simple_table html
** building package indices
** installing vignettes
** testing if installed package can be loaded from temporary location
** testing if installed package can be loaded from final location
** testing if installed package keeps a record of temporary installation path
install for x64
* installing *source* package 'RITAN' ...
** testing if installed package can be loaded
* MD5 sums
packaged installation of 'RITAN' as RITAN_1.8.0.zip
* DONE (RITAN)
* installing to library 'C:/Users/biocbuild/bbs-3.9-bioc/R/library'
package 'RITAN' successfully unpacked and MD5 sums checked
|
RITAN.Rcheck/examples_i386/RITAN-Ex.timings
|
RITAN.Rcheck/examples_x64/RITAN-Ex.timings
|