| Back to Multiple platform build/check report for BioC 3.20: simplified long | 
 | 
This page was generated on 2024-11-09 21:30 -0500 (Sat, 09 Nov 2024).
| Hostname | OS | Arch (*) | R version | Installed pkgs | 
|---|---|---|---|---|
| teran2 | Linux (Ubuntu 24.04.1 LTS) | x86_64 | 4.4.1 (2024-06-14) -- "Race for Your Life" | 4505 | 
| palomino8 | Windows Server 2022 Datacenter | x64 | 4.4.1 (2024-06-14 ucrt) -- "Race for Your Life" | 4506 | 
| lconway | macOS 12.7.1 Monterey | x86_64 | 4.4.1 (2024-06-14) -- "Race for Your Life" | 4538 | 
| kjohnson3 | macOS 13.6.5 Ventura | arm64 | 4.4.1 (2024-06-14) -- "Race for Your Life" | 4486 | 
| kunpeng2 | Linux (openEuler 22.03 LTS-SP1) | aarch64 | 4.4.1 (2024-06-14) -- "Race for Your Life" | 4493 | 
| Click on any hostname to see more info about the system (e.g. compilers) (*) as reported by 'uname -p', except on Windows and Mac OS X | ||||
| Package 522/2289 | Hostname | OS / Arch | INSTALL | BUILD | CHECK | BUILD BIN | ||||||||
| decoupleR 2.12.0  (landing page) Pau Badia-i-Mompel 
 | teran2 | Linux (Ubuntu 24.04.1 LTS) / x86_64 | OK | OK | WARNINGS |  | ||||||||
| palomino8 | Windows Server 2022 Datacenter / x64 | OK | OK | WARNINGS | OK |  | ||||||||
| lconway | macOS 12.7.1 Monterey / x86_64 | OK | OK | ERROR | OK | |||||||||
| kjohnson3 | macOS 13.6.5 Ventura / arm64 | OK | OK | ERROR | OK | |||||||||
| kunpeng2 | Linux (openEuler 22.03 LTS-SP1) / aarch64 | OK | OK | ERROR | ||||||||||
| To the developers/maintainers of the decoupleR package: - Allow up to 24 hours (and sometimes 48 hours) for your latest push to git@git.bioconductor.org:packages/decoupleR.git to reflect on this report. See Troubleshooting Build Report for more information. - Use the following Renviron settings to reproduce errors and warnings. - If 'R CMD check' started to fail recently on the Linux builder(s) over a missing dependency, add the missing dependency to 'Suggests:' in your DESCRIPTION file. See Renviron.bioc for more information. | 
| Package: decoupleR | 
| Version: 2.12.0 | 
| Command: /Library/Frameworks/R.framework/Resources/bin/R CMD check --install=check:decoupleR.install-out.txt --library=/Library/Frameworks/R.framework/Resources/library --no-vignettes --timings decoupleR_2.12.0.tar.gz | 
| StartedAt: 2024-11-09 00:30:48 -0500 (Sat, 09 Nov 2024) | 
| EndedAt: 2024-11-09 00:37:59 -0500 (Sat, 09 Nov 2024) | 
| EllapsedTime: 431.3 seconds | 
| RetCode: 1 | 
| Status: ERROR | 
| CheckDir: decoupleR.Rcheck | 
| Warnings: NA | 
##############################################################################
##############################################################################
###
### Running command:
###
###   /Library/Frameworks/R.framework/Resources/bin/R CMD check --install=check:decoupleR.install-out.txt --library=/Library/Frameworks/R.framework/Resources/library --no-vignettes --timings decoupleR_2.12.0.tar.gz
###
##############################################################################
##############################################################################
* using log directory ‘/Users/biocbuild/bbs-3.20-bioc/meat/decoupleR.Rcheck’
* using R version 4.4.1 (2024-06-14)
* using platform: aarch64-apple-darwin20
* R was compiled by
    Apple clang version 14.0.0 (clang-1400.0.29.202)
    GNU Fortran (GCC) 12.2.0
* running under: macOS Ventura 13.6.7
* using session charset: UTF-8
* using option ‘--no-vignettes’
* checking for file ‘decoupleR/DESCRIPTION’ ... OK
* checking extension type ... Package
* this is package ‘decoupleR’ version ‘2.12.0’
* package encoding: UTF-8
* checking package namespace information ... OK
* checking package dependencies ...Warning: unable to access index for repository https://CRAN.R-project.org/src/contrib:
  cannot open URL 'https://CRAN.R-project.org/src/contrib/PACKAGES'
 OK
* checking if this is a source package ... OK
* checking if there is a namespace ... OK
* checking for hidden files and directories ... OK
* checking for portable file names ... OK
* checking for sufficient/correct file permissions ... OK
* checking whether package ‘decoupleR’ can be installed ... OK
* checking installed package size ... OK
* checking package directory ... OK
* checking ‘build’ directory ... OK
* checking DESCRIPTION meta-information ... OK
* checking top-level files ... OK
* checking for left-over files ... OK
* checking index information ... OK
* checking package subdirectories ... OK
* checking code files for non-ASCII characters ... OK
* checking R files for syntax errors ... OK
* checking whether the package can be loaded ... OK
* checking whether the package can be loaded with stated dependencies ... OK
* checking whether the package can be unloaded cleanly ... OK
* checking whether the namespace can be loaded with stated dependencies ... OK
* checking whether the namespace can be unloaded cleanly ... OK
* checking dependencies in R code ... NOTE
[2024-11-09 00:34:43] [TRACE]   [OmnipathR] Reading JSON from `/Users/biocbuild/Library/Caches/OmnipathR/cache.json` (encoding: UTF-8).
[2024-11-09 00:34:43] [TRACE]   [OmnipathR] JSON validation successful: TRUE
[2024-11-09 00:34:43] [INFO]    [OmnipathR] Initialized cache: `/Users/biocbuild/Library/Caches/OmnipathR`.
[2024-11-09 00:34:43] [TRACE]   [OmnipathR] Running on a build server, wiping cache.
[2024-11-09 00:34:43] [TRACE]   [OmnipathR] Cache is at `/Users/biocbuild/Library/Caches/OmnipathR`.
[2024-11-09 00:34:43] [TRACE]   [OmnipathR] Contains 8 files.
[2024-11-09 00:34:43] [TRACE]   [OmnipathR] Cache is locked: FALSE.
[2024-11-09 00:34:43] [TRACE]   [OmnipathR] Reading JSON from `/Users/biocbuild/Library/Caches/OmnipathR/cache.json` (encoding: UTF-8).
[2024-11-09 00:34:43] [TRACE]   [OmnipathR] JSON validation successful: TRUE
[2024-11-09 00:34:43] [SUCCESS] [OmnipathR] Removing all cache contents from `/Users/biocbuild/Library/Caches/OmnipathR`.
[2024-11-09 00:34:43] [TRACE]   [OmnipathR] Pandoc version: `3.1.12.3`.
[2024-11-09 00:34:43] [TRACE]   [OmnipathR] Reading JSON from `/Library/Frameworks/R.framework/Versions/4.4-arm64/Resources/library/OmnipathR/db/db_def.json` (encoding: UTF-8).
[2024-11-09 00:34:43] [TRACE]   [OmnipathR] JSON validation successful: TRUE
[2024-11-09 00:34:43] [TRACE]   [OmnipathR] Reading JSON from `/Library/Frameworks/R.framework/Versions/4.4-arm64/Resources/library/OmnipathR/internal/magic_bytes.json` (encoding: UTF-8).
[2024-11-09 00:34:43] [TRACE]   [OmnipathR] JSON validation successful: TRUE
[2024-11-09 00:34:43] [TRACE]   [OmnipathR] Reading JSON from `/Library/Frameworks/R.framework/Versions/4.4-arm64/Resources/library/OmnipathR/internal/urls.json` (encoding: UTF-8).
[2024-11-09 00:34:43] [TRACE]   [OmnipathR] JSON validation successful: TRUE
[2024-11-09 00:34:43] [TRACE]   [OmnipathR] Reading JSON from `/Library/Frameworks/R.framework/Versions/4.4-arm64/Resources/library/OmnipathR/internal/id_types.json` (encoding: UTF-8).
[2024-11-09 00:34:43] [TRACE]   [OmnipathR] JSON validation successful: TRUE
[2024-11-09 00:34:43] [TRACE]   [OmnipathR] Cache locked: FALSE
* checking S3 generic/method consistency ... OK
* checking replacement functions ... OK
* checking foreign function calls ... OK
* checking R code for possible problems ... OK
* checking Rd files ... OK
* checking Rd metadata ... OK
* checking Rd cross-references ... WARNING
Missing link or links in Rd file 'run_gsva.Rd':
  ‘GSVA::gsva’ ‘GeneSetCollection’
See section 'Cross-references' in the 'Writing R Extensions' manual.
* checking for missing documentation entries ... OK
* checking for code/documentation mismatches ... OK
* checking Rd \usage sections ... OK
* checking Rd contents ... OK
* checking for unstated dependencies in examples ... OK
* checking files in ‘vignettes’ ... OK
* checking examples ... OK
Examples with CPU (user + system) or elapsed time > 5s
               user system elapsed
run_fgsea     8.335  0.024   8.360
get_dorothea  6.600  0.118   9.697
get_progeny   2.673  0.129  10.725
get_collectri 1.929  0.105   7.634
* checking for unstated dependencies in ‘tests’ ... OK
* checking tests ...
  Running ‘testthat.R’
 ERROR
Running the tests in ‘tests/testthat.R’ failed.
Last 13 lines of output:
  [120] 0.112          | 0.112            [120]
  [121] 0.991          - 1.000            [121]
  [122] 0.991          - 1.000            [122]
  [123] 0.123          - 0.126            [123]
  [124] 0.123          - 0.126            [124]
  [125] 0.156          | 0.156            [125]
  [126] 0.156          | 0.156            [126]
  [127] 0.592          | 0.592            [127]
  
    `actual$p_value[132:139]`: 0.125 0.592 0.592 0.175 0.175 0.198 0.198 0.592
  `expected$p_value[132:139]`: 0.125 0.592 0.592 0.184 0.184 0.198 0.198 0.592
  
  [ FAIL 1 | WARN 9 | SKIP 0 | PASS 34 ]
  Error: Test failures
  Execution halted
* checking for unstated dependencies in vignettes ... OK
* checking package vignettes ... OK
* checking running R code from vignettes ... SKIPPED
* checking re-building of vignette outputs ... SKIPPED
* checking PDF version of manual ... OK
* DONE
Status: 1 ERROR, 1 WARNING, 1 NOTE
See
  ‘/Users/biocbuild/bbs-3.20-bioc/meat/decoupleR.Rcheck/00check.log’
for details.
decoupleR.Rcheck/00install.out
############################################################################## ############################################################################## ### ### Running command: ### ### /Library/Frameworks/R.framework/Resources/bin/R CMD INSTALL decoupleR ### ############################################################################## ############################################################################## * installing to library ‘/Library/Frameworks/R.framework/Versions/4.4-arm64/Resources/library’ * installing *source* package ‘decoupleR’ ... ** using staged installation ** R ** inst ** byte-compile and prepare package for lazy loading ** help *** installing help indices *** copying figures ** building package indices ** installing vignettes ** testing if installed package can be loaded from temporary location ** testing if installed package can be loaded from final location ** testing if installed package keeps a record of temporary installation path * DONE (decoupleR)
decoupleR.Rcheck/tests/testthat.Rout.fail
R version 4.4.1 (2024-06-14) -- "Race for Your Life"
Copyright (C) 2024 The R Foundation for Statistical Computing
Platform: aarch64-apple-darwin20
R is free software and comes with ABSOLUTELY NO WARRANTY.
You are welcome to redistribute it under certain conditions.
Type 'license()' or 'licence()' for distribution details.
R is a collaborative project with many contributors.
Type 'contributors()' for more information and
'citation()' on how to cite R or R packages in publications.
Type 'demo()' for some demos, 'help()' for on-line help, or
'help.start()' for an HTML browser interface to help.
Type 'q()' to quit R.
> library(testthat)
> library(decoupleR)
> 
> test_check("decoupleR")
  |                                                                            
  |                                                                      |   0%
  |                                                                            
  |======================================================================| 100%
  |                                                                            
  |                                                                      |   0%
  |                                                                            
  |======================================================================| 100%
  |                                                                            
  |                                                                      |   0%
  |                                                                            
  |======================================================================| 100%
  |                                                                            
  |                                                                      |   0%
  |                                                                            
  |======================================================================| 100%
  |                                                                            
  |                                                                      |   0%
  |                                                                            
  |======================================================================| 100%
  |                                                                            
  |                                                                      |   0%
  |                                                                            
  |======================================================================| 100%
  |                                                                            
  |                                                                      |   0%
  |                                                                            
  |======================================================================| 100%
  |                                                                            
  |                                                                      |   0%
  |                                                                            
  |======================================================================| 100%
  |                                                                            
  |                                                                      |   0%
  |                                                                            
  |======================================================================| 100%
  |                                                                            
  |                                                                      |   0%
  |                                                                            
  |======================================================================| 100%
  |                                                                            
  |                                                                      |   0%
  |                                                                            
  |======================================================================| 100%
  |                                                                            
  |                                                                      |   0%
  |                                                                            
  |======================================================================| 100%
  |                                                                            
  |                                                                      |   0%
  |                                                                            
  |===================================                                   |  50%
  |                                                                            
  |======================================================================| 100%
  |                                                                            
  |                                                                      |   0%
  |                                                                            
  |===================================                                   |  50%
  |                                                                            
  |======================================================================| 100%
  |                                                                            
  |                                                                      |   0%
  |                                                                            
  |===================================                                   |  50%
  |                                                                            
  |======================================================================| 100%
  |                                                                            
  |                                                                      |   0%
  |                                                                            
  |===================================                                   |  50%
  |                                                                            
  |======================================================================| 100%
  |                                                                            
  |                                                                      |   0%
  |                                                                            
  |===================================                                   |  50%
  |                                                                            
  |======================================================================| 100%
  |                                                                            
  |                                                                      |   0%
  |                                                                            
  |===================================                                   |  50%
  |                                                                            
  |======================================================================| 100%
  |                                                                            
  |                                                                      |   0%
  |                                                                            
  |===================================                                   |  50%
  |                                                                            
  |======================================================================| 100%
  |                                                                            
  |                                                                      |   0%
  |                                                                            
  |===================================                                   |  50%
  |                                                                            
  |======================================================================| 100%
  |                                                                            
  |                                                                      |   0%
  |                                                                            
  |===================================                                   |  50%
  |                                                                            
  |======================================================================| 100%
  |                                                                            
  |                                                                      |   0%
  |                                                                            
  |===================================                                   |  50%
  |                                                                            
  |======================================================================| 100%
  |                                                                            
  |                                                                      |   0%
  |                                                                            
  |===================================                                   |  50%
  |                                                                            
  |======================================================================| 100%
  |                                                                            
  |                                                                      |   0%
  |                                                                            
  |===================================                                   |  50%
  |                                                                            
  |======================================================================| 100%
[2024-11-09 00:35:56] [TRACE]   [OmnipathR] Reading JSON from `/Users/biocbuild/Library/Caches/OmnipathR/cache.json` (encoding: UTF-8).
[2024-11-09 00:35:56] [TRACE]   [OmnipathR] JSON validation successful: TRUE
[2024-11-09 00:35:56] [INFO]    [OmnipathR] Initialized cache: `/Users/biocbuild/Library/Caches/OmnipathR`.
[2024-11-09 00:35:56] [TRACE]   [OmnipathR] Running on a build server, wiping cache.
[2024-11-09 00:35:56] [TRACE]   [OmnipathR] Cache is at `/Users/biocbuild/Library/Caches/OmnipathR`.
[2024-11-09 00:35:56] [TRACE]   [OmnipathR] Contains 8 files.
[2024-11-09 00:35:56] [TRACE]   [OmnipathR] Cache is locked: FALSE.
[2024-11-09 00:35:56] [TRACE]   [OmnipathR] Reading JSON from `/Users/biocbuild/Library/Caches/OmnipathR/cache.json` (encoding: UTF-8).
[2024-11-09 00:35:56] [TRACE]   [OmnipathR] JSON validation successful: TRUE
[2024-11-09 00:35:56] [SUCCESS] [OmnipathR] Removing all cache contents from `/Users/biocbuild/Library/Caches/OmnipathR`.
[2024-11-09 00:35:56] [TRACE]   [OmnipathR] Pandoc version: `3.1.12.3`.
[2024-11-09 00:35:56] [TRACE]   [OmnipathR] Reading JSON from `/Library/Frameworks/R.framework/Versions/4.4-arm64/Resources/library/OmnipathR/db/db_def.json` (encoding: UTF-8).
[2024-11-09 00:35:56] [TRACE]   [OmnipathR] JSON validation successful: TRUE
[2024-11-09 00:35:56] [TRACE]   [OmnipathR] Reading JSON from `/Library/Frameworks/R.framework/Versions/4.4-arm64/Resources/library/OmnipathR/internal/magic_bytes.json` (encoding: UTF-8).
[2024-11-09 00:35:56] [TRACE]   [OmnipathR] JSON validation successful: TRUE
[2024-11-09 00:35:56] [TRACE]   [OmnipathR] Reading JSON from `/Library/Frameworks/R.framework/Versions/4.4-arm64/Resources/library/OmnipathR/internal/urls.json` (encoding: UTF-8).
[2024-11-09 00:35:56] [TRACE]   [OmnipathR] JSON validation successful: TRUE
[2024-11-09 00:35:56] [TRACE]   [OmnipathR] Reading JSON from `/Library/Frameworks/R.framework/Versions/4.4-arm64/Resources/library/OmnipathR/internal/id_types.json` (encoding: UTF-8).
[2024-11-09 00:35:56] [TRACE]   [OmnipathR] JSON validation successful: TRUE
[2024-11-09 00:35:56] [TRACE]   [OmnipathR] Cache locked: FALSE
[2024-11-09 00:35:56] [TRACE]   [OmnipathR] Reading JSON from `https://omnipathdb.org/resources` (encoding: UTF-8).
[2024-11-09 00:35:56] [TRACE]   [OmnipathR] JSON validation successful: TRUE
[2024-11-09 00:35:57] [TRACE]   [OmnipathR] Reading JSON from `https://omnipathdb.org/resources` (encoding: UTF-8).
[2024-11-09 00:35:57] [TRACE]   [OmnipathR] JSON validation successful: TRUE
[2024-11-09 00:35:57] [INFO]    [OmnipathR] Loading database `Ensembl and OMA organism names`.
[2024-11-09 00:35:57] [TRACE]   [OmnipathR] Reading JSON from `/Users/biocbuild/Library/Caches/OmnipathR/cache.json` (encoding: UTF-8).
[2024-11-09 00:35:57] [TRACE]   [OmnipathR] JSON validation successful: TRUE
[2024-11-09 00:35:57] [INFO]    [OmnipathR] Looking up in cache `https://www.ensembl.org/info/about/species.html`: key=7332486db7400730697234bad76ca0c8e4d00799, no version available.
[2024-11-09 00:35:57] [TRACE]   [OmnipathR] Reading JSON from `/Users/biocbuild/Library/Caches/OmnipathR/cache.json` (encoding: UTF-8).
[2024-11-09 00:35:57] [TRACE]   [OmnipathR] JSON validation successful: TRUE
[2024-11-09 00:35:57] [INFO]    [OmnipathR] Created new version for cache record 7332486db7400730697234bad76ca0c8e4d00799: version 1.
[2024-11-09 00:35:57] [TRACE]   [OmnipathR] Cache file path: /Users/biocbuild/Library/Caches/OmnipathR/7332486db7400730697234bad76ca0c8e4d00799-1.html
[2024-11-09 00:35:57] [INFO]    [OmnipathR] Retrieving URL: `https://www.ensembl.org/info/about/species.html`
[2024-11-09 00:35:57] [TRACE]   [OmnipathR] Attempt 1/3: `https://www.ensembl.org/info/about/species.html`
[2024-11-09 00:35:58] [TRACE]   [OmnipathR] HTTP 200
[2024-11-09 00:35:58] [INFO]    [OmnipathR] Download ready [key=7332486db7400730697234bad76ca0c8e4d00799, version=1]
[2024-11-09 00:35:58] [TRACE]   [OmnipathR] Reading JSON from `/Users/biocbuild/Library/Caches/OmnipathR/cache.json` (encoding: UTF-8).
[2024-11-09 00:35:58] [TRACE]   [OmnipathR] JSON validation successful: TRUE
[2024-11-09 00:35:58] [INFO]    [OmnipathR] Cache item `7332486db7400730697234bad76ca0c8e4d00799` version 1: status changed from `unknown` to `ready`.
[2024-11-09 00:35:58] [TRACE]   [OmnipathR] Looking up in cache: `https://omabrowser.org/All/oma-species.txt`.
[2024-11-09 00:35:58] [INFO]    [OmnipathR] Cache record does not exist: `https://omabrowser.org/All/oma-species.txt`
[2024-11-09 00:35:58] [TRACE]   [OmnipathR] Could not find in cache, initiating download: `https://omabrowser.org/All/oma-species.txt`.
[2024-11-09 00:35:58] [TRACE]   [OmnipathR] Reading JSON from `/Users/biocbuild/Library/Caches/OmnipathR/cache.json` (encoding: UTF-8).
[2024-11-09 00:35:58] [TRACE]   [OmnipathR] JSON validation successful: TRUE
[2024-11-09 00:35:58] [TRACE]   [OmnipathR] Reading JSON from `/Users/biocbuild/Library/Caches/OmnipathR/cache.json` (encoding: UTF-8).
[2024-11-09 00:35:58] [TRACE]   [OmnipathR] JSON validation successful: TRUE
[2024-11-09 00:35:58] [INFO]    [OmnipathR] Cache item `30e690cbb55dfc63b5903ab337f34ffc2f4be397` version 1: status changed from `unknown` to `started`.
[2024-11-09 00:35:58] [TRACE]   [OmnipathR] Exporting object to RDS: `/Users/biocbuild/Library/Caches/OmnipathR/30e690cbb55dfc63b5903ab337f34ffc2f4be397-1.rds`.
[2024-11-09 00:35:58] [INFO]    [OmnipathR] Retrieving URL: `https://omabrowser.org/All/oma-species.txt`
[2024-11-09 00:35:58] [TRACE]   [OmnipathR] Attempt 1/3: `https://omabrowser.org/All/oma-species.txt`
[2024-11-09 00:35:59] [TRACE]   [OmnipathR] Exported RDS to `/Users/biocbuild/Library/Caches/OmnipathR/30e690cbb55dfc63b5903ab337f34ffc2f4be397-1.rds`.
[2024-11-09 00:35:59] [INFO]    [OmnipathR] Download ready [key=30e690cbb55dfc63b5903ab337f34ffc2f4be397, version=1]
[2024-11-09 00:35:59] [TRACE]   [OmnipathR] Reading JSON from `/Users/biocbuild/Library/Caches/OmnipathR/cache.json` (encoding: UTF-8).
[2024-11-09 00:35:59] [TRACE]   [OmnipathR] JSON validation successful: TRUE
[2024-11-09 00:35:59] [INFO]    [OmnipathR] Cache item `30e690cbb55dfc63b5903ab337f34ffc2f4be397` version 1: status changed from `started` to `ready`.
[2024-11-09 00:35:59] [INFO]    [OmnipathR] Loaded database `Ensembl and OMA organism names`.
[2024-11-09 00:35:59] [TRACE]   [OmnipathR] Arguments for OmniPath query: [wide=TRUE,resources=TFcensus,query_type=annotations]
[2024-11-09 00:35:59] [TRACE]   [OmnipathR] Organism(s): 9606
[2024-11-09 00:35:59] [TRACE]   [OmnipathR] Orthology targets: 
[2024-11-09 00:35:59] [TRACE]   [OmnipathR] Reading JSON from `https://omnipathdb.org/resources` (encoding: UTF-8).
[2024-11-09 00:35:59] [TRACE]   [OmnipathR] JSON validation successful: TRUE
[2024-11-09 00:35:59] [TRACE]   [OmnipathR] Looking up in cache: `https://omnipathdb.org/annotations?resources=TFcensus&license=academic`
[2024-11-09 00:35:59] [INFO]    [OmnipathR] Cache record does not exist: `https://omnipathdb.org/annotations?resources=TFcensus&license=academic`
[2024-11-09 00:35:59] [TRACE]   [OmnipathR] Looking up in cache: `http://no-tls.omnipathdb.org/annotations?resources=TFcensus&license=academic`
[2024-11-09 00:35:59] [INFO]    [OmnipathR] Cache record does not exist: `http://no-tls.omnipathdb.org/annotations?resources=TFcensus&license=academic`
[2024-11-09 00:35:59] [TRACE]   [OmnipathR] Attempting `https://omnipathdb.org/annotations?resources=TFcensus&license=academic`
[2024-11-09 00:35:59] [INFO]    [OmnipathR] Retrieving URL: `https://omnipathdb.org/annotations?resources=TFcensus&license=academic`
[2024-11-09 00:35:59] [TRACE]   [OmnipathR] Attempt 1/3: `https://omnipathdb.org/annotations?resources=TFcensus&license=academic`
[2024-11-09 00:36:00] [INFO]    [OmnipathR] Successfully retrieved: `https://omnipathdb.org/annotations?resources=TFcensus&license=academic`
[2024-11-09 00:36:00] [TRACE]   [OmnipathR] Reading JSON from `/Users/biocbuild/Library/Caches/OmnipathR/cache.json` (encoding: UTF-8).
[2024-11-09 00:36:00] [TRACE]   [OmnipathR] JSON validation successful: TRUE
[2024-11-09 00:36:00] [TRACE]   [OmnipathR] Reading JSON from `/Users/biocbuild/Library/Caches/OmnipathR/cache.json` (encoding: UTF-8).
[2024-11-09 00:36:00] [TRACE]   [OmnipathR] JSON validation successful: TRUE
[2024-11-09 00:36:00] [INFO]    [OmnipathR] Cache item `6f000d9b5edd9832b1c28754d1c3d9449c1c7490` version 1: status changed from `unknown` to `started`.
[2024-11-09 00:36:00] [TRACE]   [OmnipathR] Exporting object to RDS: `/Users/biocbuild/Library/Caches/OmnipathR/6f000d9b5edd9832b1c28754d1c3d9449c1c7490-1.rds`.
[2024-11-09 00:36:00] [TRACE]   [OmnipathR] Exported RDS to `/Users/biocbuild/Library/Caches/OmnipathR/6f000d9b5edd9832b1c28754d1c3d9449c1c7490-1.rds`.
[2024-11-09 00:36:00] [INFO]    [OmnipathR] Download ready [key=6f000d9b5edd9832b1c28754d1c3d9449c1c7490, version=1]
[2024-11-09 00:36:00] [TRACE]   [OmnipathR] Reading JSON from `/Users/biocbuild/Library/Caches/OmnipathR/cache.json` (encoding: UTF-8).
[2024-11-09 00:36:00] [TRACE]   [OmnipathR] JSON validation successful: TRUE
[2024-11-09 00:36:00] [INFO]    [OmnipathR] Cache item `6f000d9b5edd9832b1c28754d1c3d9449c1c7490` version 1: status changed from `started` to `ready`.
[2024-11-09 00:36:00] [SUCCESS] [OmnipathR] Downloaded 3099 annotation records.
[2024-11-09 00:36:00] [TRACE]   [OmnipathR] Reading JSON from `https://omnipathdb.org/resources` (encoding: UTF-8).
[2024-11-09 00:36:00] [TRACE]   [OmnipathR] JSON validation successful: TRUE
[2024-11-09 00:36:00] [TRACE]   [OmnipathR] Arguments for OmniPath query: [wide=TRUE,resources=PROGENy,query_type=annotations]
[2024-11-09 00:36:00] [TRACE]   [OmnipathR] Organism(s): 9606
[2024-11-09 00:36:00] [TRACE]   [OmnipathR] Orthology targets: 
[2024-11-09 00:36:01] [TRACE]   [OmnipathR] Reading JSON from `https://omnipathdb.org/resources` (encoding: UTF-8).
[2024-11-09 00:36:01] [TRACE]   [OmnipathR] JSON validation successful: TRUE
[2024-11-09 00:36:01] [TRACE]   [OmnipathR] Looking up in cache: `https://omnipathdb.org/annotations?resources=PROGENy&license=academic`
[2024-11-09 00:36:01] [INFO]    [OmnipathR] Cache record does not exist: `https://omnipathdb.org/annotations?resources=PROGENy&license=academic`
[2024-11-09 00:36:01] [TRACE]   [OmnipathR] Looking up in cache: `http://no-tls.omnipathdb.org/annotations?resources=PROGENy&license=academic`
[2024-11-09 00:36:01] [INFO]    [OmnipathR] Cache record does not exist: `http://no-tls.omnipathdb.org/annotations?resources=PROGENy&license=academic`
[2024-11-09 00:36:01] [TRACE]   [OmnipathR] Attempting `https://omnipathdb.org/annotations?resources=PROGENy&license=academic`
[2024-11-09 00:36:01] [INFO]    [OmnipathR] Retrieving URL: `https://omnipathdb.org/annotations?resources=PROGENy&license=academic`
[2024-11-09 00:36:01] [TRACE]   [OmnipathR] Attempt 1/3: `https://omnipathdb.org/annotations?resources=PROGENy&license=academic`
[2024-11-09 00:36:08] [INFO]    [OmnipathR] Successfully retrieved: `https://omnipathdb.org/annotations?resources=PROGENy&license=academic`
[2024-11-09 00:36:08] [TRACE]   [OmnipathR] Reading JSON from `/Users/biocbuild/Library/Caches/OmnipathR/cache.json` (encoding: UTF-8).
[2024-11-09 00:36:08] [TRACE]   [OmnipathR] JSON validation successful: TRUE
[2024-11-09 00:36:08] [TRACE]   [OmnipathR] Reading JSON from `/Users/biocbuild/Library/Caches/OmnipathR/cache.json` (encoding: UTF-8).
[2024-11-09 00:36:08] [TRACE]   [OmnipathR] JSON validation successful: TRUE
[2024-11-09 00:36:08] [INFO]    [OmnipathR] Cache item `3492392585ba05414edfae46801492076437d7e7` version 1: status changed from `unknown` to `started`.
[2024-11-09 00:36:08] [TRACE]   [OmnipathR] Exporting object to RDS: `/Users/biocbuild/Library/Caches/OmnipathR/3492392585ba05414edfae46801492076437d7e7-1.rds`.
[2024-11-09 00:36:09] [TRACE]   [OmnipathR] Exported RDS to `/Users/biocbuild/Library/Caches/OmnipathR/3492392585ba05414edfae46801492076437d7e7-1.rds`.
[2024-11-09 00:36:09] [INFO]    [OmnipathR] Download ready [key=3492392585ba05414edfae46801492076437d7e7, version=1]
[2024-11-09 00:36:09] [TRACE]   [OmnipathR] Reading JSON from `/Users/biocbuild/Library/Caches/OmnipathR/cache.json` (encoding: UTF-8).
[2024-11-09 00:36:09] [TRACE]   [OmnipathR] JSON validation successful: TRUE
[2024-11-09 00:36:09] [INFO]    [OmnipathR] Cache item `3492392585ba05414edfae46801492076437d7e7` version 1: status changed from `started` to `ready`.
[2024-11-09 00:36:09] [SUCCESS] [OmnipathR] Downloaded 700239 annotation records.
[2024-11-09 00:36:11] [TRACE]   [OmnipathR] Reading JSON from `https://omnipathdb.org/resources` (encoding: UTF-8).
[2024-11-09 00:36:11] [TRACE]   [OmnipathR] JSON validation successful: TRUE
[2024-11-09 00:36:11] [TRACE]   [OmnipathR] Arguments for OmniPath query: [wide=TRUE,resources=PROGENy,query_type=annotations]
[2024-11-09 00:36:11] [TRACE]   [OmnipathR] Organism(s): 9606
[2024-11-09 00:36:11] [TRACE]   [OmnipathR] Orthology targets: 
[2024-11-09 00:36:11] [TRACE]   [OmnipathR] Reading JSON from `https://omnipathdb.org/resources` (encoding: UTF-8).
[2024-11-09 00:36:11] [TRACE]   [OmnipathR] JSON validation successful: TRUE
[2024-11-09 00:36:11] [TRACE]   [OmnipathR] Looking up in cache: `https://omnipathdb.org/annotations?resources=PROGENy&license=academic`
[2024-11-09 00:36:12] [TRACE]   [OmnipathR] Loaded data from RDS `/Users/biocbuild/Library/Caches/OmnipathR/3492392585ba05414edfae46801492076437d7e7-1.rds`.
[2024-11-09 00:36:12] [INFO]    [OmnipathR] Loaded from cache: `https://omnipathdb.org/annotations?resources=PROGENy&license=academic`
[2024-11-09 00:36:12] [SUCCESS] [OmnipathR] Loaded 700239 annotation records from cache.
[2024-11-09 00:36:13] [INFO]    [OmnipathR] Loading database `Orthologous Matrix (OMA) gene pairs`.
[2024-11-09 00:36:13] [TRACE]   [OmnipathR] Looking up in cache: `https://omabrowser.org/All/oma-species.txt`.
[2024-11-09 00:36:13] [TRACE]   [OmnipathR] Loaded data from RDS `/Users/biocbuild/Library/Caches/OmnipathR/30e690cbb55dfc63b5903ab337f34ffc2f4be397-1.rds`.
[2024-11-09 00:36:13] [TRACE]   [OmnipathR] Looking up in cache: `https://omabrowser.org/All/oma-species.txt`.
[2024-11-09 00:36:13] [TRACE]   [OmnipathR] Loaded data from RDS `/Users/biocbuild/Library/Caches/OmnipathR/30e690cbb55dfc63b5903ab337f34ffc2f4be397-1.rds`.
[2024-11-09 00:36:13] [TRACE]   [OmnipathR] Looking up in cache: `https://omabrowser.org/api/pairs/HUMAN/MOUSE/?format=tsv&xrefs=UniProtKB%2FSwissProt&per_page=2000000`.
[2024-11-09 00:36:13] [INFO]    [OmnipathR] Cache record does not exist: `https://omabrowser.org/api/pairs/HUMAN/MOUSE/?format=tsv&xrefs=UniProtKB%2FSwissProt&per_page=2000000`
[2024-11-09 00:36:13] [TRACE]   [OmnipathR] Could not find in cache, initiating download: `https://omabrowser.org/api/pairs/HUMAN/MOUSE/?format=tsv&xrefs=UniProtKB%2FSwissProt&per_page=2000000`.
[2024-11-09 00:36:13] [TRACE]   [OmnipathR] Reading JSON from `/Users/biocbuild/Library/Caches/OmnipathR/cache.json` (encoding: UTF-8).
[2024-11-09 00:36:13] [TRACE]   [OmnipathR] JSON validation successful: TRUE
[2024-11-09 00:36:13] [TRACE]   [OmnipathR] Reading JSON from `/Users/biocbuild/Library/Caches/OmnipathR/cache.json` (encoding: UTF-8).
[2024-11-09 00:36:13] [TRACE]   [OmnipathR] JSON validation successful: TRUE
[2024-11-09 00:36:13] [INFO]    [OmnipathR] Cache item `8f45b25c384d814c7de210e7ca40b7e35894e4f1` version 1: status changed from `unknown` to `started`.
[2024-11-09 00:36:13] [TRACE]   [OmnipathR] Exporting object to RDS: `/Users/biocbuild/Library/Caches/OmnipathR/8f45b25c384d814c7de210e7ca40b7e35894e4f1-1.rds`.
[2024-11-09 00:36:13] [INFO]    [OmnipathR] Retrieving URL: `https://omabrowser.org/api/pairs/HUMAN/MOUSE/?format=tsv&xrefs=UniProtKB%2FSwissProt&per_page=2000000`
[2024-11-09 00:36:13] [TRACE]   [OmnipathR] Attempt 1/3: `https://omabrowser.org/api/pairs/HUMAN/MOUSE/?format=tsv&xrefs=UniProtKB%2FSwissProt&per_page=2000000`
[2024-11-09 00:36:39] [TRACE]   [OmnipathR] Exported RDS to `/Users/biocbuild/Library/Caches/OmnipathR/8f45b25c384d814c7de210e7ca40b7e35894e4f1-1.rds`.
[2024-11-09 00:36:39] [INFO]    [OmnipathR] Download ready [key=8f45b25c384d814c7de210e7ca40b7e35894e4f1, version=1]
[2024-11-09 00:36:39] [TRACE]   [OmnipathR] Reading JSON from `/Users/biocbuild/Library/Caches/OmnipathR/cache.json` (encoding: UTF-8).
[2024-11-09 00:36:39] [TRACE]   [OmnipathR] JSON validation successful: TRUE
[2024-11-09 00:36:39] [INFO]    [OmnipathR] Cache item `8f45b25c384d814c7de210e7ca40b7e35894e4f1` version 1: status changed from `started` to `ready`.
[2024-11-09 00:36:39] [TRACE]   [OmnipathR] ID translation table: from `uniprot_entry` to `uniprot`, using `uniprot`.
[2024-11-09 00:36:39] [TRACE]   [OmnipathR] Creating ID mapping table from `id` to `accession`, for organism 9606 (only reviewed: TRUE)
[2024-11-09 00:36:39] [TRACE]   [OmnipathR] Loading all UniProt records for organism 9606 (only reviewed: TRUE); fields: id,accession
[2024-11-09 00:36:39] [TRACE]   [OmnipathR] Looking up in cache: `https://rest.uniprot.org/uniprotkb/stream?format=tsv&fields=id,accession&query=organism_id:9606%20AND%20reviewed:true`.
[2024-11-09 00:36:39] [INFO]    [OmnipathR] Cache record does not exist: `https://rest.uniprot.org/uniprotkb/stream?format=tsv&fields=id,accession&query=organism_id:9606%20AND%20reviewed:true`
[2024-11-09 00:36:39] [TRACE]   [OmnipathR] Could not find in cache, initiating download: `https://rest.uniprot.org/uniprotkb/stream?format=tsv&fields=id,accession&query=organism_id:9606%20AND%20reviewed:true`.
[2024-11-09 00:36:39] [TRACE]   [OmnipathR] Reading JSON from `/Users/biocbuild/Library/Caches/OmnipathR/cache.json` (encoding: UTF-8).
[2024-11-09 00:36:39] [TRACE]   [OmnipathR] JSON validation successful: TRUE
[2024-11-09 00:36:39] [TRACE]   [OmnipathR] Reading JSON from `/Users/biocbuild/Library/Caches/OmnipathR/cache.json` (encoding: UTF-8).
[2024-11-09 00:36:39] [TRACE]   [OmnipathR] JSON validation successful: TRUE
[2024-11-09 00:36:39] [INFO]    [OmnipathR] Cache item `6558a1824894a625b8e3f80538cd3aa6e8a44379` version 1: status changed from `unknown` to `started`.
[2024-11-09 00:36:39] [TRACE]   [OmnipathR] Exporting object to RDS: `/Users/biocbuild/Library/Caches/OmnipathR/6558a1824894a625b8e3f80538cd3aa6e8a44379-1.rds`.
[2024-11-09 00:36:39] [INFO]    [OmnipathR] Retrieving URL: `https://rest.uniprot.org/uniprotkb/stream?format=tsv&fields=id,accession&query=organism_id:9606%20AND%20reviewed:true`
[2024-11-09 00:36:39] [TRACE]   [OmnipathR] Attempt 1/3: `https://rest.uniprot.org/uniprotkb/stream?format=tsv&fields=id,accession&query=organism_id:9606%20AND%20reviewed:true`
[2024-11-09 00:36:57] [TRACE]   [OmnipathR] Exported RDS to `/Users/biocbuild/Library/Caches/OmnipathR/6558a1824894a625b8e3f80538cd3aa6e8a44379-1.rds`.
[2024-11-09 00:36:57] [INFO]    [OmnipathR] Download ready [key=6558a1824894a625b8e3f80538cd3aa6e8a44379, version=1]
[2024-11-09 00:36:57] [TRACE]   [OmnipathR] Reading JSON from `/Users/biocbuild/Library/Caches/OmnipathR/cache.json` (encoding: UTF-8).
[2024-11-09 00:36:57] [TRACE]   [OmnipathR] JSON validation successful: TRUE
[2024-11-09 00:36:57] [INFO]    [OmnipathR] Cache item `6558a1824894a625b8e3f80538cd3aa6e8a44379` version 1: status changed from `started` to `ready`.
[2024-11-09 00:36:57] [SUCCESS] [OmnipathR] UniProt (rest.uniprot.org): downloaded 20428 records
[2024-11-09 00:36:58] [TRACE]   [OmnipathR] Translating complexes: 0 complexes in data.
[2024-11-09 00:36:58] [TRACE]   [OmnipathR] 0 complexes after removing the ones mapping to more than 1 items in target identifier space.
[2024-11-09 00:36:58] [TRACE]   [OmnipathR] Translated 0 complexes to 0.
[2024-11-09 00:36:58] [TRACE]   [OmnipathR] 13774 rows before translation, 13774 uniprot_entry IDs in column `id_organism_a`.
[2024-11-09 00:36:58] [TRACE]   [OmnipathR] 13774 rows after translation; translated 13575 `uniprot_entry` IDs in column `id_organism_a` to 13575 `uniprot` IDs in column `id_organism_a`.
[2024-11-09 00:36:58] [TRACE]   [OmnipathR] ID translation table: from `uniprot_entry` to `uniprot`, using `uniprot`.
[2024-11-09 00:36:58] [TRACE]   [OmnipathR] Creating ID mapping table from `id` to `accession`, for organism 10090 (only reviewed: TRUE)
[2024-11-09 00:36:58] [TRACE]   [OmnipathR] Loading all UniProt records for organism 10090 (only reviewed: TRUE); fields: id,accession
[2024-11-09 00:36:58] [TRACE]   [OmnipathR] Looking up in cache: `https://rest.uniprot.org/uniprotkb/stream?format=tsv&fields=id,accession&query=organism_id:10090%20AND%20reviewed:true`.
[2024-11-09 00:36:58] [INFO]    [OmnipathR] Cache record does not exist: `https://rest.uniprot.org/uniprotkb/stream?format=tsv&fields=id,accession&query=organism_id:10090%20AND%20reviewed:true`
[2024-11-09 00:36:58] [TRACE]   [OmnipathR] Could not find in cache, initiating download: `https://rest.uniprot.org/uniprotkb/stream?format=tsv&fields=id,accession&query=organism_id:10090%20AND%20reviewed:true`.
[2024-11-09 00:36:58] [TRACE]   [OmnipathR] Reading JSON from `/Users/biocbuild/Library/Caches/OmnipathR/cache.json` (encoding: UTF-8).
[2024-11-09 00:36:58] [TRACE]   [OmnipathR] JSON validation successful: TRUE
[2024-11-09 00:36:58] [TRACE]   [OmnipathR] Reading JSON from `/Users/biocbuild/Library/Caches/OmnipathR/cache.json` (encoding: UTF-8).
[2024-11-09 00:36:58] [TRACE]   [OmnipathR] JSON validation successful: TRUE
[2024-11-09 00:36:58] [INFO]    [OmnipathR] Cache item `43ea5f2cdaa9ac7e0e114371af97235cdddd776f` version 1: status changed from `unknown` to `started`.
[2024-11-09 00:36:58] [TRACE]   [OmnipathR] Exporting object to RDS: `/Users/biocbuild/Library/Caches/OmnipathR/43ea5f2cdaa9ac7e0e114371af97235cdddd776f-1.rds`.
[2024-11-09 00:36:58] [INFO]    [OmnipathR] Retrieving URL: `https://rest.uniprot.org/uniprotkb/stream?format=tsv&fields=id,accession&query=organism_id:10090%20AND%20reviewed:true`
[2024-11-09 00:36:58] [TRACE]   [OmnipathR] Attempt 1/3: `https://rest.uniprot.org/uniprotkb/stream?format=tsv&fields=id,accession&query=organism_id:10090%20AND%20reviewed:true`
[2024-11-09 00:37:08] [TRACE]   [OmnipathR] Exported RDS to `/Users/biocbuild/Library/Caches/OmnipathR/43ea5f2cdaa9ac7e0e114371af97235cdddd776f-1.rds`.
[2024-11-09 00:37:08] [INFO]    [OmnipathR] Download ready [key=43ea5f2cdaa9ac7e0e114371af97235cdddd776f, version=1]
[2024-11-09 00:37:08] [TRACE]   [OmnipathR] Reading JSON from `/Users/biocbuild/Library/Caches/OmnipathR/cache.json` (encoding: UTF-8).
[2024-11-09 00:37:08] [TRACE]   [OmnipathR] JSON validation successful: TRUE
[2024-11-09 00:37:08] [INFO]    [OmnipathR] Cache item `43ea5f2cdaa9ac7e0e114371af97235cdddd776f` version 1: status changed from `started` to `ready`.
[2024-11-09 00:37:08] [SUCCESS] [OmnipathR] UniProt (rest.uniprot.org): downloaded 17221 records
[2024-11-09 00:37:09] [TRACE]   [OmnipathR] Translating complexes: 0 complexes in data.
[2024-11-09 00:37:09] [TRACE]   [OmnipathR] 0 complexes after removing the ones mapping to more than 1 items in target identifier space.
[2024-11-09 00:37:09] [TRACE]   [OmnipathR] Translated 0 complexes to 0.
[2024-11-09 00:37:09] [TRACE]   [OmnipathR] 13774 rows before translation, 13773 uniprot_entry IDs in column `id_organism_b`.
[2024-11-09 00:37:09] [TRACE]   [OmnipathR] 13774 rows after translation; translated 13279 `uniprot_entry` IDs in column `id_organism_b` to 13279 `uniprot` IDs in column `id_organism_b`.
[2024-11-09 00:37:09] [INFO]    [OmnipathR] Loaded database `Orthologous Matrix (OMA) gene pairs`.
[2024-11-09 00:37:09] [TRACE]   [OmnipathR] ID translation table: from `uniprot` to `genesymbol`, using `uniprot`.
[2024-11-09 00:37:09] [TRACE]   [OmnipathR] Creating ID mapping table from `accession` to `gene_primary`, for organism 10090 (only reviewed: TRUE)
[2024-11-09 00:37:09] [TRACE]   [OmnipathR] Loading all UniProt records for organism 10090 (only reviewed: TRUE); fields: accession,gene_primary
[2024-11-09 00:37:09] [TRACE]   [OmnipathR] Looking up in cache: `https://rest.uniprot.org/uniprotkb/stream?format=tsv&fields=accession,gene_primary&query=organism_id:10090%20AND%20reviewed:true`.
[2024-11-09 00:37:09] [INFO]    [OmnipathR] Cache record does not exist: `https://rest.uniprot.org/uniprotkb/stream?format=tsv&fields=accession,gene_primary&query=organism_id:10090%20AND%20reviewed:true`
[2024-11-09 00:37:09] [TRACE]   [OmnipathR] Could not find in cache, initiating download: `https://rest.uniprot.org/uniprotkb/stream?format=tsv&fields=accession,gene_primary&query=organism_id:10090%20AND%20reviewed:true`.
[2024-11-09 00:37:09] [TRACE]   [OmnipathR] Reading JSON from `/Users/biocbuild/Library/Caches/OmnipathR/cache.json` (encoding: UTF-8).
[2024-11-09 00:37:09] [TRACE]   [OmnipathR] JSON validation successful: TRUE
[2024-11-09 00:37:09] [TRACE]   [OmnipathR] Reading JSON from `/Users/biocbuild/Library/Caches/OmnipathR/cache.json` (encoding: UTF-8).
[2024-11-09 00:37:09] [TRACE]   [OmnipathR] JSON validation successful: TRUE
[2024-11-09 00:37:09] [INFO]    [OmnipathR] Cache item `3ec84ba713c02573704adb50f1a94dab684df34b` version 1: status changed from `unknown` to `started`.
[2024-11-09 00:37:09] [TRACE]   [OmnipathR] Exporting object to RDS: `/Users/biocbuild/Library/Caches/OmnipathR/3ec84ba713c02573704adb50f1a94dab684df34b-1.rds`.
[2024-11-09 00:37:09] [INFO]    [OmnipathR] Retrieving URL: `https://rest.uniprot.org/uniprotkb/stream?format=tsv&fields=accession,gene_primary&query=organism_id:10090%20AND%20reviewed:true`
[2024-11-09 00:37:09] [TRACE]   [OmnipathR] Attempt 1/3: `https://rest.uniprot.org/uniprotkb/stream?format=tsv&fields=accession,gene_primary&query=organism_id:10090%20AND%20reviewed:true`
[2024-11-09 00:37:19] [TRACE]   [OmnipathR] Exported RDS to `/Users/biocbuild/Library/Caches/OmnipathR/3ec84ba713c02573704adb50f1a94dab684df34b-1.rds`.
[2024-11-09 00:37:19] [INFO]    [OmnipathR] Download ready [key=3ec84ba713c02573704adb50f1a94dab684df34b, version=1]
[2024-11-09 00:37:19] [TRACE]   [OmnipathR] Reading JSON from `/Users/biocbuild/Library/Caches/OmnipathR/cache.json` (encoding: UTF-8).
[2024-11-09 00:37:19] [TRACE]   [OmnipathR] JSON validation successful: TRUE
[2024-11-09 00:37:19] [INFO]    [OmnipathR] Cache item `3ec84ba713c02573704adb50f1a94dab684df34b` version 1: status changed from `started` to `ready`.
[2024-11-09 00:37:19] [SUCCESS] [OmnipathR] UniProt (rest.uniprot.org): downloaded 17221 records
[2024-11-09 00:37:19] [TRACE]   [OmnipathR] Translating complexes: 0 complexes in data.
[2024-11-09 00:37:19] [TRACE]   [OmnipathR] 0 complexes after removing the ones mapping to more than 1 items in target identifier space.
[2024-11-09 00:37:19] [TRACE]   [OmnipathR] Translated 0 complexes to 0.
[2024-11-09 00:37:19] [TRACE]   [OmnipathR] 164253 rows before translation, 12883 uniprot IDs in column `uniprot`.
[2024-11-09 00:37:19] [TRACE]   [OmnipathR] 164253 rows after translation; translated 12883 `uniprot` IDs in column `uniprot` to 12793 `genesymbol` IDs in column `genesymbol`.
[2024-11-09 00:37:20] [TRACE]   [OmnipathR] Arguments for OmniPath query: [dorothea_levels=[A,B,C,D],genesymbols=TRUE,organisms=9606,query_type=interactions,datasets=dorothea]
[2024-11-09 00:37:20] [TRACE]   [OmnipathR] Organism(s): 9606
[2024-11-09 00:37:20] [TRACE]   [OmnipathR] Orthology targets: 
[2024-11-09 00:37:20] [TRACE]   [OmnipathR] Looking up in cache: `https://omnipathdb.org/interactions?genesymbols=yes&datasets=dorothea&organisms=9606&dorothea_levels=A,B,C,D&fields=sources,references,curation_effort,dorothea_level&license=academic`
[2024-11-09 00:37:20] [INFO]    [OmnipathR] Cache record does not exist: `https://omnipathdb.org/interactions?genesymbols=yes&datasets=dorothea&organisms=9606&dorothea_levels=A,B,C,D&fields=sources,references,curation_effort,dorothea_level&license=academic`
[2024-11-09 00:37:20] [TRACE]   [OmnipathR] Looking up in cache: `http://no-tls.omnipathdb.org/interactions?genesymbols=yes&datasets=dorothea&organisms=9606&dorothea_levels=A,B,C,D&fields=sources,references,curation_effort,dorothea_level&license=academic`
[2024-11-09 00:37:20] [INFO]    [OmnipathR] Cache record does not exist: `http://no-tls.omnipathdb.org/interactions?genesymbols=yes&datasets=dorothea&organisms=9606&dorothea_levels=A,B,C,D&fields=sources,references,curation_effort,dorothea_level&license=academic`
[2024-11-09 00:37:20] [TRACE]   [OmnipathR] Attempting `https://omnipathdb.org/interactions?genesymbols=yes&datasets=dorothea&organisms=9606&dorothea_levels=A,B,C,D&fields=sources,references,curation_effort,dorothea_level&license=academic`
[2024-11-09 00:37:20] [INFO]    [OmnipathR] Retrieving URL: `https://omnipathdb.org/interactions?genesymbols=yes&datasets=dorothea&organisms=9606&dorothea_levels=A,B,C,D&fields=sources,references,curation_effort,dorothea_level&license=academic`
[2024-11-09 00:37:20] [TRACE]   [OmnipathR] Attempt 1/3: `https://omnipathdb.org/interactions?genesymbols=yes&datasets=dorothea&organisms=9606&dorothea_levels=A,B,C,D&fields=sources,references,curation_effort,dorothea_level&license=academic`
[2024-11-09 00:37:23] [INFO]    [OmnipathR] Successfully retrieved: `https://omnipathdb.org/interactions?genesymbols=yes&datasets=dorothea&organisms=9606&dorothea_levels=A,B,C,D&fields=sources,references,curation_effort,dorothea_level&license=academic`
[2024-11-09 00:37:23] [TRACE]   [OmnipathR] Reading JSON from `/Users/biocbuild/Library/Caches/OmnipathR/cache.json` (encoding: UTF-8).
[2024-11-09 00:37:23] [TRACE]   [OmnipathR] JSON validation successful: TRUE
[2024-11-09 00:37:23] [TRACE]   [OmnipathR] Reading JSON from `/Users/biocbuild/Library/Caches/OmnipathR/cache.json` (encoding: UTF-8).
[2024-11-09 00:37:23] [TRACE]   [OmnipathR] JSON validation successful: TRUE
[2024-11-09 00:37:23] [INFO]    [OmnipathR] Cache item `46d37339bbc3f9a05bb89ccb79278cf1233f5cdf` version 1: status changed from `unknown` to `started`.
[2024-11-09 00:37:23] [TRACE]   [OmnipathR] Exporting object to RDS: `/Users/biocbuild/Library/Caches/OmnipathR/46d37339bbc3f9a05bb89ccb79278cf1233f5cdf-1.rds`.
[2024-11-09 00:37:24] [TRACE]   [OmnipathR] Exported RDS to `/Users/biocbuild/Library/Caches/OmnipathR/46d37339bbc3f9a05bb89ccb79278cf1233f5cdf-1.rds`.
[2024-11-09 00:37:24] [INFO]    [OmnipathR] Download ready [key=46d37339bbc3f9a05bb89ccb79278cf1233f5cdf, version=1]
[2024-11-09 00:37:24] [TRACE]   [OmnipathR] Reading JSON from `/Users/biocbuild/Library/Caches/OmnipathR/cache.json` (encoding: UTF-8).
[2024-11-09 00:37:24] [TRACE]   [OmnipathR] JSON validation successful: TRUE
[2024-11-09 00:37:24] [INFO]    [OmnipathR] Cache item `46d37339bbc3f9a05bb89ccb79278cf1233f5cdf` version 1: status changed from `started` to `ready`.
[2024-11-09 00:37:27] [SUCCESS] [OmnipathR] Downloaded 278830 interactions.
[2024-11-09 00:37:30] [TRACE]   [OmnipathR] Arguments for OmniPath query: [dorothea_levels=[A,B,C,D],genesymbols=TRUE,organisms=10090,query_type=interactions,datasets=dorothea]
[2024-11-09 00:37:30] [TRACE]   [OmnipathR] Organism(s): 10090
[2024-11-09 00:37:30] [TRACE]   [OmnipathR] Orthology targets: 
[2024-11-09 00:37:30] [TRACE]   [OmnipathR] Looking up in cache: `https://omnipathdb.org/interactions?genesymbols=yes&datasets=dorothea&organisms=10090&dorothea_levels=A,B,C,D&fields=sources,references,curation_effort,dorothea_level&license=academic`
[2024-11-09 00:37:30] [INFO]    [OmnipathR] Cache record does not exist: `https://omnipathdb.org/interactions?genesymbols=yes&datasets=dorothea&organisms=10090&dorothea_levels=A,B,C,D&fields=sources,references,curation_effort,dorothea_level&license=academic`
[2024-11-09 00:37:30] [TRACE]   [OmnipathR] Looking up in cache: `http://no-tls.omnipathdb.org/interactions?genesymbols=yes&datasets=dorothea&organisms=10090&dorothea_levels=A,B,C,D&fields=sources,references,curation_effort,dorothea_level&license=academic`
[2024-11-09 00:37:30] [INFO]    [OmnipathR] Cache record does not exist: `http://no-tls.omnipathdb.org/interactions?genesymbols=yes&datasets=dorothea&organisms=10090&dorothea_levels=A,B,C,D&fields=sources,references,curation_effort,dorothea_level&license=academic`
[2024-11-09 00:37:30] [TRACE]   [OmnipathR] Attempting `https://omnipathdb.org/interactions?genesymbols=yes&datasets=dorothea&organisms=10090&dorothea_levels=A,B,C,D&fields=sources,references,curation_effort,dorothea_level&license=academic`
[2024-11-09 00:37:30] [INFO]    [OmnipathR] Retrieving URL: `https://omnipathdb.org/interactions?genesymbols=yes&datasets=dorothea&organisms=10090&dorothea_levels=A,B,C,D&fields=sources,references,curation_effort,dorothea_level&license=academic`
[2024-11-09 00:37:30] [TRACE]   [OmnipathR] Attempt 1/3: `https://omnipathdb.org/interactions?genesymbols=yes&datasets=dorothea&organisms=10090&dorothea_levels=A,B,C,D&fields=sources,references,curation_effort,dorothea_level&license=academic`
[2024-11-09 00:37:33] [INFO]    [OmnipathR] Successfully retrieved: `https://omnipathdb.org/interactions?genesymbols=yes&datasets=dorothea&organisms=10090&dorothea_levels=A,B,C,D&fields=sources,references,curation_effort,dorothea_level&license=academic`
[2024-11-09 00:37:33] [TRACE]   [OmnipathR] Reading JSON from `/Users/biocbuild/Library/Caches/OmnipathR/cache.json` (encoding: UTF-8).
[2024-11-09 00:37:33] [TRACE]   [OmnipathR] JSON validation successful: TRUE
[2024-11-09 00:37:33] [TRACE]   [OmnipathR] Reading JSON from `/Users/biocbuild/Library/Caches/OmnipathR/cache.json` (encoding: UTF-8).
[2024-11-09 00:37:33] [TRACE]   [OmnipathR] JSON validation successful: TRUE
[2024-11-09 00:37:33] [INFO]    [OmnipathR] Cache item `ff347dedf78ef5e38c9c6d8eed291fa901aa3791` version 1: status changed from `unknown` to `started`.
[2024-11-09 00:37:33] [TRACE]   [OmnipathR] Exporting object to RDS: `/Users/biocbuild/Library/Caches/OmnipathR/ff347dedf78ef5e38c9c6d8eed291fa901aa3791-1.rds`.
[2024-11-09 00:37:33] [TRACE]   [OmnipathR] Exported RDS to `/Users/biocbuild/Library/Caches/OmnipathR/ff347dedf78ef5e38c9c6d8eed291fa901aa3791-1.rds`.
[2024-11-09 00:37:33] [INFO]    [OmnipathR] Download ready [key=ff347dedf78ef5e38c9c6d8eed291fa901aa3791, version=1]
[2024-11-09 00:37:33] [TRACE]   [OmnipathR] Reading JSON from `/Users/biocbuild/Library/Caches/OmnipathR/cache.json` (encoding: UTF-8).
[2024-11-09 00:37:33] [TRACE]   [OmnipathR] JSON validation successful: TRUE
[2024-11-09 00:37:33] [INFO]    [OmnipathR] Cache item `ff347dedf78ef5e38c9c6d8eed291fa901aa3791` version 1: status changed from `started` to `ready`.
[2024-11-09 00:37:35] [SUCCESS] [OmnipathR] Downloaded 234298 interactions.
[2024-11-09 00:37:38] [TRACE]   [OmnipathR] Arguments for OmniPath query: [loops=TRUE,organisms=9606,genesymbols=TRUE,query_type=interactions,datasets=collectri]
[2024-11-09 00:37:38] [TRACE]   [OmnipathR] Organism(s): 9606
[2024-11-09 00:37:38] [TRACE]   [OmnipathR] Orthology targets: 
[2024-11-09 00:37:38] [TRACE]   [OmnipathR] Looking up in cache: `https://omnipathdb.org/interactions?genesymbols=yes&datasets=collectri&organisms=9606&fields=sources,references,curation_effort&loops=yes&license=academic`
[2024-11-09 00:37:38] [INFO]    [OmnipathR] Cache record does not exist: `https://omnipathdb.org/interactions?genesymbols=yes&datasets=collectri&organisms=9606&fields=sources,references,curation_effort&loops=yes&license=academic`
[2024-11-09 00:37:38] [TRACE]   [OmnipathR] Looking up in cache: `http://no-tls.omnipathdb.org/interactions?genesymbols=yes&datasets=collectri&organisms=9606&fields=sources,references,curation_effort&loops=yes&license=academic`
[2024-11-09 00:37:38] [INFO]    [OmnipathR] Cache record does not exist: `http://no-tls.omnipathdb.org/interactions?genesymbols=yes&datasets=collectri&organisms=9606&fields=sources,references,curation_effort&loops=yes&license=academic`
[2024-11-09 00:37:38] [TRACE]   [OmnipathR] Attempting `https://omnipathdb.org/interactions?genesymbols=yes&datasets=collectri&organisms=9606&fields=sources,references,curation_effort&loops=yes&license=academic`
[2024-11-09 00:37:38] [INFO]    [OmnipathR] Retrieving URL: `https://omnipathdb.org/interactions?genesymbols=yes&datasets=collectri&organisms=9606&fields=sources,references,curation_effort&loops=yes&license=academic`
[2024-11-09 00:37:38] [TRACE]   [OmnipathR] Attempt 1/3: `https://omnipathdb.org/interactions?genesymbols=yes&datasets=collectri&organisms=9606&fields=sources,references,curation_effort&loops=yes&license=academic`
[2024-11-09 00:37:40] [INFO]    [OmnipathR] Successfully retrieved: `https://omnipathdb.org/interactions?genesymbols=yes&datasets=collectri&organisms=9606&fields=sources,references,curation_effort&loops=yes&license=academic`
[2024-11-09 00:37:40] [TRACE]   [OmnipathR] Reading JSON from `/Users/biocbuild/Library/Caches/OmnipathR/cache.json` (encoding: UTF-8).
[2024-11-09 00:37:40] [TRACE]   [OmnipathR] JSON validation successful: TRUE
[2024-11-09 00:37:40] [TRACE]   [OmnipathR] Reading JSON from `/Users/biocbuild/Library/Caches/OmnipathR/cache.json` (encoding: UTF-8).
[2024-11-09 00:37:40] [TRACE]   [OmnipathR] JSON validation successful: TRUE
[2024-11-09 00:37:40] [INFO]    [OmnipathR] Cache item `b10176737ba43d460b13709623189f3911123779` version 1: status changed from `unknown` to `started`.
[2024-11-09 00:37:40] [TRACE]   [OmnipathR] Exporting object to RDS: `/Users/biocbuild/Library/Caches/OmnipathR/b10176737ba43d460b13709623189f3911123779-1.rds`.
[2024-11-09 00:37:40] [TRACE]   [OmnipathR] Exported RDS to `/Users/biocbuild/Library/Caches/OmnipathR/b10176737ba43d460b13709623189f3911123779-1.rds`.
[2024-11-09 00:37:40] [INFO]    [OmnipathR] Download ready [key=b10176737ba43d460b13709623189f3911123779, version=1]
[2024-11-09 00:37:40] [TRACE]   [OmnipathR] Reading JSON from `/Users/biocbuild/Library/Caches/OmnipathR/cache.json` (encoding: UTF-8).
[2024-11-09 00:37:40] [TRACE]   [OmnipathR] JSON validation successful: TRUE
[2024-11-09 00:37:40] [INFO]    [OmnipathR] Cache item `b10176737ba43d460b13709623189f3911123779` version 1: status changed from `started` to `ready`.
[2024-11-09 00:37:41] [SUCCESS] [OmnipathR] Downloaded 64958 interactions.
[2024-11-09 00:37:41] [TRACE]   [OmnipathR] Arguments for OmniPath query: [genesymbols=TRUE,resources=CollecTRI,strict_evidences=TRUE,query_type=interactions,datasets=tf_mirna]
[2024-11-09 00:37:41] [TRACE]   [OmnipathR] Organism(s): 9606
[2024-11-09 00:37:41] [TRACE]   [OmnipathR] Orthology targets: 
[2024-11-09 00:37:42] [TRACE]   [OmnipathR] Reading JSON from `https://omnipathdb.org/resources` (encoding: UTF-8).
[2024-11-09 00:37:42] [TRACE]   [OmnipathR] JSON validation successful: TRUE
[2024-11-09 00:37:42] [TRACE]   [OmnipathR] Looking up in cache: `https://omnipathdb.org/interactions?genesymbols=yes&resources=CollecTRI&datasets=tf_mirna&organisms=9606&fields=evidences,sources,references,curation_effort&license=academic`
[2024-11-09 00:37:42] [INFO]    [OmnipathR] Cache record does not exist: `https://omnipathdb.org/interactions?genesymbols=yes&resources=CollecTRI&datasets=tf_mirna&organisms=9606&fields=evidences,sources,references,curation_effort&license=academic`
[2024-11-09 00:37:42] [TRACE]   [OmnipathR] Looking up in cache: `http://no-tls.omnipathdb.org/interactions?genesymbols=yes&resources=CollecTRI&datasets=tf_mirna&organisms=9606&fields=evidences,sources,references,curation_effort&license=academic`
[2024-11-09 00:37:42] [INFO]    [OmnipathR] Cache record does not exist: `http://no-tls.omnipathdb.org/interactions?genesymbols=yes&resources=CollecTRI&datasets=tf_mirna&organisms=9606&fields=evidences,sources,references,curation_effort&license=academic`
[2024-11-09 00:37:42] [TRACE]   [OmnipathR] Attempting `https://omnipathdb.org/interactions?genesymbols=yes&resources=CollecTRI&datasets=tf_mirna&organisms=9606&fields=evidences,sources,references,curation_effort&license=academic`
[2024-11-09 00:37:42] [INFO]    [OmnipathR] Retrieving URL: `https://omnipathdb.org/interactions?genesymbols=yes&resources=CollecTRI&datasets=tf_mirna&organisms=9606&fields=evidences,sources,references,curation_effort&license=academic`
[2024-11-09 00:37:42] [TRACE]   [OmnipathR] Attempt 1/3: `https://omnipathdb.org/interactions?genesymbols=yes&resources=CollecTRI&datasets=tf_mirna&organisms=9606&fields=evidences,sources,references,curation_effort&license=academic`
[2024-11-09 00:37:42] [INFO]    [OmnipathR] Successfully retrieved: `https://omnipathdb.org/interactions?genesymbols=yes&resources=CollecTRI&datasets=tf_mirna&organisms=9606&fields=evidences,sources,references,curation_effort&license=academic`
[2024-11-09 00:37:42] [TRACE]   [OmnipathR] Reading JSON from `/Users/biocbuild/Library/Caches/OmnipathR/cache.json` (encoding: UTF-8).
[2024-11-09 00:37:42] [TRACE]   [OmnipathR] JSON validation successful: TRUE
[2024-11-09 00:37:42] [TRACE]   [OmnipathR] Reading JSON from `/Users/biocbuild/Library/Caches/OmnipathR/cache.json` (encoding: UTF-8).
[2024-11-09 00:37:42] [TRACE]   [OmnipathR] JSON validation successful: TRUE
[2024-11-09 00:37:42] [INFO]    [OmnipathR] Cache item `f7d34500401ba98803b7d2b26c48f64cee1eea1b` version 1: status changed from `unknown` to `started`.
[2024-11-09 00:37:42] [TRACE]   [OmnipathR] Exporting object to RDS: `/Users/biocbuild/Library/Caches/OmnipathR/f7d34500401ba98803b7d2b26c48f64cee1eea1b-1.rds`.
[2024-11-09 00:37:42] [TRACE]   [OmnipathR] Exported RDS to `/Users/biocbuild/Library/Caches/OmnipathR/f7d34500401ba98803b7d2b26c48f64cee1eea1b-1.rds`.
[2024-11-09 00:37:42] [INFO]    [OmnipathR] Download ready [key=f7d34500401ba98803b7d2b26c48f64cee1eea1b, version=1]
[2024-11-09 00:37:42] [TRACE]   [OmnipathR] Reading JSON from `/Users/biocbuild/Library/Caches/OmnipathR/cache.json` (encoding: UTF-8).
[2024-11-09 00:37:42] [TRACE]   [OmnipathR] JSON validation successful: TRUE
[2024-11-09 00:37:42] [INFO]    [OmnipathR] Cache item `f7d34500401ba98803b7d2b26c48f64cee1eea1b` version 1: status changed from `started` to `ready`.
[2024-11-09 00:37:42] [TRACE]   [OmnipathR] Converting JSON column `evidences` to list.
[2024-11-09 00:37:42] [TRACE]   [OmnipathR] Restricting interaction records to datasets: tf_mirna; and resources: CollecTRI
[2024-11-09 00:37:42] [TRACE]   [OmnipathR] Filtering evidence columns: positive, negative, directed, undirected; to datasets: tf_mirna; and resources: CollecTRI; excluding resources: none
[2024-11-09 00:37:42] [SUCCESS] [OmnipathR] Downloaded 232 interactions.
[2024-11-09 00:37:42] [TRACE]   [OmnipathR] Arguments for OmniPath query: [loops=TRUE,organisms=9606,genesymbols=TRUE,query_type=interactions,datasets=collectri]
[2024-11-09 00:37:42] [TRACE]   [OmnipathR] Organism(s): 9606
[2024-11-09 00:37:42] [TRACE]   [OmnipathR] Orthology targets: 
[2024-11-09 00:37:42] [TRACE]   [OmnipathR] Looking up in cache: `https://omnipathdb.org/interactions?genesymbols=yes&datasets=collectri&organisms=9606&fields=sources,references,curation_effort&loops=yes&license=academic`
[2024-11-09 00:37:42] [TRACE]   [OmnipathR] Loaded data from RDS `/Users/biocbuild/Library/Caches/OmnipathR/b10176737ba43d460b13709623189f3911123779-1.rds`.
[2024-11-09 00:37:42] [INFO]    [OmnipathR] Loaded from cache: `https://omnipathdb.org/interactions?genesymbols=yes&datasets=collectri&organisms=9606&fields=sources,references,curation_effort&loops=yes&license=academic`
[2024-11-09 00:37:43] [SUCCESS] [OmnipathR] Loaded 64958 interactions from cache.
[2024-11-09 00:37:43] [TRACE]   [OmnipathR] Arguments for OmniPath query: [genesymbols=TRUE,resources=CollecTRI,strict_evidences=TRUE,query_type=interactions,datasets=tf_mirna]
[2024-11-09 00:37:43] [TRACE]   [OmnipathR] Organism(s): 9606
[2024-11-09 00:37:43] [TRACE]   [OmnipathR] Orthology targets: 
[2024-11-09 00:37:44] [TRACE]   [OmnipathR] Reading JSON from `https://omnipathdb.org/resources` (encoding: UTF-8).
[2024-11-09 00:37:44] [TRACE]   [OmnipathR] JSON validation successful: TRUE
[2024-11-09 00:37:44] [TRACE]   [OmnipathR] Looking up in cache: `https://omnipathdb.org/interactions?genesymbols=yes&resources=CollecTRI&datasets=tf_mirna&organisms=9606&fields=evidences,sources,references,curation_effort&license=academic`
[2024-11-09 00:37:44] [TRACE]   [OmnipathR] Loaded data from RDS `/Users/biocbuild/Library/Caches/OmnipathR/f7d34500401ba98803b7d2b26c48f64cee1eea1b-1.rds`.
[2024-11-09 00:37:44] [INFO]    [OmnipathR] Loaded from cache: `https://omnipathdb.org/interactions?genesymbols=yes&resources=CollecTRI&datasets=tf_mirna&organisms=9606&fields=evidences,sources,references,curation_effort&license=academic`
[2024-11-09 00:37:44] [TRACE]   [OmnipathR] Converting JSON column `evidences` to list.
[2024-11-09 00:37:44] [TRACE]   [OmnipathR] Restricting interaction records to datasets: tf_mirna; and resources: CollecTRI
[2024-11-09 00:37:44] [TRACE]   [OmnipathR] Filtering evidence columns: positive, negative, directed, undirected; to datasets: tf_mirna; and resources: CollecTRI; excluding resources: none
[2024-11-09 00:37:44] [SUCCESS] [OmnipathR] Downloaded 232 interactions.
  |                                                                            
  |                                                                      |   0%
  |                                                                            
  |======================================================================| 100%
  |                                                                            
  |                                                                      |   0%
  |                                                                            
  |======================================================================| 100%
  |                                                                            
  |                                                                      |   0%
  |                                                                            
  |======================================================================| 100%
  |                                                                            
  |                                                                      |   0%
  |                                                                            
  |======================================================================| 100%
  |                                                                            
  |                                                                      |   0%
  |                                                                            
  |======================================================================| 100%
  |                                                                            
  |                                                                      |   0%
  |                                                                            
  |======================================================================| 100%
  |                                                                            
  |                                                                      |   0%
  |                                                                            
  |======================================================================| 100%
  |                                                                            
  |                                                                      |   0%
  |                                                                            
  |======================================================================| 100%
  |                                                                            
  |                                                                      |   0%
  |                                                                            
  |======================================================================| 100%
  |                                                                            
  |                                                                      |   0%
  |                                                                            
  |======================================================================| 100%
  |                                                                            
  |                                                                      |   0%
  |                                                                            
  |======================================================================| 100%
  |                                                                            
  |                                                                      |   0%
  |                                                                            
  |======================================================================| 100%
  |                                                                            
  |                                                                      |   0%
  |                                                                            
  |===================================                                   |  50%
  |                                                                            
  |======================================================================| 100%
  |                                                                            
  |                                                                      |   0%
  |                                                                            
  |===================================                                   |  50%
  |                                                                            
  |======================================================================| 100%
  |                                                                            
  |                                                                      |   0%
  |                                                                            
  |===================================                                   |  50%
  |                                                                            
  |======================================================================| 100%
  |                                                                            
  |                                                                      |   0%
  |                                                                            
  |===================================                                   |  50%
  |                                                                            
  |======================================================================| 100%
  |                                                                            
  |                                                                      |   0%
  |                                                                            
  |===================================                                   |  50%
  |                                                                            
  |======================================================================| 100%
  |                                                                            
  |                                                                      |   0%
  |                                                                            
  |===================================                                   |  50%
  |                                                                            
  |======================================================================| 100%
  |                                                                            
  |                                                                      |   0%
  |                                                                            
  |===================================                                   |  50%
  |                                                                            
  |======================================================================| 100%
  |                                                                            
  |                                                                      |   0%
  |                                                                            
  |===================================                                   |  50%
  |                                                                            
  |======================================================================| 100%
  |                                                                            
  |                                                                      |   0%
  |                                                                            
  |===================================                                   |  50%
  |                                                                            
  |======================================================================| 100%
  |                                                                            
  |                                                                      |   0%
  |                                                                            
  |===================================                                   |  50%
  |                                                                            
  |======================================================================| 100%
  |                                                                            
  |                                                                      |   0%
  |                                                                            
  |===================================                                   |  50%
  |                                                                            
  |======================================================================| 100%
  |                                                                            
  |                                                                      |   0%
  |                                                                            
  |===================================                                   |  50%
  |                                                                            
  |======================================================================| 100%
Attaching package: 'dplyr'
The following object is masked from 'package:testthat':
    matches
The following objects are masked from 'package:stats':
    filter, lag
The following objects are masked from 'package:base':
    intersect, setdiff, setequal, union
[ FAIL 1 | WARN 9 | SKIP 0 | PASS 34 ]
══ Failed tests ════════════════════════════════════════════════════════════════
── Failure ('test-statistic-fgsea.R:26:3'): test run_fgsea ─────────────────────
`res_1` (`actual`) not equal to `exp_1` (`expected`).
actual vs expected
                      p_value
  actual[1, ]     0.075479709
  actual[2, ]     0.075479709
- actual[3, ]     0.511687342
+ expected[3, ]   0.548454870
- actual[4, ]     0.511687342
+ expected[4, ]   0.548454870
  actual[5, ]     0.010000000
  actual[6, ]     0.010000000
  actual[7, ]     0.076411558
actual vs expected
                      p_value
  actual[12, ]    0.010000000
  actual[13, ]    0.114238030
  actual[14, ]    0.114238030
- actual[15, ]    0.510665738
+ expected[15, ]  0.522337972
- actual[16, ]    0.510665738
+ expected[16, ]  0.522337972
  actual[17, ]    0.010000000
  actual[18, ]    0.010000000
  actual[19, ]    0.004682543
  actual[20, ]    0.004682543
- actual[21, ]    0.219233595
+ expected[21, ]  0.294730294
and 10 more ...
actual vs expected
                      p_value
  actual[34, ]    1.000000000
  actual[35, ]    0.010000000
  actual[36, ]    0.010000000
- actual[37, ]    0.091542106
+ expected[37, ]  0.103646587
- actual[38, ]    0.091542106
+ expected[38, ]  0.103646587
  actual[39, ]    0.592371428
  actual[40, ]    0.592371428
  actual[41, ]    0.010000000
actual vs expected
                      p_value
  actual[52, ]    0.976649086
  actual[53, ]    0.010000000
  actual[54, ]    0.010000000
- actual[55, ]    0.066624941
+ expected[55, ]  0.076411558
- actual[56, ]    0.066624941
+ expected[56, ]  0.076411558
  actual[57, ]    0.592371428
  actual[58, ]    0.592371428
  actual[59, ]    0.010000000
  actual[60, ]    0.010000000
- actual[61, ]    0.111211902
+ expected[61, ]  0.108185775
and 4 more ...
actual vs expected
                      p_value
  actual[70, ]    1.000000000
  actual[71, ]    0.010000000
  actual[72, ]    0.010000000
- actual[73, ]    0.256981914
+ expected[73, ]  0.469812943
- actual[74, ]    0.256981914
+ expected[74, ]  0.469812943
- actual[75, ]    0.133907888
+ expected[75, ]  0.132394821
- actual[76, ]    0.133907888
+ expected[76, ]  0.132394821
  actual[77, ]    0.123204721
  actual[78, ]    0.123204721
- actual[79, ]    0.146641013
+ expected[79, ]  0.207618744
and 4 more ...
actual vs expected
                      p_value
  actual[88, ]    0.177906190
  actual[89, ]    0.154281338
  actual[90, ]    0.154281338
- actual[91, ]    0.434796297
+ expected[91, ]  0.487321278
- actual[92, ]    0.434796297
+ expected[92, ]  0.487321278
  actual[93, ]    0.009411332
  actual[94, ]    0.009411332
  actual[95, ]    0.005020222
  actual[96, ]    0.005020222
- actual[97, ]    0.294730294
+ expected[97, ]  0.493157392
and 16 more ...
actual vs expected
                      p_value
  actual[118, ]   0.126342554
  actual[119, ]   0.111593916
  actual[120, ]   0.111593916
- actual[121, ]   0.991185346
+ expected[121, ] 1.000000000
- actual[122, ]   0.991185346
+ expected[122, ] 1.000000000
- actual[123, ]   0.123316421
+ expected[123, ] 0.126342554
- actual[124, ]   0.123316421
+ expected[124, ] 0.126342554
  actual[125, ]   0.155922629
  actual[126, ]   0.155922629
  actual[127, ]   0.592371428
actual vs expected
                      p_value
  actual[132, ]   0.124515409
  actual[133, ]   0.592371428
  actual[134, ]   0.592371428
- actual[135, ]   0.174865133
+ expected[135, ] 0.183988307
- actual[136, ]   0.174865133
+ expected[136, ] 0.183988307
  actual[137, ]   0.198360798
  actual[138, ]   0.198360798
  actual[139, ]   0.592371428
  `actual$p_value[1:7]`: 0.075 0.075 0.512 0.512 0.010 0.010 0.076
`expected$p_value[1:7]`: 0.075 0.075 0.548 0.548 0.010 0.010 0.076
     actual$p_value | expected$p_value                
[12] 0.010          | 0.010            [12]           
[13] 0.114          | 0.114            [13]           
[14] 0.114          | 0.114            [14]           
[15] 0.511          - 0.522            [15]           
[16] 0.511          - 0.522            [16]           
[17] 0.010          | 0.010            [17]           
[18] 0.010          | 0.010            [18]           
[19] 0.005          | 0.005            [19]           
[20] 0.005          | 0.005            [20]           
[21] 0.219          - 0.295            [21]           
 ... ...              ...              and 10 more ...
  `actual$p_value[34:41]`: 1.000 0.010 0.010 0.092 0.092 0.592 0.592 0.010
`expected$p_value[34:41]`: 1.000 0.010 0.010 0.104 0.104 0.592 0.592 0.010
     actual$p_value | expected$p_value               
[52] 0.977          | 0.977            [52]          
[53] 0.010          | 0.010            [53]          
[54] 0.010          | 0.010            [54]          
[55] 0.067          - 0.076            [55]          
[56] 0.067          - 0.076            [56]          
[57] 0.592          | 0.592            [57]          
[58] 0.592          | 0.592            [58]          
[59] 0.010          | 0.010            [59]          
[60] 0.010          | 0.010            [60]          
[61] 0.111          - 0.108            [61]          
 ... ...              ...              and 4 more ...
     actual$p_value | expected$p_value               
[70] 1.000          | 1.000            [70]          
[71] 0.010          | 0.010            [71]          
[72] 0.010          | 0.010            [72]          
[73] 0.257          - 0.470            [73]          
[74] 0.257          - 0.470            [74]          
[75] 0.134          - 0.132            [75]          
[76] 0.134          - 0.132            [76]          
[77] 0.123          | 0.123            [77]          
[78] 0.123          | 0.123            [78]          
[79] 0.147          - 0.208            [79]          
 ... ...              ...              and 4 more ...
     actual$p_value | expected$p_value                
[88] 0.178          | 0.178            [88]           
[89] 0.154          | 0.154            [89]           
[90] 0.154          | 0.154            [90]           
[91] 0.435          - 0.487            [91]           
[92] 0.435          - 0.487            [92]           
[93] 0.009          | 0.009            [93]           
[94] 0.009          | 0.009            [94]           
[95] 0.005          | 0.005            [95]           
[96] 0.005          | 0.005            [96]           
[97] 0.295          - 0.493            [97]           
 ... ...              ...              and 16 more ...
      actual$p_value | expected$p_value      
[118] 0.126          | 0.126            [118]
[119] 0.112          | 0.112            [119]
[120] 0.112          | 0.112            [120]
[121] 0.991          - 1.000            [121]
[122] 0.991          - 1.000            [122]
[123] 0.123          - 0.126            [123]
[124] 0.123          - 0.126            [124]
[125] 0.156          | 0.156            [125]
[126] 0.156          | 0.156            [126]
[127] 0.592          | 0.592            [127]
  `actual$p_value[132:139]`: 0.125 0.592 0.592 0.175 0.175 0.198 0.198 0.592
`expected$p_value[132:139]`: 0.125 0.592 0.592 0.184 0.184 0.198 0.198 0.592
[ FAIL 1 | WARN 9 | SKIP 0 | PASS 34 ]
Error: Test failures
Execution halted
decoupleR.Rcheck/decoupleR-Ex.timings
| name | user | system | elapsed | |
| check_corr | 0.026 | 0.002 | 0.028 | |
| convert_f_defaults | 0.007 | 0.000 | 0.007 | |
| decouple | 0.001 | 0.000 | 0.000 | |
| dot-fit_preprocessing | 0.006 | 0.001 | 0.007 | |
| extract_sets | 0.005 | 0.000 | 0.005 | |
| filt_minsize | 0.009 | 0.001 | 0.009 | |
| get_collectri | 1.929 | 0.105 | 7.634 | |
| get_dorothea | 6.600 | 0.118 | 9.697 | |
| get_profile_of | 0 | 0 | 0 | |
| get_progeny | 2.673 | 0.129 | 10.725 | |
| get_resource | 0.086 | 0.011 | 1.821 | |
| get_toy_data | 0 | 0 | 0 | |
| intersect_regulons | 0.007 | 0.001 | 0.007 | |
| pipe | 0 | 0 | 0 | |
| pivot_wider_profile | 0.000 | 0.000 | 0.001 | |
| randomize_matrix | 0 | 0 | 0 | |
| rename_net | 0.009 | 0.001 | 0.010 | |
| run_aucell | 2.473 | 0.113 | 2.586 | |
| run_consensus | 0.490 | 0.029 | 0.519 | |
| run_fgsea | 8.335 | 0.024 | 8.360 | |
| run_gsva | 0.475 | 0.043 | 0.518 | |
| run_mdt | 0.039 | 0.006 | 0.045 | |
| run_mlm | 0.025 | 0.001 | 0.025 | |
| run_ora | 0.124 | 0.002 | 0.125 | |
| run_udt | 0.074 | 0.009 | 0.083 | |
| run_ulm | 0.020 | 0.002 | 0.022 | |
| run_viper | 0.250 | 0.024 | 0.277 | |
| run_wmean | 0.172 | 0.001 | 0.172 | |
| run_wsum | 0.183 | 0.002 | 0.185 | |
| show_methods | 0.015 | 0.001 | 0.016 | |
| show_resources | 0.019 | 0.002 | 0.536 | |
| tidyeval | 0 | 0 | 0 | |