| Back to Multiple platform build/check report for BioC 3.20: simplified long | 
 | 
This page was generated on 2024-11-20 12:02 -0500 (Wed, 20 Nov 2024).
| Hostname | OS | Arch (*) | R version | Installed pkgs | 
|---|---|---|---|---|
| teran2 | Linux (Ubuntu 24.04.1 LTS) | x86_64 | 4.4.2 (2024-10-31) -- "Pile of Leaves" | 4481 | 
| nebbiolo2 | Linux (Ubuntu 24.04.1 LTS) | x86_64 | 4.4.2 (2024-10-31) -- "Pile of Leaves" | 4479 | 
| palomino8 | Windows Server 2022 Datacenter | x64 | 4.4.2 (2024-10-31 ucrt) -- "Pile of Leaves" | 4359 | 
| lconway | macOS 12.7.1 Monterey | x86_64 | 4.4.1 (2024-06-14) -- "Race for Your Life" | 4539 | 
| kunpeng2 | Linux (openEuler 22.03 LTS-SP1) | aarch64 | 4.4.1 (2024-06-14) -- "Race for Your Life" | 4493 | 
| Click on any hostname to see more info about the system (e.g. compilers) (*) as reported by 'uname -p', except on Windows and Mac OS X | ||||
| Package 522/2289 | Hostname | OS / Arch | INSTALL | BUILD | CHECK | BUILD BIN | ||||||||
| decoupleR 2.12.0  (landing page) Pau Badia-i-Mompel 
 | teran2 | Linux (Ubuntu 24.04.1 LTS) / x86_64 | OK | OK | WARNINGS |  | ||||||||
| nebbiolo2 | Linux (Ubuntu 24.04.1 LTS) / x86_64 | OK | OK | WARNINGS | ||||||||||
| palomino8 | Windows Server 2022 Datacenter / x64 | OK | OK | WARNINGS | OK |  | ||||||||
| lconway | macOS 12.7.1 Monterey / x86_64 | OK | OK | ERROR | OK | |||||||||
| kunpeng2 | Linux (openEuler 22.03 LTS-SP1) / aarch64 | OK | OK | TIMEOUT | ||||||||||
| To the developers/maintainers of the decoupleR package: - Allow up to 24 hours (and sometimes 48 hours) for your latest push to git@git.bioconductor.org:packages/decoupleR.git to reflect on this report. See Troubleshooting Build Report for more information. - Use the following Renviron settings to reproduce errors and warnings. - If 'R CMD check' started to fail recently on the Linux builder(s) over a missing dependency, add the missing dependency to 'Suggests:' in your DESCRIPTION file. See Renviron.bioc for more information. | 
| Package: decoupleR | 
| Version: 2.12.0 | 
| Command: /home/biocbuild/bbs-3.20-bioc/R/bin/R CMD check --install=check:decoupleR.install-out.txt --library=/home/biocbuild/bbs-3.20-bioc/R/site-library --timings decoupleR_2.12.0.tar.gz | 
| StartedAt: 2024-11-20 01:32:27 -0500 (Wed, 20 Nov 2024) | 
| EndedAt: 2024-11-20 01:43:52 -0500 (Wed, 20 Nov 2024) | 
| EllapsedTime: 685.3 seconds | 
| RetCode: 0 | 
| Status: WARNINGS | 
| CheckDir: decoupleR.Rcheck | 
| Warnings: 1 | 
##############################################################################
##############################################################################
###
### Running command:
###
###   /home/biocbuild/bbs-3.20-bioc/R/bin/R CMD check --install=check:decoupleR.install-out.txt --library=/home/biocbuild/bbs-3.20-bioc/R/site-library --timings decoupleR_2.12.0.tar.gz
###
##############################################################################
##############################################################################
* using log directory ‘/media/volume/teran2_disk/biocbuild/bbs-3.20-bioc/meat/decoupleR.Rcheck’
* using R version 4.4.2 (2024-10-31)
* using platform: x86_64-pc-linux-gnu
* R was compiled by
    gcc (Ubuntu 13.2.0-23ubuntu4) 13.2.0
    GNU Fortran (Ubuntu 13.2.0-23ubuntu4) 13.2.0
* running under: Ubuntu 24.04.1 LTS
* using session charset: UTF-8
* checking for file ‘decoupleR/DESCRIPTION’ ... OK
* checking extension type ... Package
* this is package ‘decoupleR’ version ‘2.12.0’
* package encoding: UTF-8
* checking package namespace information ... OK
* checking package dependencies ... OK
* checking if this is a source package ... OK
* checking if there is a namespace ... OK
* checking for hidden files and directories ... OK
* checking for portable file names ... OK
* checking for sufficient/correct file permissions ... OK
* checking whether package ‘decoupleR’ can be installed ... OK
* checking installed package size ... OK
* checking package directory ... OK
* checking ‘build’ directory ... OK
* checking DESCRIPTION meta-information ... OK
* checking top-level files ... OK
* checking for left-over files ... OK
* checking index information ... OK
* checking package subdirectories ... OK
* checking code files for non-ASCII characters ... OK
* checking R files for syntax errors ... OK
* checking whether the package can be loaded ... OK
* checking whether the package can be loaded with stated dependencies ... OK
* checking whether the package can be unloaded cleanly ... OK
* checking whether the namespace can be loaded with stated dependencies ... OK
* checking whether the namespace can be unloaded cleanly ... OK
* checking loading without being on the library search path ... OK
* checking dependencies in R code ... NOTE
[2024-11-20 01:33:02] [TRACE]   [OmnipathR] Reading JSON from `/media/volume/teran2_disk/biocbuild/.cache/OmnipathR/cache.json` (encoding: UTF-8).
[2024-11-20 01:33:02] [TRACE]   [OmnipathR] JSON validation successful: TRUE
[2024-11-20 01:33:02] [INFO]    [OmnipathR] Initialized cache: `/media/volume/teran2_disk/biocbuild/.cache/OmnipathR`.
[2024-11-20 01:33:02] [TRACE]   [OmnipathR] Running on a build server, wiping cache.
[2024-11-20 01:33:02] [TRACE]   [OmnipathR] Cache is at `/media/volume/teran2_disk/biocbuild/.cache/OmnipathR`.
[2024-11-20 01:33:02] [TRACE]   [OmnipathR] Contains 8 files.
[2024-11-20 01:33:02] [TRACE]   [OmnipathR] Cache is locked: FALSE.
[2024-11-20 01:33:02] [TRACE]   [OmnipathR] Reading JSON from `/media/volume/teran2_disk/biocbuild/.cache/OmnipathR/cache.json` (encoding: UTF-8).
[2024-11-20 01:33:02] [TRACE]   [OmnipathR] JSON validation successful: TRUE
[2024-11-20 01:33:02] [SUCCESS] [OmnipathR] Removing all cache contents from `/media/volume/teran2_disk/biocbuild/.cache/OmnipathR`.
[2024-11-20 01:33:02] [TRACE]   [OmnipathR] Pandoc version: `2.7.3`.
[2024-11-20 01:33:02] [TRACE]   [OmnipathR] Reading JSON from `/media/volume/teran2_disk/biocbuild/bbs-3.20-bioc/R/site-library/OmnipathR/db/db_def.json` (encoding: UTF-8).
[2024-11-20 01:33:02] [TRACE]   [OmnipathR] JSON validation successful: TRUE
[2024-11-20 01:33:02] [TRACE]   [OmnipathR] Reading JSON from `/media/volume/teran2_disk/biocbuild/bbs-3.20-bioc/R/site-library/OmnipathR/internal/magic_bytes.json` (encoding: UTF-8).
[2024-11-20 01:33:02] [TRACE]   [OmnipathR] JSON validation successful: TRUE
[2024-11-20 01:33:02] [TRACE]   [OmnipathR] Reading JSON from `/media/volume/teran2_disk/biocbuild/bbs-3.20-bioc/R/site-library/OmnipathR/internal/urls.json` (encoding: UTF-8).
[2024-11-20 01:33:02] [TRACE]   [OmnipathR] JSON validation successful: TRUE
[2024-11-20 01:33:02] [TRACE]   [OmnipathR] Reading JSON from `/media/volume/teran2_disk/biocbuild/bbs-3.20-bioc/R/site-library/OmnipathR/internal/id_types.json` (encoding: UTF-8).
[2024-11-20 01:33:02] [TRACE]   [OmnipathR] JSON validation successful: TRUE
[2024-11-20 01:33:02] [TRACE]   [OmnipathR] Cache locked: FALSE
* checking S3 generic/method consistency ... OK
* checking replacement functions ... OK
* checking foreign function calls ... OK
* checking R code for possible problems ... OK
* checking Rd files ... OK
* checking Rd metadata ... OK
* checking Rd cross-references ... WARNING
Missing link or links in Rd file 'run_gsva.Rd':
  ‘GSVA::gsva’ ‘GeneSetCollection’
See section 'Cross-references' in the 'Writing R Extensions' manual.
* checking for missing documentation entries ... OK
* checking for code/documentation mismatches ... OK
* checking Rd \usage sections ... OK
* checking Rd contents ... OK
* checking for unstated dependencies in examples ... OK
* checking files in ‘vignettes’ ... OK
* checking examples ... OK
Examples with CPU (user + system) or elapsed time > 5s
                user system elapsed
run_fgsea     21.639  0.016  25.940
get_dorothea  16.413  0.141  21.116
run_aucell     5.902  0.180   7.203
get_collectri  5.356  0.256  11.435
get_progeny    3.915  0.165   7.154
* checking for unstated dependencies in ‘tests’ ... OK
* checking tests ...
  Running ‘testthat.R’
 OK
* checking for unstated dependencies in vignettes ... OK
* checking package vignettes ... OK
* checking re-building of vignette outputs ... OK
* checking PDF version of manual ... OK
* DONE
Status: 1 WARNING, 1 NOTE
See
  ‘/media/volume/teran2_disk/biocbuild/bbs-3.20-bioc/meat/decoupleR.Rcheck/00check.log’
for details.
decoupleR.Rcheck/00install.out
############################################################################## ############################################################################## ### ### Running command: ### ### /home/biocbuild/bbs-3.20-bioc/R/bin/R CMD INSTALL decoupleR ### ############################################################################## ############################################################################## * installing to library ‘/media/volume/teran2_disk/biocbuild/bbs-3.20-bioc/R/site-library’ * installing *source* package ‘decoupleR’ ... ** using staged installation ** R ** inst ** byte-compile and prepare package for lazy loading ** help *** installing help indices *** copying figures ** building package indices ** installing vignettes ** testing if installed package can be loaded from temporary location ** testing if installed package can be loaded from final location ** testing if installed package keeps a record of temporary installation path * DONE (decoupleR)
decoupleR.Rcheck/tests/testthat.Rout
R version 4.4.2 (2024-10-31) -- "Pile of Leaves"
Copyright (C) 2024 The R Foundation for Statistical Computing
Platform: x86_64-pc-linux-gnu
R is free software and comes with ABSOLUTELY NO WARRANTY.
You are welcome to redistribute it under certain conditions.
Type 'license()' or 'licence()' for distribution details.
R is a collaborative project with many contributors.
Type 'contributors()' for more information and
'citation()' on how to cite R or R packages in publications.
Type 'demo()' for some demos, 'help()' for on-line help, or
'help.start()' for an HTML browser interface to help.
Type 'q()' to quit R.
> library(testthat)
> library(decoupleR)
> 
> test_check("decoupleR")
  |                                                                            
  |                                                                      |   0%
  |                                                                            
  |======================================================================| 100%
  |                                                                            
  |                                                                      |   0%
  |                                                                            
  |======================================================================| 100%
  |                                                                            
  |                                                                      |   0%
  |                                                                            
  |======================================================================| 100%
  |                                                                            
  |                                                                      |   0%
  |                                                                            
  |======================================================================| 100%
  |                                                                            
  |                                                                      |   0%
  |                                                                            
  |======================================================================| 100%
  |                                                                            
  |                                                                      |   0%
  |                                                                            
  |======================================================================| 100%
  |                                                                            
  |                                                                      |   0%
  |                                                                            
  |======================================================================| 100%
  |                                                                            
  |                                                                      |   0%
  |                                                                            
  |======================================================================| 100%
  |                                                                            
  |                                                                      |   0%
  |                                                                            
  |======================================================================| 100%
  |                                                                            
  |                                                                      |   0%
  |                                                                            
  |======================================================================| 100%
  |                                                                            
  |                                                                      |   0%
  |                                                                            
  |======================================================================| 100%
  |                                                                            
  |                                                                      |   0%
  |                                                                            
  |======================================================================| 100%
  |                                                                            
  |                                                                      |   0%
  |                                                                            
  |===================================                                   |  50%
  |                                                                            
  |======================================================================| 100%
  |                                                                            
  |                                                                      |   0%
  |                                                                            
  |===================================                                   |  50%
  |                                                                            
  |======================================================================| 100%
  |                                                                            
  |                                                                      |   0%
  |                                                                            
  |===================================                                   |  50%
  |                                                                            
  |======================================================================| 100%
  |                                                                            
  |                                                                      |   0%
  |                                                                            
  |===================================                                   |  50%
  |                                                                            
  |======================================================================| 100%
  |                                                                            
  |                                                                      |   0%
  |                                                                            
  |===================================                                   |  50%
  |                                                                            
  |======================================================================| 100%
  |                                                                            
  |                                                                      |   0%
  |                                                                            
  |===================================                                   |  50%
  |                                                                            
  |======================================================================| 100%
  |                                                                            
  |                                                                      |   0%
  |                                                                            
  |===================================                                   |  50%
  |                                                                            
  |======================================================================| 100%
  |                                                                            
  |                                                                      |   0%
  |                                                                            
  |===================================                                   |  50%
  |                                                                            
  |======================================================================| 100%
  |                                                                            
  |                                                                      |   0%
  |                                                                            
  |===================================                                   |  50%
  |                                                                            
  |======================================================================| 100%
  |                                                                            
  |                                                                      |   0%
  |                                                                            
  |===================================                                   |  50%
  |                                                                            
  |======================================================================| 100%
  |                                                                            
  |                                                                      |   0%
  |                                                                            
  |===================================                                   |  50%
  |                                                                            
  |======================================================================| 100%
  |                                                                            
  |                                                                      |   0%
  |                                                                            
  |===================================                                   |  50%
  |                                                                            
  |======================================================================| 100%
[2024-11-20 01:36:02] [TRACE]   [OmnipathR] Reading JSON from `/media/volume/teran2_disk/biocbuild/.cache/OmnipathR/cache.json` (encoding: UTF-8).
[2024-11-20 01:36:02] [TRACE]   [OmnipathR] JSON validation successful: TRUE
[2024-11-20 01:36:02] [INFO]    [OmnipathR] Initialized cache: `/media/volume/teran2_disk/biocbuild/.cache/OmnipathR`.
[2024-11-20 01:36:02] [TRACE]   [OmnipathR] Running on a build server, wiping cache.
[2024-11-20 01:36:02] [TRACE]   [OmnipathR] Cache is at `/media/volume/teran2_disk/biocbuild/.cache/OmnipathR`.
[2024-11-20 01:36:02] [TRACE]   [OmnipathR] Contains 8 files.
[2024-11-20 01:36:02] [TRACE]   [OmnipathR] Cache is locked: FALSE.
[2024-11-20 01:36:02] [TRACE]   [OmnipathR] Reading JSON from `/media/volume/teran2_disk/biocbuild/.cache/OmnipathR/cache.json` (encoding: UTF-8).
[2024-11-20 01:36:02] [TRACE]   [OmnipathR] JSON validation successful: TRUE
[2024-11-20 01:36:02] [SUCCESS] [OmnipathR] Removing all cache contents from `/media/volume/teran2_disk/biocbuild/.cache/OmnipathR`.
[2024-11-20 01:36:02] [TRACE]   [OmnipathR] Pandoc version: `2.7.3`.
[2024-11-20 01:36:02] [TRACE]   [OmnipathR] Reading JSON from `/media/volume/teran2_disk/biocbuild/bbs-3.20-bioc/R/site-library/OmnipathR/db/db_def.json` (encoding: UTF-8).
[2024-11-20 01:36:02] [TRACE]   [OmnipathR] JSON validation successful: TRUE
[2024-11-20 01:36:02] [TRACE]   [OmnipathR] Reading JSON from `/media/volume/teran2_disk/biocbuild/bbs-3.20-bioc/R/site-library/OmnipathR/internal/magic_bytes.json` (encoding: UTF-8).
[2024-11-20 01:36:02] [TRACE]   [OmnipathR] JSON validation successful: TRUE
[2024-11-20 01:36:02] [TRACE]   [OmnipathR] Reading JSON from `/media/volume/teran2_disk/biocbuild/bbs-3.20-bioc/R/site-library/OmnipathR/internal/urls.json` (encoding: UTF-8).
[2024-11-20 01:36:02] [TRACE]   [OmnipathR] JSON validation successful: TRUE
[2024-11-20 01:36:02] [TRACE]   [OmnipathR] Reading JSON from `/media/volume/teran2_disk/biocbuild/bbs-3.20-bioc/R/site-library/OmnipathR/internal/id_types.json` (encoding: UTF-8).
[2024-11-20 01:36:02] [TRACE]   [OmnipathR] JSON validation successful: TRUE
[2024-11-20 01:36:02] [TRACE]   [OmnipathR] Cache locked: FALSE
[2024-11-20 01:36:03] [TRACE]   [OmnipathR] Reading JSON from `https://omnipathdb.org/resources` (encoding: UTF-8).
[2024-11-20 01:36:03] [TRACE]   [OmnipathR] JSON validation successful: TRUE
[2024-11-20 01:36:03] [TRACE]   [OmnipathR] Reading JSON from `https://omnipathdb.org/resources` (encoding: UTF-8).
[2024-11-20 01:36:03] [TRACE]   [OmnipathR] JSON validation successful: TRUE
[2024-11-20 01:36:03] [INFO]    [OmnipathR] Loading database `Ensembl and OMA organism names`.
[2024-11-20 01:36:03] [TRACE]   [OmnipathR] Reading JSON from `/media/volume/teran2_disk/biocbuild/.cache/OmnipathR/cache.json` (encoding: UTF-8).
[2024-11-20 01:36:03] [TRACE]   [OmnipathR] JSON validation successful: TRUE
[2024-11-20 01:36:03] [INFO]    [OmnipathR] Looking up in cache `https://www.ensembl.org/info/about/species.html`: key=7332486db7400730697234bad76ca0c8e4d00799, no version available.
[2024-11-20 01:36:03] [TRACE]   [OmnipathR] Reading JSON from `/media/volume/teran2_disk/biocbuild/.cache/OmnipathR/cache.json` (encoding: UTF-8).
[2024-11-20 01:36:03] [TRACE]   [OmnipathR] JSON validation successful: TRUE
[2024-11-20 01:36:03] [INFO]    [OmnipathR] Created new version for cache record 7332486db7400730697234bad76ca0c8e4d00799: version 1.
[2024-11-20 01:36:03] [TRACE]   [OmnipathR] Cache file path: /media/volume/teran2_disk/biocbuild/.cache/OmnipathR/7332486db7400730697234bad76ca0c8e4d00799-1.html
[2024-11-20 01:36:03] [INFO]    [OmnipathR] Retrieving URL: `https://www.ensembl.org/info/about/species.html`
[2024-11-20 01:36:03] [TRACE]   [OmnipathR] Attempt 1/3: `https://www.ensembl.org/info/about/species.html`
[2024-11-20 01:36:04] [TRACE]   [OmnipathR] HTTP 200
[2024-11-20 01:36:04] [INFO]    [OmnipathR] Download ready [key=7332486db7400730697234bad76ca0c8e4d00799, version=1]
[2024-11-20 01:36:04] [TRACE]   [OmnipathR] Reading JSON from `/media/volume/teran2_disk/biocbuild/.cache/OmnipathR/cache.json` (encoding: UTF-8).
[2024-11-20 01:36:04] [TRACE]   [OmnipathR] JSON validation successful: TRUE
[2024-11-20 01:36:04] [INFO]    [OmnipathR] Cache item `7332486db7400730697234bad76ca0c8e4d00799` version 1: status changed from `unknown` to `ready`.
[2024-11-20 01:36:04] [TRACE]   [OmnipathR] Looking up in cache: `https://omabrowser.org/All/oma-species.txt`.
[2024-11-20 01:36:04] [INFO]    [OmnipathR] Cache record does not exist: `https://omabrowser.org/All/oma-species.txt`
[2024-11-20 01:36:04] [TRACE]   [OmnipathR] Could not find in cache, initiating download: `https://omabrowser.org/All/oma-species.txt`.
[2024-11-20 01:36:04] [TRACE]   [OmnipathR] Reading JSON from `/media/volume/teran2_disk/biocbuild/.cache/OmnipathR/cache.json` (encoding: UTF-8).
[2024-11-20 01:36:04] [TRACE]   [OmnipathR] JSON validation successful: TRUE
[2024-11-20 01:36:04] [TRACE]   [OmnipathR] Reading JSON from `/media/volume/teran2_disk/biocbuild/.cache/OmnipathR/cache.json` (encoding: UTF-8).
[2024-11-20 01:36:04] [TRACE]   [OmnipathR] JSON validation successful: TRUE
[2024-11-20 01:36:04] [INFO]    [OmnipathR] Cache item `30e690cbb55dfc63b5903ab337f34ffc2f4be397` version 1: status changed from `unknown` to `started`.
[2024-11-20 01:36:04] [TRACE]   [OmnipathR] Exporting object to RDS: `/media/volume/teran2_disk/biocbuild/.cache/OmnipathR/30e690cbb55dfc63b5903ab337f34ffc2f4be397-1.rds`.
[2024-11-20 01:36:04] [INFO]    [OmnipathR] Retrieving URL: `https://omabrowser.org/All/oma-species.txt`
[2024-11-20 01:36:04] [TRACE]   [OmnipathR] Attempt 1/3: `https://omabrowser.org/All/oma-species.txt`
[2024-11-20 01:36:05] [TRACE]   [OmnipathR] Exported RDS to `/media/volume/teran2_disk/biocbuild/.cache/OmnipathR/30e690cbb55dfc63b5903ab337f34ffc2f4be397-1.rds`.
[2024-11-20 01:36:05] [INFO]    [OmnipathR] Download ready [key=30e690cbb55dfc63b5903ab337f34ffc2f4be397, version=1]
[2024-11-20 01:36:05] [TRACE]   [OmnipathR] Reading JSON from `/media/volume/teran2_disk/biocbuild/.cache/OmnipathR/cache.json` (encoding: UTF-8).
[2024-11-20 01:36:05] [TRACE]   [OmnipathR] JSON validation successful: TRUE
[2024-11-20 01:36:05] [INFO]    [OmnipathR] Cache item `30e690cbb55dfc63b5903ab337f34ffc2f4be397` version 1: status changed from `started` to `ready`.
[2024-11-20 01:36:05] [INFO]    [OmnipathR] Loaded database `Ensembl and OMA organism names`.
[2024-11-20 01:36:05] [TRACE]   [OmnipathR] Arguments for OmniPath query: [wide=TRUE,resources=TFcensus,query_type=annotations]
[2024-11-20 01:36:05] [TRACE]   [OmnipathR] Organism(s): 9606
[2024-11-20 01:36:05] [TRACE]   [OmnipathR] Orthology targets: 
[2024-11-20 01:36:06] [TRACE]   [OmnipathR] Reading JSON from `https://omnipathdb.org/resources` (encoding: UTF-8).
[2024-11-20 01:36:06] [TRACE]   [OmnipathR] JSON validation successful: TRUE
[2024-11-20 01:36:06] [TRACE]   [OmnipathR] Looking up in cache: `https://omnipathdb.org/annotations?resources=TFcensus&license=academic`
[2024-11-20 01:36:06] [INFO]    [OmnipathR] Cache record does not exist: `https://omnipathdb.org/annotations?resources=TFcensus&license=academic`
[2024-11-20 01:36:06] [TRACE]   [OmnipathR] Looking up in cache: `http://no-tls.omnipathdb.org/annotations?resources=TFcensus&license=academic`
[2024-11-20 01:36:06] [INFO]    [OmnipathR] Cache record does not exist: `http://no-tls.omnipathdb.org/annotations?resources=TFcensus&license=academic`
[2024-11-20 01:36:06] [TRACE]   [OmnipathR] Attempting `https://omnipathdb.org/annotations?resources=TFcensus&license=academic`
[2024-11-20 01:36:06] [INFO]    [OmnipathR] Retrieving URL: `https://omnipathdb.org/annotations?resources=TFcensus&license=academic`
[2024-11-20 01:36:06] [TRACE]   [OmnipathR] Attempt 1/3: `https://omnipathdb.org/annotations?resources=TFcensus&license=academic`
[2024-11-20 01:36:06] [INFO]    [OmnipathR] Successfully retrieved: `https://omnipathdb.org/annotations?resources=TFcensus&license=academic`
[2024-11-20 01:36:06] [TRACE]   [OmnipathR] Reading JSON from `/media/volume/teran2_disk/biocbuild/.cache/OmnipathR/cache.json` (encoding: UTF-8).
[2024-11-20 01:36:06] [TRACE]   [OmnipathR] JSON validation successful: TRUE
[2024-11-20 01:36:06] [TRACE]   [OmnipathR] Reading JSON from `/media/volume/teran2_disk/biocbuild/.cache/OmnipathR/cache.json` (encoding: UTF-8).
[2024-11-20 01:36:06] [TRACE]   [OmnipathR] JSON validation successful: TRUE
[2024-11-20 01:36:06] [INFO]    [OmnipathR] Cache item `6f000d9b5edd9832b1c28754d1c3d9449c1c7490` version 1: status changed from `unknown` to `started`.
[2024-11-20 01:36:06] [TRACE]   [OmnipathR] Exporting object to RDS: `/media/volume/teran2_disk/biocbuild/.cache/OmnipathR/6f000d9b5edd9832b1c28754d1c3d9449c1c7490-1.rds`.
[2024-11-20 01:36:06] [TRACE]   [OmnipathR] Exported RDS to `/media/volume/teran2_disk/biocbuild/.cache/OmnipathR/6f000d9b5edd9832b1c28754d1c3d9449c1c7490-1.rds`.
[2024-11-20 01:36:06] [INFO]    [OmnipathR] Download ready [key=6f000d9b5edd9832b1c28754d1c3d9449c1c7490, version=1]
[2024-11-20 01:36:06] [TRACE]   [OmnipathR] Reading JSON from `/media/volume/teran2_disk/biocbuild/.cache/OmnipathR/cache.json` (encoding: UTF-8).
[2024-11-20 01:36:06] [TRACE]   [OmnipathR] JSON validation successful: TRUE
[2024-11-20 01:36:06] [INFO]    [OmnipathR] Cache item `6f000d9b5edd9832b1c28754d1c3d9449c1c7490` version 1: status changed from `started` to `ready`.
[2024-11-20 01:36:06] [SUCCESS] [OmnipathR] Downloaded 3099 annotation records.
[2024-11-20 01:36:07] [TRACE]   [OmnipathR] Reading JSON from `https://omnipathdb.org/resources` (encoding: UTF-8).
[2024-11-20 01:36:07] [TRACE]   [OmnipathR] JSON validation successful: TRUE
[2024-11-20 01:36:07] [TRACE]   [OmnipathR] Arguments for OmniPath query: [wide=TRUE,resources=PROGENy,query_type=annotations]
[2024-11-20 01:36:07] [TRACE]   [OmnipathR] Organism(s): 9606
[2024-11-20 01:36:07] [TRACE]   [OmnipathR] Orthology targets: 
[2024-11-20 01:36:08] [TRACE]   [OmnipathR] Reading JSON from `https://omnipathdb.org/resources` (encoding: UTF-8).
[2024-11-20 01:36:08] [TRACE]   [OmnipathR] JSON validation successful: TRUE
[2024-11-20 01:36:08] [TRACE]   [OmnipathR] Looking up in cache: `https://omnipathdb.org/annotations?resources=PROGENy&license=academic`
[2024-11-20 01:36:08] [INFO]    [OmnipathR] Cache record does not exist: `https://omnipathdb.org/annotations?resources=PROGENy&license=academic`
[2024-11-20 01:36:08] [TRACE]   [OmnipathR] Looking up in cache: `http://no-tls.omnipathdb.org/annotations?resources=PROGENy&license=academic`
[2024-11-20 01:36:08] [INFO]    [OmnipathR] Cache record does not exist: `http://no-tls.omnipathdb.org/annotations?resources=PROGENy&license=academic`
[2024-11-20 01:36:08] [TRACE]   [OmnipathR] Attempting `https://omnipathdb.org/annotations?resources=PROGENy&license=academic`
[2024-11-20 01:36:08] [INFO]    [OmnipathR] Retrieving URL: `https://omnipathdb.org/annotations?resources=PROGENy&license=academic`
[2024-11-20 01:36:08] [TRACE]   [OmnipathR] Attempt 1/3: `https://omnipathdb.org/annotations?resources=PROGENy&license=academic`
[2024-11-20 01:36:11] [INFO]    [OmnipathR] Successfully retrieved: `https://omnipathdb.org/annotations?resources=PROGENy&license=academic`
[2024-11-20 01:36:11] [TRACE]   [OmnipathR] Reading JSON from `/media/volume/teran2_disk/biocbuild/.cache/OmnipathR/cache.json` (encoding: UTF-8).
[2024-11-20 01:36:11] [TRACE]   [OmnipathR] JSON validation successful: TRUE
[2024-11-20 01:36:11] [TRACE]   [OmnipathR] Reading JSON from `/media/volume/teran2_disk/biocbuild/.cache/OmnipathR/cache.json` (encoding: UTF-8).
[2024-11-20 01:36:11] [TRACE]   [OmnipathR] JSON validation successful: TRUE
[2024-11-20 01:36:11] [INFO]    [OmnipathR] Cache item `3492392585ba05414edfae46801492076437d7e7` version 1: status changed from `unknown` to `started`.
[2024-11-20 01:36:11] [TRACE]   [OmnipathR] Exporting object to RDS: `/media/volume/teran2_disk/biocbuild/.cache/OmnipathR/3492392585ba05414edfae46801492076437d7e7-1.rds`.
[2024-11-20 01:36:13] [TRACE]   [OmnipathR] Exported RDS to `/media/volume/teran2_disk/biocbuild/.cache/OmnipathR/3492392585ba05414edfae46801492076437d7e7-1.rds`.
[2024-11-20 01:36:13] [INFO]    [OmnipathR] Download ready [key=3492392585ba05414edfae46801492076437d7e7, version=1]
[2024-11-20 01:36:13] [TRACE]   [OmnipathR] Reading JSON from `/media/volume/teran2_disk/biocbuild/.cache/OmnipathR/cache.json` (encoding: UTF-8).
[2024-11-20 01:36:13] [TRACE]   [OmnipathR] JSON validation successful: TRUE
[2024-11-20 01:36:13] [INFO]    [OmnipathR] Cache item `3492392585ba05414edfae46801492076437d7e7` version 1: status changed from `started` to `ready`.
[2024-11-20 01:36:13] [SUCCESS] [OmnipathR] Downloaded 700239 annotation records.
[2024-11-20 01:36:16] [TRACE]   [OmnipathR] Reading JSON from `https://omnipathdb.org/resources` (encoding: UTF-8).
[2024-11-20 01:36:16] [TRACE]   [OmnipathR] JSON validation successful: TRUE
[2024-11-20 01:36:16] [TRACE]   [OmnipathR] Arguments for OmniPath query: [wide=TRUE,resources=PROGENy,query_type=annotations]
[2024-11-20 01:36:16] [TRACE]   [OmnipathR] Organism(s): 9606
[2024-11-20 01:36:16] [TRACE]   [OmnipathR] Orthology targets: 
[2024-11-20 01:36:17] [TRACE]   [OmnipathR] Reading JSON from `https://omnipathdb.org/resources` (encoding: UTF-8).
[2024-11-20 01:36:17] [TRACE]   [OmnipathR] JSON validation successful: TRUE
[2024-11-20 01:36:17] [TRACE]   [OmnipathR] Looking up in cache: `https://omnipathdb.org/annotations?resources=PROGENy&license=academic`
[2024-11-20 01:36:19] [TRACE]   [OmnipathR] Loaded data from RDS `/media/volume/teran2_disk/biocbuild/.cache/OmnipathR/3492392585ba05414edfae46801492076437d7e7-1.rds`.
[2024-11-20 01:36:19] [INFO]    [OmnipathR] Loaded from cache: `https://omnipathdb.org/annotations?resources=PROGENy&license=academic`
[2024-11-20 01:36:19] [SUCCESS] [OmnipathR] Loaded 700239 annotation records from cache.
[2024-11-20 01:36:21] [INFO]    [OmnipathR] Loading database `Orthologous Matrix (OMA) gene pairs`.
[2024-11-20 01:36:21] [TRACE]   [OmnipathR] Looking up in cache: `https://omabrowser.org/All/oma-species.txt`.
[2024-11-20 01:36:21] [TRACE]   [OmnipathR] Loaded data from RDS `/media/volume/teran2_disk/biocbuild/.cache/OmnipathR/30e690cbb55dfc63b5903ab337f34ffc2f4be397-1.rds`.
[2024-11-20 01:36:21] [TRACE]   [OmnipathR] Looking up in cache: `https://omabrowser.org/All/oma-species.txt`.
[2024-11-20 01:36:21] [TRACE]   [OmnipathR] Loaded data from RDS `/media/volume/teran2_disk/biocbuild/.cache/OmnipathR/30e690cbb55dfc63b5903ab337f34ffc2f4be397-1.rds`.
[2024-11-20 01:36:21] [TRACE]   [OmnipathR] Looking up in cache: `https://omabrowser.org/api/pairs/HUMAN/MOUSE/?format=tsv&xrefs=UniProtKB%2FSwissProt&per_page=2000000`.
[2024-11-20 01:36:21] [INFO]    [OmnipathR] Cache record does not exist: `https://omabrowser.org/api/pairs/HUMAN/MOUSE/?format=tsv&xrefs=UniProtKB%2FSwissProt&per_page=2000000`
[2024-11-20 01:36:21] [TRACE]   [OmnipathR] Could not find in cache, initiating download: `https://omabrowser.org/api/pairs/HUMAN/MOUSE/?format=tsv&xrefs=UniProtKB%2FSwissProt&per_page=2000000`.
[2024-11-20 01:36:21] [TRACE]   [OmnipathR] Reading JSON from `/media/volume/teran2_disk/biocbuild/.cache/OmnipathR/cache.json` (encoding: UTF-8).
[2024-11-20 01:36:21] [TRACE]   [OmnipathR] JSON validation successful: TRUE
[2024-11-20 01:36:21] [TRACE]   [OmnipathR] Reading JSON from `/media/volume/teran2_disk/biocbuild/.cache/OmnipathR/cache.json` (encoding: UTF-8).
[2024-11-20 01:36:21] [TRACE]   [OmnipathR] JSON validation successful: TRUE
[2024-11-20 01:36:21] [INFO]    [OmnipathR] Cache item `8f45b25c384d814c7de210e7ca40b7e35894e4f1` version 1: status changed from `unknown` to `started`.
[2024-11-20 01:36:21] [TRACE]   [OmnipathR] Exporting object to RDS: `/media/volume/teran2_disk/biocbuild/.cache/OmnipathR/8f45b25c384d814c7de210e7ca40b7e35894e4f1-1.rds`.
[2024-11-20 01:36:21] [INFO]    [OmnipathR] Retrieving URL: `https://omabrowser.org/api/pairs/HUMAN/MOUSE/?format=tsv&xrefs=UniProtKB%2FSwissProt&per_page=2000000`
[2024-11-20 01:36:21] [TRACE]   [OmnipathR] Attempt 1/3: `https://omabrowser.org/api/pairs/HUMAN/MOUSE/?format=tsv&xrefs=UniProtKB%2FSwissProt&per_page=2000000`
[2024-11-20 01:36:52] [TRACE]   [OmnipathR] Exported RDS to `/media/volume/teran2_disk/biocbuild/.cache/OmnipathR/8f45b25c384d814c7de210e7ca40b7e35894e4f1-1.rds`.
[2024-11-20 01:36:52] [INFO]    [OmnipathR] Download ready [key=8f45b25c384d814c7de210e7ca40b7e35894e4f1, version=1]
[2024-11-20 01:36:52] [TRACE]   [OmnipathR] Reading JSON from `/media/volume/teran2_disk/biocbuild/.cache/OmnipathR/cache.json` (encoding: UTF-8).
[2024-11-20 01:36:52] [TRACE]   [OmnipathR] JSON validation successful: TRUE
[2024-11-20 01:36:52] [INFO]    [OmnipathR] Cache item `8f45b25c384d814c7de210e7ca40b7e35894e4f1` version 1: status changed from `started` to `ready`.
[2024-11-20 01:36:52] [TRACE]   [OmnipathR] ID translation table: from `uniprot_entry` to `uniprot`, using `uniprot`.
[2024-11-20 01:36:52] [TRACE]   [OmnipathR] Creating ID mapping table from `id` to `accession`, for organism 9606 (only reviewed: TRUE)
[2024-11-20 01:36:52] [TRACE]   [OmnipathR] Loading all UniProt records for organism 9606 (only reviewed: TRUE); fields: id,accession
[2024-11-20 01:36:52] [TRACE]   [OmnipathR] Looking up in cache: `https://rest.uniprot.org/uniprotkb/stream?format=tsv&fields=id,accession&query=organism_id:9606%20AND%20reviewed:true`.
[2024-11-20 01:36:52] [INFO]    [OmnipathR] Cache record does not exist: `https://rest.uniprot.org/uniprotkb/stream?format=tsv&fields=id,accession&query=organism_id:9606%20AND%20reviewed:true`
[2024-11-20 01:36:52] [TRACE]   [OmnipathR] Could not find in cache, initiating download: `https://rest.uniprot.org/uniprotkb/stream?format=tsv&fields=id,accession&query=organism_id:9606%20AND%20reviewed:true`.
[2024-11-20 01:36:52] [TRACE]   [OmnipathR] Reading JSON from `/media/volume/teran2_disk/biocbuild/.cache/OmnipathR/cache.json` (encoding: UTF-8).
[2024-11-20 01:36:52] [TRACE]   [OmnipathR] JSON validation successful: TRUE
[2024-11-20 01:36:52] [TRACE]   [OmnipathR] Reading JSON from `/media/volume/teran2_disk/biocbuild/.cache/OmnipathR/cache.json` (encoding: UTF-8).
[2024-11-20 01:36:52] [TRACE]   [OmnipathR] JSON validation successful: TRUE
[2024-11-20 01:36:52] [INFO]    [OmnipathR] Cache item `6558a1824894a625b8e3f80538cd3aa6e8a44379` version 1: status changed from `unknown` to `started`.
[2024-11-20 01:36:52] [TRACE]   [OmnipathR] Exporting object to RDS: `/media/volume/teran2_disk/biocbuild/.cache/OmnipathR/6558a1824894a625b8e3f80538cd3aa6e8a44379-1.rds`.
[2024-11-20 01:36:52] [INFO]    [OmnipathR] Retrieving URL: `https://rest.uniprot.org/uniprotkb/stream?format=tsv&fields=id,accession&query=organism_id:9606%20AND%20reviewed:true`
[2024-11-20 01:36:52] [TRACE]   [OmnipathR] Attempt 1/3: `https://rest.uniprot.org/uniprotkb/stream?format=tsv&fields=id,accession&query=organism_id:9606%20AND%20reviewed:true`
[2024-11-20 01:39:31] [TRACE]   [OmnipathR] Exported RDS to `/media/volume/teran2_disk/biocbuild/.cache/OmnipathR/6558a1824894a625b8e3f80538cd3aa6e8a44379-1.rds`.
[2024-11-20 01:39:31] [INFO]    [OmnipathR] Download ready [key=6558a1824894a625b8e3f80538cd3aa6e8a44379, version=1]
[2024-11-20 01:39:31] [TRACE]   [OmnipathR] Reading JSON from `/media/volume/teran2_disk/biocbuild/.cache/OmnipathR/cache.json` (encoding: UTF-8).
[2024-11-20 01:39:31] [TRACE]   [OmnipathR] JSON validation successful: TRUE
[2024-11-20 01:39:31] [INFO]    [OmnipathR] Cache item `6558a1824894a625b8e3f80538cd3aa6e8a44379` version 1: status changed from `started` to `ready`.
[2024-11-20 01:39:31] [SUCCESS] [OmnipathR] UniProt (rest.uniprot.org): downloaded 20428 records
[2024-11-20 01:39:32] [TRACE]   [OmnipathR] Translating complexes: 0 complexes in data.
[2024-11-20 01:39:32] [TRACE]   [OmnipathR] 0 complexes after removing the ones mapping to more than 1 items in target identifier space.
[2024-11-20 01:39:32] [TRACE]   [OmnipathR] Translated 0 complexes to 0.
[2024-11-20 01:39:32] [TRACE]   [OmnipathR] 13774 rows before translation, 13774 uniprot_entry IDs in column `id_organism_a`.
[2024-11-20 01:39:32] [TRACE]   [OmnipathR] 13774 rows after translation; translated 13575 `uniprot_entry` IDs in column `id_organism_a` to 13575 `uniprot` IDs in column `id_organism_a`.
[2024-11-20 01:39:32] [TRACE]   [OmnipathR] ID translation table: from `uniprot_entry` to `uniprot`, using `uniprot`.
[2024-11-20 01:39:32] [TRACE]   [OmnipathR] Creating ID mapping table from `id` to `accession`, for organism 10090 (only reviewed: TRUE)
[2024-11-20 01:39:32] [TRACE]   [OmnipathR] Loading all UniProt records for organism 10090 (only reviewed: TRUE); fields: id,accession
[2024-11-20 01:39:32] [TRACE]   [OmnipathR] Looking up in cache: `https://rest.uniprot.org/uniprotkb/stream?format=tsv&fields=id,accession&query=organism_id:10090%20AND%20reviewed:true`.
[2024-11-20 01:39:32] [INFO]    [OmnipathR] Cache record does not exist: `https://rest.uniprot.org/uniprotkb/stream?format=tsv&fields=id,accession&query=organism_id:10090%20AND%20reviewed:true`
[2024-11-20 01:39:32] [TRACE]   [OmnipathR] Could not find in cache, initiating download: `https://rest.uniprot.org/uniprotkb/stream?format=tsv&fields=id,accession&query=organism_id:10090%20AND%20reviewed:true`.
[2024-11-20 01:39:32] [TRACE]   [OmnipathR] Reading JSON from `/media/volume/teran2_disk/biocbuild/.cache/OmnipathR/cache.json` (encoding: UTF-8).
[2024-11-20 01:39:32] [TRACE]   [OmnipathR] JSON validation successful: TRUE
[2024-11-20 01:39:32] [TRACE]   [OmnipathR] Reading JSON from `/media/volume/teran2_disk/biocbuild/.cache/OmnipathR/cache.json` (encoding: UTF-8).
[2024-11-20 01:39:32] [TRACE]   [OmnipathR] JSON validation successful: TRUE
[2024-11-20 01:39:32] [INFO]    [OmnipathR] Cache item `43ea5f2cdaa9ac7e0e114371af97235cdddd776f` version 1: status changed from `unknown` to `started`.
[2024-11-20 01:39:32] [TRACE]   [OmnipathR] Exporting object to RDS: `/media/volume/teran2_disk/biocbuild/.cache/OmnipathR/43ea5f2cdaa9ac7e0e114371af97235cdddd776f-1.rds`.
[2024-11-20 01:39:32] [INFO]    [OmnipathR] Retrieving URL: `https://rest.uniprot.org/uniprotkb/stream?format=tsv&fields=id,accession&query=organism_id:10090%20AND%20reviewed:true`
[2024-11-20 01:39:32] [TRACE]   [OmnipathR] Attempt 1/3: `https://rest.uniprot.org/uniprotkb/stream?format=tsv&fields=id,accession&query=organism_id:10090%20AND%20reviewed:true`
[2024-11-20 01:39:42] [TRACE]   [OmnipathR] Exported RDS to `/media/volume/teran2_disk/biocbuild/.cache/OmnipathR/43ea5f2cdaa9ac7e0e114371af97235cdddd776f-1.rds`.
[2024-11-20 01:39:42] [INFO]    [OmnipathR] Download ready [key=43ea5f2cdaa9ac7e0e114371af97235cdddd776f, version=1]
[2024-11-20 01:39:42] [TRACE]   [OmnipathR] Reading JSON from `/media/volume/teran2_disk/biocbuild/.cache/OmnipathR/cache.json` (encoding: UTF-8).
[2024-11-20 01:39:42] [TRACE]   [OmnipathR] JSON validation successful: TRUE
[2024-11-20 01:39:42] [INFO]    [OmnipathR] Cache item `43ea5f2cdaa9ac7e0e114371af97235cdddd776f` version 1: status changed from `started` to `ready`.
[2024-11-20 01:39:42] [SUCCESS] [OmnipathR] UniProt (rest.uniprot.org): downloaded 17221 records
[2024-11-20 01:39:43] [TRACE]   [OmnipathR] Translating complexes: 0 complexes in data.
[2024-11-20 01:39:43] [TRACE]   [OmnipathR] 0 complexes after removing the ones mapping to more than 1 items in target identifier space.
[2024-11-20 01:39:43] [TRACE]   [OmnipathR] Translated 0 complexes to 0.
[2024-11-20 01:39:43] [TRACE]   [OmnipathR] 13774 rows before translation, 13773 uniprot_entry IDs in column `id_organism_b`.
[2024-11-20 01:39:43] [TRACE]   [OmnipathR] 13774 rows after translation; translated 13279 `uniprot_entry` IDs in column `id_organism_b` to 13279 `uniprot` IDs in column `id_organism_b`.
[2024-11-20 01:39:43] [INFO]    [OmnipathR] Loaded database `Orthologous Matrix (OMA) gene pairs`.
[2024-11-20 01:39:43] [TRACE]   [OmnipathR] ID translation table: from `uniprot` to `genesymbol`, using `uniprot`.
[2024-11-20 01:39:43] [TRACE]   [OmnipathR] Creating ID mapping table from `accession` to `gene_primary`, for organism 10090 (only reviewed: TRUE)
[2024-11-20 01:39:43] [TRACE]   [OmnipathR] Loading all UniProt records for organism 10090 (only reviewed: TRUE); fields: accession,gene_primary
[2024-11-20 01:39:43] [TRACE]   [OmnipathR] Looking up in cache: `https://rest.uniprot.org/uniprotkb/stream?format=tsv&fields=accession,gene_primary&query=organism_id:10090%20AND%20reviewed:true`.
[2024-11-20 01:39:43] [INFO]    [OmnipathR] Cache record does not exist: `https://rest.uniprot.org/uniprotkb/stream?format=tsv&fields=accession,gene_primary&query=organism_id:10090%20AND%20reviewed:true`
[2024-11-20 01:39:43] [TRACE]   [OmnipathR] Could not find in cache, initiating download: `https://rest.uniprot.org/uniprotkb/stream?format=tsv&fields=accession,gene_primary&query=organism_id:10090%20AND%20reviewed:true`.
[2024-11-20 01:39:43] [TRACE]   [OmnipathR] Reading JSON from `/media/volume/teran2_disk/biocbuild/.cache/OmnipathR/cache.json` (encoding: UTF-8).
[2024-11-20 01:39:43] [TRACE]   [OmnipathR] JSON validation successful: TRUE
[2024-11-20 01:39:43] [TRACE]   [OmnipathR] Reading JSON from `/media/volume/teran2_disk/biocbuild/.cache/OmnipathR/cache.json` (encoding: UTF-8).
[2024-11-20 01:39:43] [TRACE]   [OmnipathR] JSON validation successful: TRUE
[2024-11-20 01:39:43] [INFO]    [OmnipathR] Cache item `3ec84ba713c02573704adb50f1a94dab684df34b` version 1: status changed from `unknown` to `started`.
[2024-11-20 01:39:43] [TRACE]   [OmnipathR] Exporting object to RDS: `/media/volume/teran2_disk/biocbuild/.cache/OmnipathR/3ec84ba713c02573704adb50f1a94dab684df34b-1.rds`.
[2024-11-20 01:39:43] [INFO]    [OmnipathR] Retrieving URL: `https://rest.uniprot.org/uniprotkb/stream?format=tsv&fields=accession,gene_primary&query=organism_id:10090%20AND%20reviewed:true`
[2024-11-20 01:39:43] [TRACE]   [OmnipathR] Attempt 1/3: `https://rest.uniprot.org/uniprotkb/stream?format=tsv&fields=accession,gene_primary&query=organism_id:10090%20AND%20reviewed:true`
[2024-11-20 01:39:53] [TRACE]   [OmnipathR] Exported RDS to `/media/volume/teran2_disk/biocbuild/.cache/OmnipathR/3ec84ba713c02573704adb50f1a94dab684df34b-1.rds`.
[2024-11-20 01:39:53] [INFO]    [OmnipathR] Download ready [key=3ec84ba713c02573704adb50f1a94dab684df34b, version=1]
[2024-11-20 01:39:53] [TRACE]   [OmnipathR] Reading JSON from `/media/volume/teran2_disk/biocbuild/.cache/OmnipathR/cache.json` (encoding: UTF-8).
[2024-11-20 01:39:53] [TRACE]   [OmnipathR] JSON validation successful: TRUE
[2024-11-20 01:39:53] [INFO]    [OmnipathR] Cache item `3ec84ba713c02573704adb50f1a94dab684df34b` version 1: status changed from `started` to `ready`.
[2024-11-20 01:39:53] [SUCCESS] [OmnipathR] UniProt (rest.uniprot.org): downloaded 17221 records
[2024-11-20 01:39:54] [TRACE]   [OmnipathR] Translating complexes: 0 complexes in data.
[2024-11-20 01:39:54] [TRACE]   [OmnipathR] 0 complexes after removing the ones mapping to more than 1 items in target identifier space.
[2024-11-20 01:39:54] [TRACE]   [OmnipathR] Translated 0 complexes to 0.
[2024-11-20 01:39:54] [TRACE]   [OmnipathR] 164253 rows before translation, 12883 uniprot IDs in column `uniprot`.
[2024-11-20 01:39:54] [TRACE]   [OmnipathR] 164253 rows after translation; translated 12883 `uniprot` IDs in column `uniprot` to 12793 `genesymbol` IDs in column `genesymbol`.
[2024-11-20 01:39:54] [TRACE]   [OmnipathR] Arguments for OmniPath query: [dorothea_levels=[A,B,C,D],genesymbols=TRUE,organisms=9606,query_type=interactions,datasets=dorothea]
[2024-11-20 01:39:54] [TRACE]   [OmnipathR] Organism(s): 9606
[2024-11-20 01:39:54] [TRACE]   [OmnipathR] Orthology targets: 
[2024-11-20 01:39:54] [TRACE]   [OmnipathR] Looking up in cache: `https://omnipathdb.org/interactions?genesymbols=yes&datasets=dorothea&organisms=9606&dorothea_levels=A,B,C,D&fields=sources,references,curation_effort,dorothea_level&license=academic`
[2024-11-20 01:39:54] [INFO]    [OmnipathR] Cache record does not exist: `https://omnipathdb.org/interactions?genesymbols=yes&datasets=dorothea&organisms=9606&dorothea_levels=A,B,C,D&fields=sources,references,curation_effort,dorothea_level&license=academic`
[2024-11-20 01:39:54] [TRACE]   [OmnipathR] Looking up in cache: `http://no-tls.omnipathdb.org/interactions?genesymbols=yes&datasets=dorothea&organisms=9606&dorothea_levels=A,B,C,D&fields=sources,references,curation_effort,dorothea_level&license=academic`
[2024-11-20 01:39:54] [INFO]    [OmnipathR] Cache record does not exist: `http://no-tls.omnipathdb.org/interactions?genesymbols=yes&datasets=dorothea&organisms=9606&dorothea_levels=A,B,C,D&fields=sources,references,curation_effort,dorothea_level&license=academic`
[2024-11-20 01:39:54] [TRACE]   [OmnipathR] Attempting `https://omnipathdb.org/interactions?genesymbols=yes&datasets=dorothea&organisms=9606&dorothea_levels=A,B,C,D&fields=sources,references,curation_effort,dorothea_level&license=academic`
[2024-11-20 01:39:54] [INFO]    [OmnipathR] Retrieving URL: `https://omnipathdb.org/interactions?genesymbols=yes&datasets=dorothea&organisms=9606&dorothea_levels=A,B,C,D&fields=sources,references,curation_effort,dorothea_level&license=academic`
[2024-11-20 01:39:54] [TRACE]   [OmnipathR] Attempt 1/3: `https://omnipathdb.org/interactions?genesymbols=yes&datasets=dorothea&organisms=9606&dorothea_levels=A,B,C,D&fields=sources,references,curation_effort,dorothea_level&license=academic`
[2024-11-20 01:39:56] [INFO]    [OmnipathR] Successfully retrieved: `https://omnipathdb.org/interactions?genesymbols=yes&datasets=dorothea&organisms=9606&dorothea_levels=A,B,C,D&fields=sources,references,curation_effort,dorothea_level&license=academic`
[2024-11-20 01:39:56] [TRACE]   [OmnipathR] Reading JSON from `/media/volume/teran2_disk/biocbuild/.cache/OmnipathR/cache.json` (encoding: UTF-8).
[2024-11-20 01:39:56] [TRACE]   [OmnipathR] JSON validation successful: TRUE
[2024-11-20 01:39:56] [TRACE]   [OmnipathR] Reading JSON from `/media/volume/teran2_disk/biocbuild/.cache/OmnipathR/cache.json` (encoding: UTF-8).
[2024-11-20 01:39:56] [TRACE]   [OmnipathR] JSON validation successful: TRUE
[2024-11-20 01:39:56] [INFO]    [OmnipathR] Cache item `46d37339bbc3f9a05bb89ccb79278cf1233f5cdf` version 1: status changed from `unknown` to `started`.
[2024-11-20 01:39:56] [TRACE]   [OmnipathR] Exporting object to RDS: `/media/volume/teran2_disk/biocbuild/.cache/OmnipathR/46d37339bbc3f9a05bb89ccb79278cf1233f5cdf-1.rds`.
[2024-11-20 01:39:57] [TRACE]   [OmnipathR] Exported RDS to `/media/volume/teran2_disk/biocbuild/.cache/OmnipathR/46d37339bbc3f9a05bb89ccb79278cf1233f5cdf-1.rds`.
[2024-11-20 01:39:57] [INFO]    [OmnipathR] Download ready [key=46d37339bbc3f9a05bb89ccb79278cf1233f5cdf, version=1]
[2024-11-20 01:39:57] [TRACE]   [OmnipathR] Reading JSON from `/media/volume/teran2_disk/biocbuild/.cache/OmnipathR/cache.json` (encoding: UTF-8).
[2024-11-20 01:39:57] [TRACE]   [OmnipathR] JSON validation successful: TRUE
[2024-11-20 01:39:57] [INFO]    [OmnipathR] Cache item `46d37339bbc3f9a05bb89ccb79278cf1233f5cdf` version 1: status changed from `started` to `ready`.
[2024-11-20 01:40:05] [SUCCESS] [OmnipathR] Downloaded 278830 interactions.
[2024-11-20 01:40:13] [TRACE]   [OmnipathR] Arguments for OmniPath query: [dorothea_levels=[A,B,C,D],genesymbols=TRUE,organisms=10090,query_type=interactions,datasets=dorothea]
[2024-11-20 01:40:13] [TRACE]   [OmnipathR] Organism(s): 10090
[2024-11-20 01:40:13] [TRACE]   [OmnipathR] Orthology targets: 
[2024-11-20 01:40:13] [TRACE]   [OmnipathR] Looking up in cache: `https://omnipathdb.org/interactions?genesymbols=yes&datasets=dorothea&organisms=10090&dorothea_levels=A,B,C,D&fields=sources,references,curation_effort,dorothea_level&license=academic`
[2024-11-20 01:40:13] [INFO]    [OmnipathR] Cache record does not exist: `https://omnipathdb.org/interactions?genesymbols=yes&datasets=dorothea&organisms=10090&dorothea_levels=A,B,C,D&fields=sources,references,curation_effort,dorothea_level&license=academic`
[2024-11-20 01:40:13] [TRACE]   [OmnipathR] Looking up in cache: `http://no-tls.omnipathdb.org/interactions?genesymbols=yes&datasets=dorothea&organisms=10090&dorothea_levels=A,B,C,D&fields=sources,references,curation_effort,dorothea_level&license=academic`
[2024-11-20 01:40:13] [INFO]    [OmnipathR] Cache record does not exist: `http://no-tls.omnipathdb.org/interactions?genesymbols=yes&datasets=dorothea&organisms=10090&dorothea_levels=A,B,C,D&fields=sources,references,curation_effort,dorothea_level&license=academic`
[2024-11-20 01:40:13] [TRACE]   [OmnipathR] Attempting `https://omnipathdb.org/interactions?genesymbols=yes&datasets=dorothea&organisms=10090&dorothea_levels=A,B,C,D&fields=sources,references,curation_effort,dorothea_level&license=academic`
[2024-11-20 01:40:13] [INFO]    [OmnipathR] Retrieving URL: `https://omnipathdb.org/interactions?genesymbols=yes&datasets=dorothea&organisms=10090&dorothea_levels=A,B,C,D&fields=sources,references,curation_effort,dorothea_level&license=academic`
[2024-11-20 01:40:13] [TRACE]   [OmnipathR] Attempt 1/3: `https://omnipathdb.org/interactions?genesymbols=yes&datasets=dorothea&organisms=10090&dorothea_levels=A,B,C,D&fields=sources,references,curation_effort,dorothea_level&license=academic`
[2024-11-20 01:40:17] [INFO]    [OmnipathR] Successfully retrieved: `https://omnipathdb.org/interactions?genesymbols=yes&datasets=dorothea&organisms=10090&dorothea_levels=A,B,C,D&fields=sources,references,curation_effort,dorothea_level&license=academic`
[2024-11-20 01:40:17] [TRACE]   [OmnipathR] Reading JSON from `/media/volume/teran2_disk/biocbuild/.cache/OmnipathR/cache.json` (encoding: UTF-8).
[2024-11-20 01:40:17] [TRACE]   [OmnipathR] JSON validation successful: TRUE
[2024-11-20 01:40:17] [TRACE]   [OmnipathR] Reading JSON from `/media/volume/teran2_disk/biocbuild/.cache/OmnipathR/cache.json` (encoding: UTF-8).
[2024-11-20 01:40:17] [TRACE]   [OmnipathR] JSON validation successful: TRUE
[2024-11-20 01:40:17] [INFO]    [OmnipathR] Cache item `ff347dedf78ef5e38c9c6d8eed291fa901aa3791` version 1: status changed from `unknown` to `started`.
[2024-11-20 01:40:17] [TRACE]   [OmnipathR] Exporting object to RDS: `/media/volume/teran2_disk/biocbuild/.cache/OmnipathR/ff347dedf78ef5e38c9c6d8eed291fa901aa3791-1.rds`.
[2024-11-20 01:40:18] [TRACE]   [OmnipathR] Exported RDS to `/media/volume/teran2_disk/biocbuild/.cache/OmnipathR/ff347dedf78ef5e38c9c6d8eed291fa901aa3791-1.rds`.
[2024-11-20 01:40:18] [INFO]    [OmnipathR] Download ready [key=ff347dedf78ef5e38c9c6d8eed291fa901aa3791, version=1]
[2024-11-20 01:40:18] [TRACE]   [OmnipathR] Reading JSON from `/media/volume/teran2_disk/biocbuild/.cache/OmnipathR/cache.json` (encoding: UTF-8).
[2024-11-20 01:40:18] [TRACE]   [OmnipathR] JSON validation successful: TRUE
[2024-11-20 01:40:18] [INFO]    [OmnipathR] Cache item `ff347dedf78ef5e38c9c6d8eed291fa901aa3791` version 1: status changed from `started` to `ready`.
[2024-11-20 01:40:23] [SUCCESS] [OmnipathR] Downloaded 234298 interactions.
[2024-11-20 01:40:31] [TRACE]   [OmnipathR] Arguments for OmniPath query: [loops=TRUE,organisms=9606,genesymbols=TRUE,query_type=interactions,datasets=collectri]
[2024-11-20 01:40:31] [TRACE]   [OmnipathR] Organism(s): 9606
[2024-11-20 01:40:31] [TRACE]   [OmnipathR] Orthology targets: 
[2024-11-20 01:40:31] [TRACE]   [OmnipathR] Looking up in cache: `https://omnipathdb.org/interactions?genesymbols=yes&datasets=collectri&organisms=9606&fields=sources,references,curation_effort&loops=yes&license=academic`
[2024-11-20 01:40:31] [INFO]    [OmnipathR] Cache record does not exist: `https://omnipathdb.org/interactions?genesymbols=yes&datasets=collectri&organisms=9606&fields=sources,references,curation_effort&loops=yes&license=academic`
[2024-11-20 01:40:31] [TRACE]   [OmnipathR] Looking up in cache: `http://no-tls.omnipathdb.org/interactions?genesymbols=yes&datasets=collectri&organisms=9606&fields=sources,references,curation_effort&loops=yes&license=academic`
[2024-11-20 01:40:31] [INFO]    [OmnipathR] Cache record does not exist: `http://no-tls.omnipathdb.org/interactions?genesymbols=yes&datasets=collectri&organisms=9606&fields=sources,references,curation_effort&loops=yes&license=academic`
[2024-11-20 01:40:31] [TRACE]   [OmnipathR] Attempting `https://omnipathdb.org/interactions?genesymbols=yes&datasets=collectri&organisms=9606&fields=sources,references,curation_effort&loops=yes&license=academic`
[2024-11-20 01:40:31] [INFO]    [OmnipathR] Retrieving URL: `https://omnipathdb.org/interactions?genesymbols=yes&datasets=collectri&organisms=9606&fields=sources,references,curation_effort&loops=yes&license=academic`
[2024-11-20 01:40:31] [TRACE]   [OmnipathR] Attempt 1/3: `https://omnipathdb.org/interactions?genesymbols=yes&datasets=collectri&organisms=9606&fields=sources,references,curation_effort&loops=yes&license=academic`
[2024-11-20 01:40:34] [INFO]    [OmnipathR] Successfully retrieved: `https://omnipathdb.org/interactions?genesymbols=yes&datasets=collectri&organisms=9606&fields=sources,references,curation_effort&loops=yes&license=academic`
[2024-11-20 01:40:34] [TRACE]   [OmnipathR] Reading JSON from `/media/volume/teran2_disk/biocbuild/.cache/OmnipathR/cache.json` (encoding: UTF-8).
[2024-11-20 01:40:34] [TRACE]   [OmnipathR] JSON validation successful: TRUE
[2024-11-20 01:40:34] [TRACE]   [OmnipathR] Reading JSON from `/media/volume/teran2_disk/biocbuild/.cache/OmnipathR/cache.json` (encoding: UTF-8).
[2024-11-20 01:40:34] [TRACE]   [OmnipathR] JSON validation successful: TRUE
[2024-11-20 01:40:34] [INFO]    [OmnipathR] Cache item `b10176737ba43d460b13709623189f3911123779` version 1: status changed from `unknown` to `started`.
[2024-11-20 01:40:34] [TRACE]   [OmnipathR] Exporting object to RDS: `/media/volume/teran2_disk/biocbuild/.cache/OmnipathR/b10176737ba43d460b13709623189f3911123779-1.rds`.
[2024-11-20 01:40:34] [TRACE]   [OmnipathR] Exported RDS to `/media/volume/teran2_disk/biocbuild/.cache/OmnipathR/b10176737ba43d460b13709623189f3911123779-1.rds`.
[2024-11-20 01:40:34] [INFO]    [OmnipathR] Download ready [key=b10176737ba43d460b13709623189f3911123779, version=1]
[2024-11-20 01:40:34] [TRACE]   [OmnipathR] Reading JSON from `/media/volume/teran2_disk/biocbuild/.cache/OmnipathR/cache.json` (encoding: UTF-8).
[2024-11-20 01:40:34] [TRACE]   [OmnipathR] JSON validation successful: TRUE
[2024-11-20 01:40:34] [INFO]    [OmnipathR] Cache item `b10176737ba43d460b13709623189f3911123779` version 1: status changed from `started` to `ready`.
[2024-11-20 01:40:36] [SUCCESS] [OmnipathR] Downloaded 64958 interactions.
[2024-11-20 01:40:36] [TRACE]   [OmnipathR] Arguments for OmniPath query: [genesymbols=TRUE,resources=CollecTRI,strict_evidences=TRUE,query_type=interactions,datasets=tf_mirna]
[2024-11-20 01:40:36] [TRACE]   [OmnipathR] Organism(s): 9606
[2024-11-20 01:40:36] [TRACE]   [OmnipathR] Orthology targets: 
[2024-11-20 01:40:37] [TRACE]   [OmnipathR] Reading JSON from `https://omnipathdb.org/resources` (encoding: UTF-8).
[2024-11-20 01:40:37] [TRACE]   [OmnipathR] JSON validation successful: TRUE
[2024-11-20 01:40:37] [TRACE]   [OmnipathR] Looking up in cache: `https://omnipathdb.org/interactions?genesymbols=yes&resources=CollecTRI&datasets=tf_mirna&organisms=9606&fields=evidences,sources,references,curation_effort&license=academic`
[2024-11-20 01:40:37] [INFO]    [OmnipathR] Cache record does not exist: `https://omnipathdb.org/interactions?genesymbols=yes&resources=CollecTRI&datasets=tf_mirna&organisms=9606&fields=evidences,sources,references,curation_effort&license=academic`
[2024-11-20 01:40:37] [TRACE]   [OmnipathR] Looking up in cache: `http://no-tls.omnipathdb.org/interactions?genesymbols=yes&resources=CollecTRI&datasets=tf_mirna&organisms=9606&fields=evidences,sources,references,curation_effort&license=academic`
[2024-11-20 01:40:37] [INFO]    [OmnipathR] Cache record does not exist: `http://no-tls.omnipathdb.org/interactions?genesymbols=yes&resources=CollecTRI&datasets=tf_mirna&organisms=9606&fields=evidences,sources,references,curation_effort&license=academic`
[2024-11-20 01:40:37] [TRACE]   [OmnipathR] Attempting `https://omnipathdb.org/interactions?genesymbols=yes&resources=CollecTRI&datasets=tf_mirna&organisms=9606&fields=evidences,sources,references,curation_effort&license=academic`
[2024-11-20 01:40:37] [INFO]    [OmnipathR] Retrieving URL: `https://omnipathdb.org/interactions?genesymbols=yes&resources=CollecTRI&datasets=tf_mirna&organisms=9606&fields=evidences,sources,references,curation_effort&license=academic`
[2024-11-20 01:40:37] [TRACE]   [OmnipathR] Attempt 1/3: `https://omnipathdb.org/interactions?genesymbols=yes&resources=CollecTRI&datasets=tf_mirna&organisms=9606&fields=evidences,sources,references,curation_effort&license=academic`
[2024-11-20 01:40:37] [INFO]    [OmnipathR] Successfully retrieved: `https://omnipathdb.org/interactions?genesymbols=yes&resources=CollecTRI&datasets=tf_mirna&organisms=9606&fields=evidences,sources,references,curation_effort&license=academic`
[2024-11-20 01:40:37] [TRACE]   [OmnipathR] Reading JSON from `/media/volume/teran2_disk/biocbuild/.cache/OmnipathR/cache.json` (encoding: UTF-8).
[2024-11-20 01:40:37] [TRACE]   [OmnipathR] JSON validation successful: TRUE
[2024-11-20 01:40:37] [TRACE]   [OmnipathR] Reading JSON from `/media/volume/teran2_disk/biocbuild/.cache/OmnipathR/cache.json` (encoding: UTF-8).
[2024-11-20 01:40:37] [TRACE]   [OmnipathR] JSON validation successful: TRUE
[2024-11-20 01:40:37] [INFO]    [OmnipathR] Cache item `f7d34500401ba98803b7d2b26c48f64cee1eea1b` version 1: status changed from `unknown` to `started`.
[2024-11-20 01:40:37] [TRACE]   [OmnipathR] Exporting object to RDS: `/media/volume/teran2_disk/biocbuild/.cache/OmnipathR/f7d34500401ba98803b7d2b26c48f64cee1eea1b-1.rds`.
[2024-11-20 01:40:37] [TRACE]   [OmnipathR] Exported RDS to `/media/volume/teran2_disk/biocbuild/.cache/OmnipathR/f7d34500401ba98803b7d2b26c48f64cee1eea1b-1.rds`.
[2024-11-20 01:40:37] [INFO]    [OmnipathR] Download ready [key=f7d34500401ba98803b7d2b26c48f64cee1eea1b, version=1]
[2024-11-20 01:40:37] [TRACE]   [OmnipathR] Reading JSON from `/media/volume/teran2_disk/biocbuild/.cache/OmnipathR/cache.json` (encoding: UTF-8).
[2024-11-20 01:40:37] [TRACE]   [OmnipathR] JSON validation successful: TRUE
[2024-11-20 01:40:37] [INFO]    [OmnipathR] Cache item `f7d34500401ba98803b7d2b26c48f64cee1eea1b` version 1: status changed from `started` to `ready`.
[2024-11-20 01:40:37] [TRACE]   [OmnipathR] Converting JSON column `evidences` to list.
[2024-11-20 01:40:37] [TRACE]   [OmnipathR] Restricting interaction records to datasets: tf_mirna; and resources: CollecTRI
[2024-11-20 01:40:37] [TRACE]   [OmnipathR] Filtering evidence columns: positive, negative, directed, undirected; to datasets: tf_mirna; and resources: CollecTRI; excluding resources: none
[2024-11-20 01:40:38] [SUCCESS] [OmnipathR] Downloaded 232 interactions.
[2024-11-20 01:40:38] [TRACE]   [OmnipathR] Arguments for OmniPath query: [loops=TRUE,organisms=9606,genesymbols=TRUE,query_type=interactions,datasets=collectri]
[2024-11-20 01:40:38] [TRACE]   [OmnipathR] Organism(s): 9606
[2024-11-20 01:40:38] [TRACE]   [OmnipathR] Orthology targets: 
[2024-11-20 01:40:38] [TRACE]   [OmnipathR] Looking up in cache: `https://omnipathdb.org/interactions?genesymbols=yes&datasets=collectri&organisms=9606&fields=sources,references,curation_effort&loops=yes&license=academic`
[2024-11-20 01:40:38] [TRACE]   [OmnipathR] Loaded data from RDS `/media/volume/teran2_disk/biocbuild/.cache/OmnipathR/b10176737ba43d460b13709623189f3911123779-1.rds`.
[2024-11-20 01:40:38] [INFO]    [OmnipathR] Loaded from cache: `https://omnipathdb.org/interactions?genesymbols=yes&datasets=collectri&organisms=9606&fields=sources,references,curation_effort&loops=yes&license=academic`
[2024-11-20 01:40:39] [SUCCESS] [OmnipathR] Loaded 64958 interactions from cache.
[2024-11-20 01:40:40] [TRACE]   [OmnipathR] Arguments for OmniPath query: [genesymbols=TRUE,resources=CollecTRI,strict_evidences=TRUE,query_type=interactions,datasets=tf_mirna]
[2024-11-20 01:40:40] [TRACE]   [OmnipathR] Organism(s): 9606
[2024-11-20 01:40:40] [TRACE]   [OmnipathR] Orthology targets: 
[2024-11-20 01:40:40] [TRACE]   [OmnipathR] Reading JSON from `https://omnipathdb.org/resources` (encoding: UTF-8).
[2024-11-20 01:40:40] [TRACE]   [OmnipathR] JSON validation successful: TRUE
[2024-11-20 01:40:40] [TRACE]   [OmnipathR] Looking up in cache: `https://omnipathdb.org/interactions?genesymbols=yes&resources=CollecTRI&datasets=tf_mirna&organisms=9606&fields=evidences,sources,references,curation_effort&license=academic`
[2024-11-20 01:40:40] [TRACE]   [OmnipathR] Loaded data from RDS `/media/volume/teran2_disk/biocbuild/.cache/OmnipathR/f7d34500401ba98803b7d2b26c48f64cee1eea1b-1.rds`.
[2024-11-20 01:40:40] [INFO]    [OmnipathR] Loaded from cache: `https://omnipathdb.org/interactions?genesymbols=yes&resources=CollecTRI&datasets=tf_mirna&organisms=9606&fields=evidences,sources,references,curation_effort&license=academic`
[2024-11-20 01:40:40] [TRACE]   [OmnipathR] Converting JSON column `evidences` to list.
[2024-11-20 01:40:40] [TRACE]   [OmnipathR] Restricting interaction records to datasets: tf_mirna; and resources: CollecTRI
[2024-11-20 01:40:40] [TRACE]   [OmnipathR] Filtering evidence columns: positive, negative, directed, undirected; to datasets: tf_mirna; and resources: CollecTRI; excluding resources: none
[2024-11-20 01:40:41] [SUCCESS] [OmnipathR] Downloaded 232 interactions.
  |                                                                            
  |                                                                      |   0%
  |                                                                            
  |======================================================================| 100%
  |                                                                            
  |                                                                      |   0%
  |                                                                            
  |======================================================================| 100%
  |                                                                            
  |                                                                      |   0%
  |                                                                            
  |======================================================================| 100%
  |                                                                            
  |                                                                      |   0%
  |                                                                            
  |======================================================================| 100%
  |                                                                            
  |                                                                      |   0%
  |                                                                            
  |======================================================================| 100%
  |                                                                            
  |                                                                      |   0%
  |                                                                            
  |======================================================================| 100%
  |                                                                            
  |                                                                      |   0%
  |                                                                            
  |======================================================================| 100%
  |                                                                            
  |                                                                      |   0%
  |                                                                            
  |======================================================================| 100%
  |                                                                            
  |                                                                      |   0%
  |                                                                            
  |======================================================================| 100%
  |                                                                            
  |                                                                      |   0%
  |                                                                            
  |======================================================================| 100%
  |                                                                            
  |                                                                      |   0%
  |                                                                            
  |======================================================================| 100%
  |                                                                            
  |                                                                      |   0%
  |                                                                            
  |======================================================================| 100%
  |                                                                            
  |                                                                      |   0%
  |                                                                            
  |===================================                                   |  50%
  |                                                                            
  |======================================================================| 100%
  |                                                                            
  |                                                                      |   0%
  |                                                                            
  |===================================                                   |  50%
  |                                                                            
  |======================================================================| 100%
  |                                                                            
  |                                                                      |   0%
  |                                                                            
  |===================================                                   |  50%
  |                                                                            
  |======================================================================| 100%
  |                                                                            
  |                                                                      |   0%
  |                                                                            
  |===================================                                   |  50%
  |                                                                            
  |======================================================================| 100%
  |                                                                            
  |                                                                      |   0%
  |                                                                            
  |===================================                                   |  50%
  |                                                                            
  |======================================================================| 100%
  |                                                                            
  |                                                                      |   0%
  |                                                                            
  |===================================                                   |  50%
  |                                                                            
  |======================================================================| 100%
  |                                                                            
  |                                                                      |   0%
  |                                                                            
  |===================================                                   |  50%
  |                                                                            
  |======================================================================| 100%
  |                                                                            
  |                                                                      |   0%
  |                                                                            
  |===================================                                   |  50%
  |                                                                            
  |======================================================================| 100%
  |                                                                            
  |                                                                      |   0%
  |                                                                            
  |===================================                                   |  50%
  |                                                                            
  |======================================================================| 100%
  |                                                                            
  |                                                                      |   0%
  |                                                                            
  |===================================                                   |  50%
  |                                                                            
  |======================================================================| 100%
  |                                                                            
  |                                                                      |   0%
  |                                                                            
  |===================================                                   |  50%
  |                                                                            
  |======================================================================| 100%
  |                                                                            
  |                                                                      |   0%
  |                                                                            
  |===================================                                   |  50%
  |                                                                            
  |======================================================================| 100%
Attaching package: 'dplyr'
The following object is masked from 'package:testthat':
    matches
The following objects are masked from 'package:stats':
    filter, lag
The following objects are masked from 'package:base':
    intersect, setdiff, setequal, union
[ FAIL 0 | WARN 9 | SKIP 0 | PASS 35 ]
[ FAIL 0 | WARN 9 | SKIP 0 | PASS 35 ]
> 
> proc.time()
   user  system elapsed 
123.266  11.174 380.241 
decoupleR.Rcheck/decoupleR-Ex.timings
| name | user | system | elapsed | |
| check_corr | 0.060 | 0.015 | 0.150 | |
| convert_f_defaults | 0.016 | 0.009 | 0.049 | |
| decouple | 0.000 | 0.000 | 0.001 | |
| dot-fit_preprocessing | 0.018 | 0.000 | 0.037 | |
| extract_sets | 0.014 | 0.001 | 0.027 | |
| filt_minsize | 0.034 | 0.001 | 0.059 | |
| get_collectri | 5.356 | 0.256 | 11.435 | |
| get_dorothea | 16.413 | 0.141 | 21.116 | |
| get_profile_of | 0.000 | 0.000 | 0.001 | |
| get_progeny | 3.915 | 0.165 | 7.154 | |
| get_resource | 0.277 | 0.005 | 1.967 | |
| get_toy_data | 0.001 | 0.000 | 0.001 | |
| intersect_regulons | 0.020 | 0.000 | 0.044 | |
| pipe | 0.001 | 0.000 | 0.000 | |
| pivot_wider_profile | 0 | 0 | 0 | |
| randomize_matrix | 0 | 0 | 0 | |
| rename_net | 0.028 | 0.000 | 0.053 | |
| run_aucell | 5.902 | 0.180 | 7.203 | |
| run_consensus | 1.350 | 0.225 | 1.767 | |
| run_fgsea | 21.639 | 0.016 | 25.940 | |
| run_gsva | 0.979 | 0.048 | 2.055 | |
| run_mdt | 0.106 | 0.007 | 0.347 | |
| run_mlm | 0.067 | 0.000 | 0.092 | |
| run_ora | 0.305 | 0.001 | 0.504 | |
| run_udt | 0.191 | 0.001 | 0.362 | |
| run_ulm | 0.286 | 0.001 | 0.287 | |
| run_viper | 0.472 | 0.031 | 0.658 | |
| run_wmean | 0.472 | 0.001 | 0.476 | |
| run_wsum | 0.513 | 0.002 | 0.582 | |
| show_methods | 0.034 | 0.001 | 0.035 | |
| show_resources | 0.074 | 0.000 | 0.526 | |
| tidyeval | 0 | 0 | 0 | |