| Back to Multiple platform build/check report for BioC 3.20: simplified long | 
 | 
This page was generated on 2025-04-02 19:30 -0400 (Wed, 02 Apr 2025).
| Hostname | OS | Arch (*) | R version | Installed pkgs | 
|---|---|---|---|---|
| nebbiolo2 | Linux (Ubuntu 24.04.1 LTS) | x86_64 | 4.4.3 (2025-02-28) -- "Trophy Case" | 4764 | 
| palomino8 | Windows Server 2022 Datacenter | x64 | 4.4.3 (2025-02-28 ucrt) -- "Trophy Case" | 4495 | 
| merida1 | macOS 12.7.5 Monterey | x86_64 | 4.4.3 (2025-02-28) -- "Trophy Case" | 4522 | 
| kjohnson1 | macOS 13.6.6 Ventura | arm64 | 4.4.3 (2025-02-28) -- "Trophy Case" | 4449 | 
| taishan | Linux (openEuler 24.03 LTS) | aarch64 | 4.4.3 (2025-02-28) -- "Trophy Case" | 4426 | 
| Click on any hostname to see more info about the system (e.g. compilers) (*) as reported by 'uname -p', except on Windows and Mac OS X | ||||
| Package 522/2289 | Hostname | OS / Arch | INSTALL | BUILD | CHECK | BUILD BIN | ||||||||
| decoupleR 2.12.0  (landing page) Pau Badia-i-Mompel 
 | nebbiolo2 | Linux (Ubuntu 24.04.1 LTS) / x86_64 | OK | OK | WARNINGS |  | ||||||||
| palomino8 | Windows Server 2022 Datacenter / x64 | OK | OK | WARNINGS | OK |  | ||||||||
| merida1 | macOS 12.7.5 Monterey / x86_64 | OK | OK | WARNINGS | OK |  | ||||||||
| kjohnson1 | macOS 13.6.6 Ventura / arm64 | OK | OK | ERROR | OK | |||||||||
| taishan | Linux (openEuler 24.03 LTS) / aarch64 | OK | OK | ERROR | ||||||||||
| To the developers/maintainers of the decoupleR package: - Allow up to 24 hours (and sometimes 48 hours) for your latest push to git@git.bioconductor.org:packages/decoupleR.git to reflect on this report. See Troubleshooting Build Report for more information. - Use the following Renviron settings to reproduce errors and warnings. - If 'R CMD check' started to fail recently on the Linux builder(s) over a missing dependency, add the missing dependency to 'Suggests:' in your DESCRIPTION file. See Renviron.bioc for more information. | 
| Package: decoupleR | 
| Version: 2.12.0 | 
| Command: F:\biocbuild\bbs-3.20-bioc\R\bin\R.exe CMD check --no-multiarch --install=check:decoupleR.install-out.txt --library=F:\biocbuild\bbs-3.20-bioc\R\library --no-vignettes --timings decoupleR_2.12.0.tar.gz | 
| StartedAt: 2025-04-01 00:42:36 -0400 (Tue, 01 Apr 2025) | 
| EndedAt: 2025-04-01 00:54:40 -0400 (Tue, 01 Apr 2025) | 
| EllapsedTime: 723.6 seconds | 
| RetCode: 0 | 
| Status: WARNINGS | 
| CheckDir: decoupleR.Rcheck | 
| Warnings: 1 | 
##############################################################################
##############################################################################
###
### Running command:
###
###   F:\biocbuild\bbs-3.20-bioc\R\bin\R.exe CMD check --no-multiarch --install=check:decoupleR.install-out.txt --library=F:\biocbuild\bbs-3.20-bioc\R\library --no-vignettes --timings decoupleR_2.12.0.tar.gz
###
##############################################################################
##############################################################################
* using log directory 'F:/biocbuild/bbs-3.20-bioc/meat/decoupleR.Rcheck'
* using R version 4.4.3 (2025-02-28 ucrt)
* using platform: x86_64-w64-mingw32
* R was compiled by
    gcc.exe (GCC) 13.3.0
    GNU Fortran (GCC) 13.3.0
* running under: Windows Server 2022 x64 (build 20348)
* using session charset: UTF-8
* using option '--no-vignettes'
* checking for file 'decoupleR/DESCRIPTION' ... OK
* checking extension type ... Package
* this is package 'decoupleR' version '2.12.0'
* package encoding: UTF-8
* checking package namespace information ... OK
* checking package dependencies ... OK
* checking if this is a source package ... OK
* checking if there is a namespace ... OK
* checking for hidden files and directories ... OK
* checking for portable file names ... OK
* checking whether package 'decoupleR' can be installed ... OK
* checking installed package size ... OK
* checking package directory ... OK
* checking 'build' directory ... OK
* checking DESCRIPTION meta-information ... OK
* checking top-level files ... OK
* checking for left-over files ... OK
* checking index information ... OK
* checking package subdirectories ... OK
* checking code files for non-ASCII characters ... OK
* checking R files for syntax errors ... OK
* checking whether the package can be loaded ... OK
* checking whether the package can be loaded with stated dependencies ... OK
* checking whether the package can be unloaded cleanly ... OK
* checking whether the namespace can be loaded with stated dependencies ... OK
* checking whether the namespace can be unloaded cleanly ... OK
* checking dependencies in R code ... NOTE
[2025-04-01 00:43:15] [TRACE]   [OmnipathR] Reading JSON from `C:\Users\biocbuild\AppData\Local\Cache\OmnipathR/cache.json` (encoding: UTF-8).
[2025-04-01 00:43:15] [TRACE]   [OmnipathR] JSON validation successful: TRUE
[2025-04-01 00:43:15] [INFO]    [OmnipathR] Initialized cache: `C:\Users\biocbuild\AppData\Local\Cache\OmnipathR`.
[2025-04-01 00:43:15] [TRACE]   [OmnipathR] Running on a build server, wiping cache.
[2025-04-01 00:43:15] [TRACE]   [OmnipathR] Cache is at `C:\Users\biocbuild\AppData\Local\Cache\OmnipathR`.
[2025-04-01 00:43:15] [TRACE]   [OmnipathR] Contains 8 files.
[2025-04-01 00:43:15] [TRACE]   [OmnipathR] Cache is locked: FALSE.
[2025-04-01 00:43:15] [TRACE]   [OmnipathR] Reading JSON from `C:\Users\biocbuild\AppData\Local\Cache\OmnipathR/cache.json` (encoding: UTF-8).
[2025-04-01 00:43:15] [TRACE]   [OmnipathR] JSON validation successful: TRUE
[2025-04-01 00:43:15] [SUCCESS] [OmnipathR] Removing all cache contents from `C:\Users\biocbuild\AppData\Local\Cache\OmnipathR`.
[2025-04-01 00:43:15] [TRACE]   [OmnipathR] Pandoc version: `2.7.3`.
[2025-04-01 00:43:15] [TRACE]   [OmnipathR] Reading JSON from `F:/biocbuild/bbs-3.20-bioc/R/library/OmnipathR/db/db_def.json` (encoding: UTF-8).
[2025-04-01 00:43:15] [TRACE]   [OmnipathR] JSON validation successful: TRUE
[2025-04-01 00:43:15] [TRACE]   [OmnipathR] Reading JSON from `F:/biocbuild/bbs-3.20-bioc/R/library/OmnipathR/internal/magic_bytes.json` (encoding: UTF-8).
[2025-04-01 00:43:15] [TRACE]   [OmnipathR] JSON validation successful: TRUE
[2025-04-01 00:43:15] [TRACE]   [OmnipathR] Reading JSON from `F:/biocbuild/bbs-3.20-bioc/R/library/OmnipathR/internal/urls.json` (encoding: UTF-8).
[2025-04-01 00:43:15] [TRACE]   [OmnipathR] JSON validation successful: TRUE
[2025-04-01 00:43:15] [TRACE]   [OmnipathR] Reading JSON from `F:/biocbuild/bbs-3.20-bioc/R/library/OmnipathR/internal/id_types.json` (encoding: UTF-8).
[2025-04-01 00:43:15] [TRACE]   [OmnipathR] JSON validation successful: TRUE
[2025-04-01 00:43:15] [TRACE]   [OmnipathR] Cache locked: FALSE
* checking S3 generic/method consistency ... OK
* checking replacement functions ... OK
* checking foreign function calls ... OK
* checking R code for possible problems ... OK
* checking Rd files ... OK
* checking Rd metadata ... OK
* checking Rd cross-references ... WARNING
Missing link or links in Rd file 'run_gsva.Rd':
  'GSVA::gsva' 'GeneSetCollection'
See section 'Cross-references' in the 'Writing R Extensions' manual.
* checking for missing documentation entries ... OK
* checking for code/documentation mismatches ... OK
* checking Rd \usage sections ... OK
* checking Rd contents ... OK
* checking for unstated dependencies in examples ... OK
* checking files in 'vignettes' ... OK
* checking examples ... OK
Examples with CPU (user + system) or elapsed time > 5s
               user system elapsed
get_dorothea  25.94   0.56   26.55
run_fgsea     24.35   0.04   24.43
run_aucell     8.44   0.70    9.14
get_collectri  7.06   0.48   10.83
get_progeny    6.75   0.30    8.28
* checking for unstated dependencies in 'tests' ... OK
* checking tests ...
  Running 'testthat.R'
 OK
* checking for unstated dependencies in vignettes ... OK
* checking package vignettes ... OK
* checking running R code from vignettes ... SKIPPED
* checking re-building of vignette outputs ... SKIPPED
* checking PDF version of manual ... OK
* DONE
Status: 1 WARNING, 1 NOTE
See
  'F:/biocbuild/bbs-3.20-bioc/meat/decoupleR.Rcheck/00check.log'
for details.
decoupleR.Rcheck/00install.out
############################################################################## ############################################################################## ### ### Running command: ### ### F:\biocbuild\bbs-3.20-bioc\R\bin\R.exe CMD INSTALL decoupleR ### ############################################################################## ############################################################################## * installing to library 'F:/biocbuild/bbs-3.20-bioc/R/library' * installing *source* package 'decoupleR' ... ** using staged installation ** R ** inst ** byte-compile and prepare package for lazy loading ** help *** installing help indices *** copying figures ** building package indices ** installing vignettes ** testing if installed package can be loaded from temporary location ** testing if installed package can be loaded from final location ** testing if installed package keeps a record of temporary installation path * DONE (decoupleR)
decoupleR.Rcheck/tests/testthat.Rout
R version 4.4.3 (2025-02-28 ucrt) -- "Trophy Case"
Copyright (C) 2025 The R Foundation for Statistical Computing
Platform: x86_64-w64-mingw32/x64
R is free software and comes with ABSOLUTELY NO WARRANTY.
You are welcome to redistribute it under certain conditions.
Type 'license()' or 'licence()' for distribution details.
R is a collaborative project with many contributors.
Type 'contributors()' for more information and
'citation()' on how to cite R or R packages in publications.
Type 'demo()' for some demos, 'help()' for on-line help, or
'help.start()' for an HTML browser interface to help.
Type 'q()' to quit R.
> library(testthat)
> library(decoupleR)
> 
> test_check("decoupleR")
  |                                                                            
  |                                                                      |   0%
  |                                                                            
  |======================================================================| 100%
  |                                                                            
  |                                                                      |   0%
  |                                                                            
  |======================================================================| 100%
  |                                                                            
  |                                                                      |   0%
  |                                                                            
  |======================================================================| 100%
  |                                                                            
  |                                                                      |   0%
  |                                                                            
  |======================================================================| 100%
  |                                                                            
  |                                                                      |   0%
  |                                                                            
  |======================================================================| 100%
  |                                                                            
  |                                                                      |   0%
  |                                                                            
  |======================================================================| 100%
  |                                                                            
  |                                                                      |   0%
  |                                                                            
  |======================================================================| 100%
  |                                                                            
  |                                                                      |   0%
  |                                                                            
  |======================================================================| 100%
  |                                                                            
  |                                                                      |   0%
  |                                                                            
  |======================================================================| 100%
  |                                                                            
  |                                                                      |   0%
  |                                                                            
  |======================================================================| 100%
  |                                                                            
  |                                                                      |   0%
  |                                                                            
  |======================================================================| 100%
  |                                                                            
  |                                                                      |   0%
  |                                                                            
  |======================================================================| 100%
  |                                                                            
  |                                                                      |   0%
  |                                                                            
  |===================================                                   |  50%
  |                                                                            
  |======================================================================| 100%
  |                                                                            
  |                                                                      |   0%
  |                                                                            
  |===================================                                   |  50%
  |                                                                            
  |======================================================================| 100%
  |                                                                            
  |                                                                      |   0%
  |                                                                            
  |===================================                                   |  50%
  |                                                                            
  |======================================================================| 100%
  |                                                                            
  |                                                                      |   0%
  |                                                                            
  |===================================                                   |  50%
  |                                                                            
  |======================================================================| 100%
  |                                                                            
  |                                                                      |   0%
  |                                                                            
  |===================================                                   |  50%
  |                                                                            
  |======================================================================| 100%
  |                                                                            
  |                                                                      |   0%
  |                                                                            
  |===================================                                   |  50%
  |                                                                            
  |======================================================================| 100%
  |                                                                            
  |                                                                      |   0%
  |                                                                            
  |===================================                                   |  50%
  |                                                                            
  |======================================================================| 100%
  |                                                                            
  |                                                                      |   0%
  |                                                                            
  |===================================                                   |  50%
  |                                                                            
  |======================================================================| 100%
  |                                                                            
  |                                                                      |   0%
  |                                                                            
  |===================================                                   |  50%
  |                                                                            
  |======================================================================| 100%
  |                                                                            
  |                                                                      |   0%
  |                                                                            
  |===================================                                   |  50%
  |                                                                            
  |======================================================================| 100%
  |                                                                            
  |                                                                      |   0%
  |                                                                            
  |===================================                                   |  50%
  |                                                                            
  |======================================================================| 100%
  |                                                                            
  |                                                                      |   0%
  |                                                                            
  |===================================                                   |  50%
  |                                                                            
  |======================================================================| 100%
[2025-04-01 00:48:16] [TRACE]   [OmnipathR] Reading JSON from `C:\Users\biocbuild\AppData\Local\Cache\OmnipathR/cache.json` (encoding: UTF-8).
[2025-04-01 00:48:16] [TRACE]   [OmnipathR] JSON validation successful: TRUE
[2025-04-01 00:48:16] [INFO]    [OmnipathR] Initialized cache: `C:\Users\biocbuild\AppData\Local\Cache\OmnipathR`.
[2025-04-01 00:48:16] [TRACE]   [OmnipathR] Running on a build server, wiping cache.
[2025-04-01 00:48:16] [TRACE]   [OmnipathR] Cache is at `C:\Users\biocbuild\AppData\Local\Cache\OmnipathR`.
[2025-04-01 00:48:16] [TRACE]   [OmnipathR] Contains 8 files.
[2025-04-01 00:48:16] [TRACE]   [OmnipathR] Cache is locked: FALSE.
[2025-04-01 00:48:16] [TRACE]   [OmnipathR] Reading JSON from `C:\Users\biocbuild\AppData\Local\Cache\OmnipathR/cache.json` (encoding: UTF-8).
[2025-04-01 00:48:16] [TRACE]   [OmnipathR] JSON validation successful: TRUE
[2025-04-01 00:48:16] [SUCCESS] [OmnipathR] Removing all cache contents from `C:\Users\biocbuild\AppData\Local\Cache\OmnipathR`.
[2025-04-01 00:48:16] [TRACE]   [OmnipathR] Pandoc version: `2.7.3`.
[2025-04-01 00:48:16] [TRACE]   [OmnipathR] Reading JSON from `F:/biocbuild/bbs-3.20-bioc/R/library/OmnipathR/db/db_def.json` (encoding: UTF-8).
[2025-04-01 00:48:16] [TRACE]   [OmnipathR] JSON validation successful: TRUE
[2025-04-01 00:48:16] [TRACE]   [OmnipathR] Reading JSON from `F:/biocbuild/bbs-3.20-bioc/R/library/OmnipathR/internal/magic_bytes.json` (encoding: UTF-8).
[2025-04-01 00:48:16] [TRACE]   [OmnipathR] JSON validation successful: TRUE
[2025-04-01 00:48:16] [TRACE]   [OmnipathR] Reading JSON from `F:/biocbuild/bbs-3.20-bioc/R/library/OmnipathR/internal/urls.json` (encoding: UTF-8).
[2025-04-01 00:48:16] [TRACE]   [OmnipathR] JSON validation successful: TRUE
[2025-04-01 00:48:16] [TRACE]   [OmnipathR] Reading JSON from `F:/biocbuild/bbs-3.20-bioc/R/library/OmnipathR/internal/id_types.json` (encoding: UTF-8).
[2025-04-01 00:48:16] [TRACE]   [OmnipathR] JSON validation successful: TRUE
[2025-04-01 00:48:16] [TRACE]   [OmnipathR] Cache locked: FALSE
[2025-04-01 00:48:17] [TRACE]   [OmnipathR] Reading JSON from `https://omnipathdb.org/resources` (encoding: UTF-8).
[2025-04-01 00:48:17] [TRACE]   [OmnipathR] JSON validation successful: TRUE
[2025-04-01 00:48:17] [TRACE]   [OmnipathR] Reading JSON from `https://omnipathdb.org/resources` (encoding: UTF-8).
[2025-04-01 00:48:17] [TRACE]   [OmnipathR] JSON validation successful: TRUE
[2025-04-01 00:48:17] [INFO]    [OmnipathR] Loading database `Ensembl and OMA organism names`.
[2025-04-01 00:48:17] [TRACE]   [OmnipathR] Reading JSON from `C:\Users\biocbuild\AppData\Local\Cache\OmnipathR/cache.json` (encoding: UTF-8).
[2025-04-01 00:48:17] [TRACE]   [OmnipathR] JSON validation successful: TRUE
[2025-04-01 00:48:17] [INFO]    [OmnipathR] Looking up in cache `https://www.ensembl.org/info/about/species.html`: key=7332486db7400730697234bad76ca0c8e4d00799, no version available.
[2025-04-01 00:48:17] [TRACE]   [OmnipathR] Reading JSON from `C:\Users\biocbuild\AppData\Local\Cache\OmnipathR/cache.json` (encoding: UTF-8).
[2025-04-01 00:48:17] [TRACE]   [OmnipathR] JSON validation successful: TRUE
[2025-04-01 00:48:17] [INFO]    [OmnipathR] Created new version for cache record 7332486db7400730697234bad76ca0c8e4d00799: version 1.
[2025-04-01 00:48:17] [TRACE]   [OmnipathR] Cache file path: C:\Users\biocbuild\AppData\Local\Cache\OmnipathR/7332486db7400730697234bad76ca0c8e4d00799-1.html
[2025-04-01 00:48:17] [INFO]    [OmnipathR] Retrieving URL: `https://www.ensembl.org/info/about/species.html`
[2025-04-01 00:48:17] [TRACE]   [OmnipathR] Attempt 1/3: `https://www.ensembl.org/info/about/species.html`
[2025-04-01 00:48:18] [TRACE]   [OmnipathR] HTTP 200
[2025-04-01 00:48:18] [INFO]    [OmnipathR] Download ready [key=7332486db7400730697234bad76ca0c8e4d00799, version=1]
[2025-04-01 00:48:18] [TRACE]   [OmnipathR] Reading JSON from `C:\Users\biocbuild\AppData\Local\Cache\OmnipathR/cache.json` (encoding: UTF-8).
[2025-04-01 00:48:18] [TRACE]   [OmnipathR] JSON validation successful: TRUE
[2025-04-01 00:48:18] [INFO]    [OmnipathR] Cache item `7332486db7400730697234bad76ca0c8e4d00799` version 1: status changed from `unknown` to `ready`.
[2025-04-01 00:48:18] [TRACE]   [OmnipathR] Looking up in cache: `https://omabrowser.org/All/oma-species.txt`.
[2025-04-01 00:48:18] [INFO]    [OmnipathR] Cache record does not exist: `https://omabrowser.org/All/oma-species.txt`
[2025-04-01 00:48:18] [TRACE]   [OmnipathR] Could not find in cache, initiating download: `https://omabrowser.org/All/oma-species.txt`.
[2025-04-01 00:48:18] [TRACE]   [OmnipathR] Reading JSON from `C:\Users\biocbuild\AppData\Local\Cache\OmnipathR/cache.json` (encoding: UTF-8).
[2025-04-01 00:48:18] [TRACE]   [OmnipathR] JSON validation successful: TRUE
[2025-04-01 00:48:18] [TRACE]   [OmnipathR] Reading JSON from `C:\Users\biocbuild\AppData\Local\Cache\OmnipathR/cache.json` (encoding: UTF-8).
[2025-04-01 00:48:18] [TRACE]   [OmnipathR] JSON validation successful: TRUE
[2025-04-01 00:48:18] [INFO]    [OmnipathR] Cache item `30e690cbb55dfc63b5903ab337f34ffc2f4be397` version 1: status changed from `unknown` to `started`.
[2025-04-01 00:48:18] [TRACE]   [OmnipathR] Exporting object to RDS: `C:\Users\biocbuild\AppData\Local\Cache\OmnipathR/30e690cbb55dfc63b5903ab337f34ffc2f4be397-1.rds`.
[2025-04-01 00:48:18] [INFO]    [OmnipathR] Retrieving URL: `https://omabrowser.org/All/oma-species.txt`
[2025-04-01 00:48:18] [TRACE]   [OmnipathR] Attempt 1/3: `https://omabrowser.org/All/oma-species.txt`
[2025-04-01 00:48:19] [TRACE]   [OmnipathR] Exported RDS to `C:\Users\biocbuild\AppData\Local\Cache\OmnipathR/30e690cbb55dfc63b5903ab337f34ffc2f4be397-1.rds`.
[2025-04-01 00:48:19] [INFO]    [OmnipathR] Download ready [key=30e690cbb55dfc63b5903ab337f34ffc2f4be397, version=1]
[2025-04-01 00:48:19] [TRACE]   [OmnipathR] Reading JSON from `C:\Users\biocbuild\AppData\Local\Cache\OmnipathR/cache.json` (encoding: UTF-8).
[2025-04-01 00:48:19] [TRACE]   [OmnipathR] JSON validation successful: TRUE
[2025-04-01 00:48:19] [INFO]    [OmnipathR] Cache item `30e690cbb55dfc63b5903ab337f34ffc2f4be397` version 1: status changed from `started` to `ready`.
[2025-04-01 00:48:19] [INFO]    [OmnipathR] Loaded database `Ensembl and OMA organism names`.
[2025-04-01 00:48:19] [TRACE]   [OmnipathR] Arguments for OmniPath query: [wide=TRUE,resources=TFcensus,query_type=annotations]
[2025-04-01 00:48:19] [TRACE]   [OmnipathR] Organism(s): 9606
[2025-04-01 00:48:19] [TRACE]   [OmnipathR] Orthology targets: 
[2025-04-01 00:48:20] [TRACE]   [OmnipathR] Reading JSON from `https://omnipathdb.org/resources` (encoding: UTF-8).
[2025-04-01 00:48:20] [TRACE]   [OmnipathR] JSON validation successful: TRUE
[2025-04-01 00:48:20] [TRACE]   [OmnipathR] Looking up in cache: `https://omnipathdb.org/annotations?resources=TFcensus&license=academic`
[2025-04-01 00:48:20] [INFO]    [OmnipathR] Cache record does not exist: `https://omnipathdb.org/annotations?resources=TFcensus&license=academic`
[2025-04-01 00:48:20] [TRACE]   [OmnipathR] Looking up in cache: `http://no-tls.omnipathdb.org/annotations?resources=TFcensus&license=academic`
[2025-04-01 00:48:20] [INFO]    [OmnipathR] Cache record does not exist: `http://no-tls.omnipathdb.org/annotations?resources=TFcensus&license=academic`
[2025-04-01 00:48:20] [TRACE]   [OmnipathR] Attempting `https://omnipathdb.org/annotations?resources=TFcensus&license=academic`
[2025-04-01 00:48:20] [INFO]    [OmnipathR] Retrieving URL: `https://omnipathdb.org/annotations?resources=TFcensus&license=academic`
[2025-04-01 00:48:20] [TRACE]   [OmnipathR] Attempt 1/3: `https://omnipathdb.org/annotations?resources=TFcensus&license=academic`
[2025-04-01 00:48:20] [INFO]    [OmnipathR] Successfully retrieved: `https://omnipathdb.org/annotations?resources=TFcensus&license=academic`
[2025-04-01 00:48:20] [TRACE]   [OmnipathR] Reading JSON from `C:\Users\biocbuild\AppData\Local\Cache\OmnipathR/cache.json` (encoding: UTF-8).
[2025-04-01 00:48:20] [TRACE]   [OmnipathR] JSON validation successful: TRUE
[2025-04-01 00:48:20] [TRACE]   [OmnipathR] Reading JSON from `C:\Users\biocbuild\AppData\Local\Cache\OmnipathR/cache.json` (encoding: UTF-8).
[2025-04-01 00:48:20] [TRACE]   [OmnipathR] JSON validation successful: TRUE
[2025-04-01 00:48:20] [INFO]    [OmnipathR] Cache item `6f000d9b5edd9832b1c28754d1c3d9449c1c7490` version 1: status changed from `unknown` to `started`.
[2025-04-01 00:48:20] [TRACE]   [OmnipathR] Exporting object to RDS: `C:\Users\biocbuild\AppData\Local\Cache\OmnipathR/6f000d9b5edd9832b1c28754d1c3d9449c1c7490-1.rds`.
[2025-04-01 00:48:20] [TRACE]   [OmnipathR] Exported RDS to `C:\Users\biocbuild\AppData\Local\Cache\OmnipathR/6f000d9b5edd9832b1c28754d1c3d9449c1c7490-1.rds`.
[2025-04-01 00:48:20] [INFO]    [OmnipathR] Download ready [key=6f000d9b5edd9832b1c28754d1c3d9449c1c7490, version=1]
[2025-04-01 00:48:20] [TRACE]   [OmnipathR] Reading JSON from `C:\Users\biocbuild\AppData\Local\Cache\OmnipathR/cache.json` (encoding: UTF-8).
[2025-04-01 00:48:20] [TRACE]   [OmnipathR] JSON validation successful: TRUE
[2025-04-01 00:48:20] [INFO]    [OmnipathR] Cache item `6f000d9b5edd9832b1c28754d1c3d9449c1c7490` version 1: status changed from `started` to `ready`.
[2025-04-01 00:48:20] [SUCCESS] [OmnipathR] Downloaded 3099 annotation records.
[2025-04-01 00:48:21] [TRACE]   [OmnipathR] Reading JSON from `https://omnipathdb.org/resources` (encoding: UTF-8).
[2025-04-01 00:48:21] [TRACE]   [OmnipathR] JSON validation successful: TRUE
[2025-04-01 00:48:21] [TRACE]   [OmnipathR] Arguments for OmniPath query: [wide=TRUE,resources=PROGENy,query_type=annotations]
[2025-04-01 00:48:21] [TRACE]   [OmnipathR] Organism(s): 9606
[2025-04-01 00:48:21] [TRACE]   [OmnipathR] Orthology targets: 
[2025-04-01 00:48:21] [TRACE]   [OmnipathR] Reading JSON from `https://omnipathdb.org/resources` (encoding: UTF-8).
[2025-04-01 00:48:21] [TRACE]   [OmnipathR] JSON validation successful: TRUE
[2025-04-01 00:48:21] [TRACE]   [OmnipathR] Looking up in cache: `https://omnipathdb.org/annotations?resources=PROGENy&license=academic`
[2025-04-01 00:48:21] [INFO]    [OmnipathR] Cache record does not exist: `https://omnipathdb.org/annotations?resources=PROGENy&license=academic`
[2025-04-01 00:48:21] [TRACE]   [OmnipathR] Looking up in cache: `http://no-tls.omnipathdb.org/annotations?resources=PROGENy&license=academic`
[2025-04-01 00:48:21] [INFO]    [OmnipathR] Cache record does not exist: `http://no-tls.omnipathdb.org/annotations?resources=PROGENy&license=academic`
[2025-04-01 00:48:21] [TRACE]   [OmnipathR] Attempting `https://omnipathdb.org/annotations?resources=PROGENy&license=academic`
[2025-04-01 00:48:21] [INFO]    [OmnipathR] Retrieving URL: `https://omnipathdb.org/annotations?resources=PROGENy&license=academic`
[2025-04-01 00:48:21] [TRACE]   [OmnipathR] Attempt 1/3: `https://omnipathdb.org/annotations?resources=PROGENy&license=academic`
[2025-04-01 00:48:24] [INFO]    [OmnipathR] Successfully retrieved: `https://omnipathdb.org/annotations?resources=PROGENy&license=academic`
[2025-04-01 00:48:24] [TRACE]   [OmnipathR] Reading JSON from `C:\Users\biocbuild\AppData\Local\Cache\OmnipathR/cache.json` (encoding: UTF-8).
[2025-04-01 00:48:24] [TRACE]   [OmnipathR] JSON validation successful: TRUE
[2025-04-01 00:48:24] [TRACE]   [OmnipathR] Reading JSON from `C:\Users\biocbuild\AppData\Local\Cache\OmnipathR/cache.json` (encoding: UTF-8).
[2025-04-01 00:48:24] [TRACE]   [OmnipathR] JSON validation successful: TRUE
[2025-04-01 00:48:24] [INFO]    [OmnipathR] Cache item `3492392585ba05414edfae46801492076437d7e7` version 1: status changed from `unknown` to `started`.
[2025-04-01 00:48:24] [TRACE]   [OmnipathR] Exporting object to RDS: `C:\Users\biocbuild\AppData\Local\Cache\OmnipathR/3492392585ba05414edfae46801492076437d7e7-1.rds`.
[2025-04-01 00:48:27] [TRACE]   [OmnipathR] Exported RDS to `C:\Users\biocbuild\AppData\Local\Cache\OmnipathR/3492392585ba05414edfae46801492076437d7e7-1.rds`.
[2025-04-01 00:48:27] [INFO]    [OmnipathR] Download ready [key=3492392585ba05414edfae46801492076437d7e7, version=1]
[2025-04-01 00:48:27] [TRACE]   [OmnipathR] Reading JSON from `C:\Users\biocbuild\AppData\Local\Cache\OmnipathR/cache.json` (encoding: UTF-8).
[2025-04-01 00:48:27] [TRACE]   [OmnipathR] JSON validation successful: TRUE
[2025-04-01 00:48:27] [INFO]    [OmnipathR] Cache item `3492392585ba05414edfae46801492076437d7e7` version 1: status changed from `started` to `ready`.
[2025-04-01 00:48:27] [SUCCESS] [OmnipathR] Downloaded 700239 annotation records.
[2025-04-01 00:48:30] [TRACE]   [OmnipathR] Reading JSON from `https://omnipathdb.org/resources` (encoding: UTF-8).
[2025-04-01 00:48:30] [TRACE]   [OmnipathR] JSON validation successful: TRUE
[2025-04-01 00:48:30] [TRACE]   [OmnipathR] Arguments for OmniPath query: [wide=TRUE,resources=PROGENy,query_type=annotations]
[2025-04-01 00:48:30] [TRACE]   [OmnipathR] Organism(s): 9606
[2025-04-01 00:48:30] [TRACE]   [OmnipathR] Orthology targets: 
[2025-04-01 00:48:31] [TRACE]   [OmnipathR] Reading JSON from `https://omnipathdb.org/resources` (encoding: UTF-8).
[2025-04-01 00:48:31] [TRACE]   [OmnipathR] JSON validation successful: TRUE
[2025-04-01 00:48:31] [TRACE]   [OmnipathR] Looking up in cache: `https://omnipathdb.org/annotations?resources=PROGENy&license=academic`
[2025-04-01 00:48:34] [TRACE]   [OmnipathR] Loaded data from RDS `C:\Users\biocbuild\AppData\Local\Cache\OmnipathR/3492392585ba05414edfae46801492076437d7e7-1.rds`.
[2025-04-01 00:48:34] [INFO]    [OmnipathR] Loaded from cache: `https://omnipathdb.org/annotations?resources=PROGENy&license=academic`
[2025-04-01 00:48:34] [SUCCESS] [OmnipathR] Loaded 700239 annotation records from cache.
[2025-04-01 00:48:35] [INFO]    [OmnipathR] Loading database `Orthologous Matrix (OMA) gene pairs`.
[2025-04-01 00:48:35] [TRACE]   [OmnipathR] Looking up in cache: `https://omabrowser.org/All/oma-species.txt`.
[2025-04-01 00:48:35] [TRACE]   [OmnipathR] Loaded data from RDS `C:\Users\biocbuild\AppData\Local\Cache\OmnipathR/30e690cbb55dfc63b5903ab337f34ffc2f4be397-1.rds`.
[2025-04-01 00:48:35] [TRACE]   [OmnipathR] Looking up in cache: `https://omabrowser.org/All/oma-species.txt`.
[2025-04-01 00:48:35] [TRACE]   [OmnipathR] Loaded data from RDS `C:\Users\biocbuild\AppData\Local\Cache\OmnipathR/30e690cbb55dfc63b5903ab337f34ffc2f4be397-1.rds`.
[2025-04-01 00:48:35] [TRACE]   [OmnipathR] Looking up in cache: `https://omabrowser.org/api/pairs/HUMAN/MOUSE/?format=tsv&xrefs=UniProtKB%2FSwissProt&per_page=2000000`.
[2025-04-01 00:48:35] [INFO]    [OmnipathR] Cache record does not exist: `https://omabrowser.org/api/pairs/HUMAN/MOUSE/?format=tsv&xrefs=UniProtKB%2FSwissProt&per_page=2000000`
[2025-04-01 00:48:35] [TRACE]   [OmnipathR] Could not find in cache, initiating download: `https://omabrowser.org/api/pairs/HUMAN/MOUSE/?format=tsv&xrefs=UniProtKB%2FSwissProt&per_page=2000000`.
[2025-04-01 00:48:35] [TRACE]   [OmnipathR] Reading JSON from `C:\Users\biocbuild\AppData\Local\Cache\OmnipathR/cache.json` (encoding: UTF-8).
[2025-04-01 00:48:35] [TRACE]   [OmnipathR] JSON validation successful: TRUE
[2025-04-01 00:48:35] [TRACE]   [OmnipathR] Reading JSON from `C:\Users\biocbuild\AppData\Local\Cache\OmnipathR/cache.json` (encoding: UTF-8).
[2025-04-01 00:48:35] [TRACE]   [OmnipathR] JSON validation successful: TRUE
[2025-04-01 00:48:35] [INFO]    [OmnipathR] Cache item `8f45b25c384d814c7de210e7ca40b7e35894e4f1` version 1: status changed from `unknown` to `started`.
[2025-04-01 00:48:35] [TRACE]   [OmnipathR] Exporting object to RDS: `C:\Users\biocbuild\AppData\Local\Cache\OmnipathR/8f45b25c384d814c7de210e7ca40b7e35894e4f1-1.rds`.
[2025-04-01 00:48:35] [INFO]    [OmnipathR] Retrieving URL: `https://omabrowser.org/api/pairs/HUMAN/MOUSE/?format=tsv&xrefs=UniProtKB%2FSwissProt&per_page=2000000`
[2025-04-01 00:48:35] [TRACE]   [OmnipathR] Attempt 1/3: `https://omabrowser.org/api/pairs/HUMAN/MOUSE/?format=tsv&xrefs=UniProtKB%2FSwissProt&per_page=2000000`
[2025-04-01 00:49:01] [TRACE]   [OmnipathR] Exported RDS to `C:\Users\biocbuild\AppData\Local\Cache\OmnipathR/8f45b25c384d814c7de210e7ca40b7e35894e4f1-1.rds`.
[2025-04-01 00:49:01] [INFO]    [OmnipathR] Download ready [key=8f45b25c384d814c7de210e7ca40b7e35894e4f1, version=1]
[2025-04-01 00:49:01] [TRACE]   [OmnipathR] Reading JSON from `C:\Users\biocbuild\AppData\Local\Cache\OmnipathR/cache.json` (encoding: UTF-8).
[2025-04-01 00:49:01] [TRACE]   [OmnipathR] JSON validation successful: TRUE
[2025-04-01 00:49:01] [INFO]    [OmnipathR] Cache item `8f45b25c384d814c7de210e7ca40b7e35894e4f1` version 1: status changed from `started` to `ready`.
[2025-04-01 00:49:02] [TRACE]   [OmnipathR] ID translation table: from `uniprot_entry` to `uniprot`, using `uniprot`.
[2025-04-01 00:49:02] [TRACE]   [OmnipathR] Creating ID mapping table from `id` to `accession`, for organism 9606 (only reviewed: TRUE)
[2025-04-01 00:49:02] [TRACE]   [OmnipathR] Loading all UniProt records for organism 9606 (only reviewed: TRUE); fields: id,accession
[2025-04-01 00:49:02] [TRACE]   [OmnipathR] Looking up in cache: `https://rest.uniprot.org/uniprotkb/stream?format=tsv&fields=id,accession&query=organism_id:9606%20AND%20reviewed:true`.
[2025-04-01 00:49:02] [INFO]    [OmnipathR] Cache record does not exist: `https://rest.uniprot.org/uniprotkb/stream?format=tsv&fields=id,accession&query=organism_id:9606%20AND%20reviewed:true`
[2025-04-01 00:49:02] [TRACE]   [OmnipathR] Could not find in cache, initiating download: `https://rest.uniprot.org/uniprotkb/stream?format=tsv&fields=id,accession&query=organism_id:9606%20AND%20reviewed:true`.
[2025-04-01 00:49:02] [TRACE]   [OmnipathR] Reading JSON from `C:\Users\biocbuild\AppData\Local\Cache\OmnipathR/cache.json` (encoding: UTF-8).
[2025-04-01 00:49:02] [TRACE]   [OmnipathR] JSON validation successful: TRUE
[2025-04-01 00:49:02] [TRACE]   [OmnipathR] Reading JSON from `C:\Users\biocbuild\AppData\Local\Cache\OmnipathR/cache.json` (encoding: UTF-8).
[2025-04-01 00:49:02] [TRACE]   [OmnipathR] JSON validation successful: TRUE
[2025-04-01 00:49:02] [INFO]    [OmnipathR] Cache item `6558a1824894a625b8e3f80538cd3aa6e8a44379` version 1: status changed from `unknown` to `started`.
[2025-04-01 00:49:02] [TRACE]   [OmnipathR] Exporting object to RDS: `C:\Users\biocbuild\AppData\Local\Cache\OmnipathR/6558a1824894a625b8e3f80538cd3aa6e8a44379-1.rds`.
[2025-04-01 00:49:02] [INFO]    [OmnipathR] Retrieving URL: `https://rest.uniprot.org/uniprotkb/stream?format=tsv&fields=id,accession&query=organism_id:9606%20AND%20reviewed:true`
[2025-04-01 00:49:02] [TRACE]   [OmnipathR] Attempt 1/3: `https://rest.uniprot.org/uniprotkb/stream?format=tsv&fields=id,accession&query=organism_id:9606%20AND%20reviewed:true`
[2025-04-01 00:52:19] [TRACE]   [OmnipathR] Exported RDS to `C:\Users\biocbuild\AppData\Local\Cache\OmnipathR/6558a1824894a625b8e3f80538cd3aa6e8a44379-1.rds`.
[2025-04-01 00:52:19] [INFO]    [OmnipathR] Download ready [key=6558a1824894a625b8e3f80538cd3aa6e8a44379, version=1]
[2025-04-01 00:52:19] [TRACE]   [OmnipathR] Reading JSON from `C:\Users\biocbuild\AppData\Local\Cache\OmnipathR/cache.json` (encoding: UTF-8).
[2025-04-01 00:52:19] [TRACE]   [OmnipathR] JSON validation successful: TRUE
[2025-04-01 00:52:19] [INFO]    [OmnipathR] Cache item `6558a1824894a625b8e3f80538cd3aa6e8a44379` version 1: status changed from `started` to `ready`.
[2025-04-01 00:52:19] [SUCCESS] [OmnipathR] UniProt (rest.uniprot.org): downloaded 20417 records
[2025-04-01 00:52:20] [TRACE]   [OmnipathR] Translating complexes: 0 complexes in data.
[2025-04-01 00:52:20] [TRACE]   [OmnipathR] 0 complexes after removing the ones mapping to more than 1 items in target identifier space.
[2025-04-01 00:52:20] [TRACE]   [OmnipathR] Translated 0 complexes to 0.
[2025-04-01 00:52:20] [TRACE]   [OmnipathR] 13774 rows before translation, 13774 uniprot_entry IDs in column `id_organism_a`.
[2025-04-01 00:52:20] [TRACE]   [OmnipathR] 13774 rows after translation; translated 13570 `uniprot_entry` IDs in column `id_organism_a` to 13570 `uniprot` IDs in column `id_organism_a`.
[2025-04-01 00:52:20] [TRACE]   [OmnipathR] ID translation table: from `uniprot_entry` to `uniprot`, using `uniprot`.
[2025-04-01 00:52:21] [TRACE]   [OmnipathR] Creating ID mapping table from `id` to `accession`, for organism 10090 (only reviewed: TRUE)
[2025-04-01 00:52:21] [TRACE]   [OmnipathR] Loading all UniProt records for organism 10090 (only reviewed: TRUE); fields: id,accession
[2025-04-01 00:52:21] [TRACE]   [OmnipathR] Looking up in cache: `https://rest.uniprot.org/uniprotkb/stream?format=tsv&fields=id,accession&query=organism_id:10090%20AND%20reviewed:true`.
[2025-04-01 00:52:21] [INFO]    [OmnipathR] Cache record does not exist: `https://rest.uniprot.org/uniprotkb/stream?format=tsv&fields=id,accession&query=organism_id:10090%20AND%20reviewed:true`
[2025-04-01 00:52:21] [TRACE]   [OmnipathR] Could not find in cache, initiating download: `https://rest.uniprot.org/uniprotkb/stream?format=tsv&fields=id,accession&query=organism_id:10090%20AND%20reviewed:true`.
[2025-04-01 00:52:21] [TRACE]   [OmnipathR] Reading JSON from `C:\Users\biocbuild\AppData\Local\Cache\OmnipathR/cache.json` (encoding: UTF-8).
[2025-04-01 00:52:21] [TRACE]   [OmnipathR] JSON validation successful: TRUE
[2025-04-01 00:52:21] [TRACE]   [OmnipathR] Reading JSON from `C:\Users\biocbuild\AppData\Local\Cache\OmnipathR/cache.json` (encoding: UTF-8).
[2025-04-01 00:52:21] [TRACE]   [OmnipathR] JSON validation successful: TRUE
[2025-04-01 00:52:21] [INFO]    [OmnipathR] Cache item `43ea5f2cdaa9ac7e0e114371af97235cdddd776f` version 1: status changed from `unknown` to `started`.
[2025-04-01 00:52:21] [TRACE]   [OmnipathR] Exporting object to RDS: `C:\Users\biocbuild\AppData\Local\Cache\OmnipathR/43ea5f2cdaa9ac7e0e114371af97235cdddd776f-1.rds`.
[2025-04-01 00:52:21] [INFO]    [OmnipathR] Retrieving URL: `https://rest.uniprot.org/uniprotkb/stream?format=tsv&fields=id,accession&query=organism_id:10090%20AND%20reviewed:true`
[2025-04-01 00:52:21] [TRACE]   [OmnipathR] Attempt 1/3: `https://rest.uniprot.org/uniprotkb/stream?format=tsv&fields=id,accession&query=organism_id:10090%20AND%20reviewed:true`
[2025-04-01 00:52:32] [TRACE]   [OmnipathR] Exported RDS to `C:\Users\biocbuild\AppData\Local\Cache\OmnipathR/43ea5f2cdaa9ac7e0e114371af97235cdddd776f-1.rds`.
[2025-04-01 00:52:32] [INFO]    [OmnipathR] Download ready [key=43ea5f2cdaa9ac7e0e114371af97235cdddd776f, version=1]
[2025-04-01 00:52:32] [TRACE]   [OmnipathR] Reading JSON from `C:\Users\biocbuild\AppData\Local\Cache\OmnipathR/cache.json` (encoding: UTF-8).
[2025-04-01 00:52:32] [TRACE]   [OmnipathR] JSON validation successful: TRUE
[2025-04-01 00:52:32] [INFO]    [OmnipathR] Cache item `43ea5f2cdaa9ac7e0e114371af97235cdddd776f` version 1: status changed from `started` to `ready`.
[2025-04-01 00:52:32] [SUCCESS] [OmnipathR] UniProt (rest.uniprot.org): downloaded 17228 records
[2025-04-01 00:52:33] [TRACE]   [OmnipathR] Translating complexes: 0 complexes in data.
[2025-04-01 00:52:33] [TRACE]   [OmnipathR] 0 complexes after removing the ones mapping to more than 1 items in target identifier space.
[2025-04-01 00:52:33] [TRACE]   [OmnipathR] Translated 0 complexes to 0.
[2025-04-01 00:52:33] [TRACE]   [OmnipathR] 13774 rows before translation, 13773 uniprot_entry IDs in column `id_organism_b`.
[2025-04-01 00:52:33] [TRACE]   [OmnipathR] 13774 rows after translation; translated 13273 `uniprot_entry` IDs in column `id_organism_b` to 13273 `uniprot` IDs in column `id_organism_b`.
[2025-04-01 00:52:33] [INFO]    [OmnipathR] Loaded database `Orthologous Matrix (OMA) gene pairs`.
[2025-04-01 00:52:33] [TRACE]   [OmnipathR] ID translation table: from `uniprot` to `genesymbol`, using `uniprot`.
[2025-04-01 00:52:33] [TRACE]   [OmnipathR] Creating ID mapping table from `accession` to `gene_primary`, for organism 10090 (only reviewed: TRUE)
[2025-04-01 00:52:33] [TRACE]   [OmnipathR] Loading all UniProt records for organism 10090 (only reviewed: TRUE); fields: accession,gene_primary
[2025-04-01 00:52:33] [TRACE]   [OmnipathR] Looking up in cache: `https://rest.uniprot.org/uniprotkb/stream?format=tsv&fields=accession,gene_primary&query=organism_id:10090%20AND%20reviewed:true`.
[2025-04-01 00:52:33] [INFO]    [OmnipathR] Cache record does not exist: `https://rest.uniprot.org/uniprotkb/stream?format=tsv&fields=accession,gene_primary&query=organism_id:10090%20AND%20reviewed:true`
[2025-04-01 00:52:33] [TRACE]   [OmnipathR] Could not find in cache, initiating download: `https://rest.uniprot.org/uniprotkb/stream?format=tsv&fields=accession,gene_primary&query=organism_id:10090%20AND%20reviewed:true`.
[2025-04-01 00:52:33] [TRACE]   [OmnipathR] Reading JSON from `C:\Users\biocbuild\AppData\Local\Cache\OmnipathR/cache.json` (encoding: UTF-8).
[2025-04-01 00:52:33] [TRACE]   [OmnipathR] JSON validation successful: TRUE
[2025-04-01 00:52:34] [TRACE]   [OmnipathR] Reading JSON from `C:\Users\biocbuild\AppData\Local\Cache\OmnipathR/cache.json` (encoding: UTF-8).
[2025-04-01 00:52:34] [TRACE]   [OmnipathR] JSON validation successful: TRUE
[2025-04-01 00:52:34] [INFO]    [OmnipathR] Cache item `3ec84ba713c02573704adb50f1a94dab684df34b` version 1: status changed from `unknown` to `started`.
[2025-04-01 00:52:34] [TRACE]   [OmnipathR] Exporting object to RDS: `C:\Users\biocbuild\AppData\Local\Cache\OmnipathR/3ec84ba713c02573704adb50f1a94dab684df34b-1.rds`.
[2025-04-01 00:52:34] [INFO]    [OmnipathR] Retrieving URL: `https://rest.uniprot.org/uniprotkb/stream?format=tsv&fields=accession,gene_primary&query=organism_id:10090%20AND%20reviewed:true`
[2025-04-01 00:52:34] [TRACE]   [OmnipathR] Attempt 1/3: `https://rest.uniprot.org/uniprotkb/stream?format=tsv&fields=accession,gene_primary&query=organism_id:10090%20AND%20reviewed:true`
[2025-04-01 00:52:45] [TRACE]   [OmnipathR] Exported RDS to `C:\Users\biocbuild\AppData\Local\Cache\OmnipathR/3ec84ba713c02573704adb50f1a94dab684df34b-1.rds`.
[2025-04-01 00:52:45] [INFO]    [OmnipathR] Download ready [key=3ec84ba713c02573704adb50f1a94dab684df34b, version=1]
[2025-04-01 00:52:45] [TRACE]   [OmnipathR] Reading JSON from `C:\Users\biocbuild\AppData\Local\Cache\OmnipathR/cache.json` (encoding: UTF-8).
[2025-04-01 00:52:45] [TRACE]   [OmnipathR] JSON validation successful: TRUE
[2025-04-01 00:52:45] [INFO]    [OmnipathR] Cache item `3ec84ba713c02573704adb50f1a94dab684df34b` version 1: status changed from `started` to `ready`.
[2025-04-01 00:52:45] [SUCCESS] [OmnipathR] UniProt (rest.uniprot.org): downloaded 17228 records
[2025-04-01 00:52:46] [TRACE]   [OmnipathR] Translating complexes: 0 complexes in data.
[2025-04-01 00:52:46] [TRACE]   [OmnipathR] 0 complexes after removing the ones mapping to more than 1 items in target identifier space.
[2025-04-01 00:52:46] [TRACE]   [OmnipathR] Translated 0 complexes to 0.
[2025-04-01 00:52:46] [TRACE]   [OmnipathR] 164184 rows before translation, 12877 uniprot IDs in column `uniprot`.
[2025-04-01 00:52:46] [TRACE]   [OmnipathR] 164184 rows after translation; translated 12877 `uniprot` IDs in column `uniprot` to 12790 `genesymbol` IDs in column `genesymbol`.
[2025-04-01 00:52:46] [TRACE]   [OmnipathR] Arguments for OmniPath query: [dorothea_levels=[A,B,C,D],genesymbols=TRUE,organisms=9606,query_type=interactions,datasets=dorothea]
[2025-04-01 00:52:46] [TRACE]   [OmnipathR] Organism(s): 9606
[2025-04-01 00:52:46] [TRACE]   [OmnipathR] Orthology targets: 
[2025-04-01 00:52:46] [TRACE]   [OmnipathR] Looking up in cache: `https://omnipathdb.org/interactions?genesymbols=yes&datasets=dorothea&organisms=9606&dorothea_levels=A,B,C,D&fields=sources,references,curation_effort,dorothea_level&license=academic`
[2025-04-01 00:52:46] [INFO]    [OmnipathR] Cache record does not exist: `https://omnipathdb.org/interactions?genesymbols=yes&datasets=dorothea&organisms=9606&dorothea_levels=A,B,C,D&fields=sources,references,curation_effort,dorothea_level&license=academic`
[2025-04-01 00:52:46] [TRACE]   [OmnipathR] Looking up in cache: `http://no-tls.omnipathdb.org/interactions?genesymbols=yes&datasets=dorothea&organisms=9606&dorothea_levels=A,B,C,D&fields=sources,references,curation_effort,dorothea_level&license=academic`
[2025-04-01 00:52:46] [INFO]    [OmnipathR] Cache record does not exist: `http://no-tls.omnipathdb.org/interactions?genesymbols=yes&datasets=dorothea&organisms=9606&dorothea_levels=A,B,C,D&fields=sources,references,curation_effort,dorothea_level&license=academic`
[2025-04-01 00:52:46] [TRACE]   [OmnipathR] Attempting `https://omnipathdb.org/interactions?genesymbols=yes&datasets=dorothea&organisms=9606&dorothea_levels=A,B,C,D&fields=sources,references,curation_effort,dorothea_level&license=academic`
[2025-04-01 00:52:46] [INFO]    [OmnipathR] Retrieving URL: `https://omnipathdb.org/interactions?genesymbols=yes&datasets=dorothea&organisms=9606&dorothea_levels=A,B,C,D&fields=sources,references,curation_effort,dorothea_level&license=academic`
[2025-04-01 00:52:46] [TRACE]   [OmnipathR] Attempt 1/3: `https://omnipathdb.org/interactions?genesymbols=yes&datasets=dorothea&organisms=9606&dorothea_levels=A,B,C,D&fields=sources,references,curation_effort,dorothea_level&license=academic`
[2025-04-01 00:52:48] [INFO]    [OmnipathR] Successfully retrieved: `https://omnipathdb.org/interactions?genesymbols=yes&datasets=dorothea&organisms=9606&dorothea_levels=A,B,C,D&fields=sources,references,curation_effort,dorothea_level&license=academic`
[2025-04-01 00:52:48] [TRACE]   [OmnipathR] Reading JSON from `C:\Users\biocbuild\AppData\Local\Cache\OmnipathR/cache.json` (encoding: UTF-8).
[2025-04-01 00:52:48] [TRACE]   [OmnipathR] JSON validation successful: TRUE
[2025-04-01 00:52:48] [TRACE]   [OmnipathR] Reading JSON from `C:\Users\biocbuild\AppData\Local\Cache\OmnipathR/cache.json` (encoding: UTF-8).
[2025-04-01 00:52:48] [TRACE]   [OmnipathR] JSON validation successful: TRUE
[2025-04-01 00:52:48] [INFO]    [OmnipathR] Cache item `46d37339bbc3f9a05bb89ccb79278cf1233f5cdf` version 1: status changed from `unknown` to `started`.
[2025-04-01 00:52:48] [TRACE]   [OmnipathR] Exporting object to RDS: `C:\Users\biocbuild\AppData\Local\Cache\OmnipathR/46d37339bbc3f9a05bb89ccb79278cf1233f5cdf-1.rds`.
[2025-04-01 00:52:49] [TRACE]   [OmnipathR] Exported RDS to `C:\Users\biocbuild\AppData\Local\Cache\OmnipathR/46d37339bbc3f9a05bb89ccb79278cf1233f5cdf-1.rds`.
[2025-04-01 00:52:49] [INFO]    [OmnipathR] Download ready [key=46d37339bbc3f9a05bb89ccb79278cf1233f5cdf, version=1]
[2025-04-01 00:52:49] [TRACE]   [OmnipathR] Reading JSON from `C:\Users\biocbuild\AppData\Local\Cache\OmnipathR/cache.json` (encoding: UTF-8).
[2025-04-01 00:52:49] [TRACE]   [OmnipathR] JSON validation successful: TRUE
[2025-04-01 00:52:49] [INFO]    [OmnipathR] Cache item `46d37339bbc3f9a05bb89ccb79278cf1233f5cdf` version 1: status changed from `started` to `ready`.
[2025-04-01 00:53:01] [SUCCESS] [OmnipathR] Downloaded 278830 interactions.
[2025-04-01 00:53:14] [TRACE]   [OmnipathR] Arguments for OmniPath query: [dorothea_levels=[A,B,C,D],genesymbols=TRUE,organisms=10090,query_type=interactions,datasets=dorothea]
[2025-04-01 00:53:14] [TRACE]   [OmnipathR] Organism(s): 10090
[2025-04-01 00:53:14] [TRACE]   [OmnipathR] Orthology targets: 
[2025-04-01 00:53:14] [TRACE]   [OmnipathR] Looking up in cache: `https://omnipathdb.org/interactions?genesymbols=yes&datasets=dorothea&organisms=10090&dorothea_levels=A,B,C,D&fields=sources,references,curation_effort,dorothea_level&license=academic`
[2025-04-01 00:53:14] [INFO]    [OmnipathR] Cache record does not exist: `https://omnipathdb.org/interactions?genesymbols=yes&datasets=dorothea&organisms=10090&dorothea_levels=A,B,C,D&fields=sources,references,curation_effort,dorothea_level&license=academic`
[2025-04-01 00:53:14] [TRACE]   [OmnipathR] Looking up in cache: `http://no-tls.omnipathdb.org/interactions?genesymbols=yes&datasets=dorothea&organisms=10090&dorothea_levels=A,B,C,D&fields=sources,references,curation_effort,dorothea_level&license=academic`
[2025-04-01 00:53:14] [INFO]    [OmnipathR] Cache record does not exist: `http://no-tls.omnipathdb.org/interactions?genesymbols=yes&datasets=dorothea&organisms=10090&dorothea_levels=A,B,C,D&fields=sources,references,curation_effort,dorothea_level&license=academic`
[2025-04-01 00:53:14] [TRACE]   [OmnipathR] Attempting `https://omnipathdb.org/interactions?genesymbols=yes&datasets=dorothea&organisms=10090&dorothea_levels=A,B,C,D&fields=sources,references,curation_effort,dorothea_level&license=academic`
[2025-04-01 00:53:14] [INFO]    [OmnipathR] Retrieving URL: `https://omnipathdb.org/interactions?genesymbols=yes&datasets=dorothea&organisms=10090&dorothea_levels=A,B,C,D&fields=sources,references,curation_effort,dorothea_level&license=academic`
[2025-04-01 00:53:14] [TRACE]   [OmnipathR] Attempt 1/3: `https://omnipathdb.org/interactions?genesymbols=yes&datasets=dorothea&organisms=10090&dorothea_levels=A,B,C,D&fields=sources,references,curation_effort,dorothea_level&license=academic`
[2025-04-01 00:53:16] [INFO]    [OmnipathR] Successfully retrieved: `https://omnipathdb.org/interactions?genesymbols=yes&datasets=dorothea&organisms=10090&dorothea_levels=A,B,C,D&fields=sources,references,curation_effort,dorothea_level&license=academic`
[2025-04-01 00:53:16] [TRACE]   [OmnipathR] Reading JSON from `C:\Users\biocbuild\AppData\Local\Cache\OmnipathR/cache.json` (encoding: UTF-8).
[2025-04-01 00:53:16] [TRACE]   [OmnipathR] JSON validation successful: TRUE
[2025-04-01 00:53:16] [TRACE]   [OmnipathR] Reading JSON from `C:\Users\biocbuild\AppData\Local\Cache\OmnipathR/cache.json` (encoding: UTF-8).
[2025-04-01 00:53:16] [TRACE]   [OmnipathR] JSON validation successful: TRUE
[2025-04-01 00:53:16] [INFO]    [OmnipathR] Cache item `ff347dedf78ef5e38c9c6d8eed291fa901aa3791` version 1: status changed from `unknown` to `started`.
[2025-04-01 00:53:16] [TRACE]   [OmnipathR] Exporting object to RDS: `C:\Users\biocbuild\AppData\Local\Cache\OmnipathR/ff347dedf78ef5e38c9c6d8eed291fa901aa3791-1.rds`.
[2025-04-01 00:53:17] [TRACE]   [OmnipathR] Exported RDS to `C:\Users\biocbuild\AppData\Local\Cache\OmnipathR/ff347dedf78ef5e38c9c6d8eed291fa901aa3791-1.rds`.
[2025-04-01 00:53:17] [INFO]    [OmnipathR] Download ready [key=ff347dedf78ef5e38c9c6d8eed291fa901aa3791, version=1]
[2025-04-01 00:53:17] [TRACE]   [OmnipathR] Reading JSON from `C:\Users\biocbuild\AppData\Local\Cache\OmnipathR/cache.json` (encoding: UTF-8).
[2025-04-01 00:53:17] [TRACE]   [OmnipathR] JSON validation successful: TRUE
[2025-04-01 00:53:17] [INFO]    [OmnipathR] Cache item `ff347dedf78ef5e38c9c6d8eed291fa901aa3791` version 1: status changed from `started` to `ready`.
[2025-04-01 00:53:28] [SUCCESS] [OmnipathR] Downloaded 234298 interactions.
[2025-04-01 00:53:39] [TRACE]   [OmnipathR] Arguments for OmniPath query: [loops=TRUE,organisms=9606,genesymbols=TRUE,query_type=interactions,datasets=collectri]
[2025-04-01 00:53:39] [TRACE]   [OmnipathR] Organism(s): 9606
[2025-04-01 00:53:39] [TRACE]   [OmnipathR] Orthology targets: 
[2025-04-01 00:53:39] [TRACE]   [OmnipathR] Looking up in cache: `https://omnipathdb.org/interactions?genesymbols=yes&datasets=collectri&organisms=9606&fields=sources,references,curation_effort&loops=yes&license=academic`
[2025-04-01 00:53:39] [INFO]    [OmnipathR] Cache record does not exist: `https://omnipathdb.org/interactions?genesymbols=yes&datasets=collectri&organisms=9606&fields=sources,references,curation_effort&loops=yes&license=academic`
[2025-04-01 00:53:39] [TRACE]   [OmnipathR] Looking up in cache: `http://no-tls.omnipathdb.org/interactions?genesymbols=yes&datasets=collectri&organisms=9606&fields=sources,references,curation_effort&loops=yes&license=academic`
[2025-04-01 00:53:39] [INFO]    [OmnipathR] Cache record does not exist: `http://no-tls.omnipathdb.org/interactions?genesymbols=yes&datasets=collectri&organisms=9606&fields=sources,references,curation_effort&loops=yes&license=academic`
[2025-04-01 00:53:39] [TRACE]   [OmnipathR] Attempting `https://omnipathdb.org/interactions?genesymbols=yes&datasets=collectri&organisms=9606&fields=sources,references,curation_effort&loops=yes&license=academic`
[2025-04-01 00:53:39] [INFO]    [OmnipathR] Retrieving URL: `https://omnipathdb.org/interactions?genesymbols=yes&datasets=collectri&organisms=9606&fields=sources,references,curation_effort&loops=yes&license=academic`
[2025-04-01 00:53:39] [TRACE]   [OmnipathR] Attempt 1/3: `https://omnipathdb.org/interactions?genesymbols=yes&datasets=collectri&organisms=9606&fields=sources,references,curation_effort&loops=yes&license=academic`
[2025-04-01 00:53:40] [INFO]    [OmnipathR] Successfully retrieved: `https://omnipathdb.org/interactions?genesymbols=yes&datasets=collectri&organisms=9606&fields=sources,references,curation_effort&loops=yes&license=academic`
[2025-04-01 00:53:40] [TRACE]   [OmnipathR] Reading JSON from `C:\Users\biocbuild\AppData\Local\Cache\OmnipathR/cache.json` (encoding: UTF-8).
[2025-04-01 00:53:40] [TRACE]   [OmnipathR] JSON validation successful: TRUE
[2025-04-01 00:53:40] [TRACE]   [OmnipathR] Reading JSON from `C:\Users\biocbuild\AppData\Local\Cache\OmnipathR/cache.json` (encoding: UTF-8).
[2025-04-01 00:53:40] [TRACE]   [OmnipathR] JSON validation successful: TRUE
[2025-04-01 00:53:40] [INFO]    [OmnipathR] Cache item `b10176737ba43d460b13709623189f3911123779` version 1: status changed from `unknown` to `started`.
[2025-04-01 00:53:40] [TRACE]   [OmnipathR] Exporting object to RDS: `C:\Users\biocbuild\AppData\Local\Cache\OmnipathR/b10176737ba43d460b13709623189f3911123779-1.rds`.
[2025-04-01 00:53:40] [TRACE]   [OmnipathR] Exported RDS to `C:\Users\biocbuild\AppData\Local\Cache\OmnipathR/b10176737ba43d460b13709623189f3911123779-1.rds`.
[2025-04-01 00:53:40] [INFO]    [OmnipathR] Download ready [key=b10176737ba43d460b13709623189f3911123779, version=1]
[2025-04-01 00:53:40] [TRACE]   [OmnipathR] Reading JSON from `C:\Users\biocbuild\AppData\Local\Cache\OmnipathR/cache.json` (encoding: UTF-8).
[2025-04-01 00:53:40] [TRACE]   [OmnipathR] JSON validation successful: TRUE
[2025-04-01 00:53:40] [INFO]    [OmnipathR] Cache item `b10176737ba43d460b13709623189f3911123779` version 1: status changed from `started` to `ready`.
[2025-04-01 00:53:43] [SUCCESS] [OmnipathR] Downloaded 64958 interactions.
[2025-04-01 00:53:43] [TRACE]   [OmnipathR] Arguments for OmniPath query: [genesymbols=TRUE,resources=CollecTRI,strict_evidences=TRUE,query_type=interactions,datasets=tf_mirna]
[2025-04-01 00:53:43] [TRACE]   [OmnipathR] Organism(s): 9606
[2025-04-01 00:53:43] [TRACE]   [OmnipathR] Orthology targets: 
[2025-04-01 00:53:43] [TRACE]   [OmnipathR] Reading JSON from `https://omnipathdb.org/resources` (encoding: UTF-8).
[2025-04-01 00:53:44] [TRACE]   [OmnipathR] JSON validation successful: TRUE
[2025-04-01 00:53:44] [TRACE]   [OmnipathR] Looking up in cache: `https://omnipathdb.org/interactions?genesymbols=yes&resources=CollecTRI&datasets=tf_mirna&organisms=9606&fields=evidences,sources,references,curation_effort&license=academic`
[2025-04-01 00:53:44] [INFO]    [OmnipathR] Cache record does not exist: `https://omnipathdb.org/interactions?genesymbols=yes&resources=CollecTRI&datasets=tf_mirna&organisms=9606&fields=evidences,sources,references,curation_effort&license=academic`
[2025-04-01 00:53:44] [TRACE]   [OmnipathR] Looking up in cache: `http://no-tls.omnipathdb.org/interactions?genesymbols=yes&resources=CollecTRI&datasets=tf_mirna&organisms=9606&fields=evidences,sources,references,curation_effort&license=academic`
[2025-04-01 00:53:44] [INFO]    [OmnipathR] Cache record does not exist: `http://no-tls.omnipathdb.org/interactions?genesymbols=yes&resources=CollecTRI&datasets=tf_mirna&organisms=9606&fields=evidences,sources,references,curation_effort&license=academic`
[2025-04-01 00:53:44] [TRACE]   [OmnipathR] Attempting `https://omnipathdb.org/interactions?genesymbols=yes&resources=CollecTRI&datasets=tf_mirna&organisms=9606&fields=evidences,sources,references,curation_effort&license=academic`
[2025-04-01 00:53:44] [INFO]    [OmnipathR] Retrieving URL: `https://omnipathdb.org/interactions?genesymbols=yes&resources=CollecTRI&datasets=tf_mirna&organisms=9606&fields=evidences,sources,references,curation_effort&license=academic`
[2025-04-01 00:53:44] [TRACE]   [OmnipathR] Attempt 1/3: `https://omnipathdb.org/interactions?genesymbols=yes&resources=CollecTRI&datasets=tf_mirna&organisms=9606&fields=evidences,sources,references,curation_effort&license=academic`
[2025-04-01 00:53:44] [INFO]    [OmnipathR] Successfully retrieved: `https://omnipathdb.org/interactions?genesymbols=yes&resources=CollecTRI&datasets=tf_mirna&organisms=9606&fields=evidences,sources,references,curation_effort&license=academic`
[2025-04-01 00:53:44] [TRACE]   [OmnipathR] Reading JSON from `C:\Users\biocbuild\AppData\Local\Cache\OmnipathR/cache.json` (encoding: UTF-8).
[2025-04-01 00:53:44] [TRACE]   [OmnipathR] JSON validation successful: TRUE
[2025-04-01 00:53:44] [TRACE]   [OmnipathR] Reading JSON from `C:\Users\biocbuild\AppData\Local\Cache\OmnipathR/cache.json` (encoding: UTF-8).
[2025-04-01 00:53:44] [TRACE]   [OmnipathR] JSON validation successful: TRUE
[2025-04-01 00:53:44] [INFO]    [OmnipathR] Cache item `f7d34500401ba98803b7d2b26c48f64cee1eea1b` version 1: status changed from `unknown` to `started`.
[2025-04-01 00:53:44] [TRACE]   [OmnipathR] Exporting object to RDS: `C:\Users\biocbuild\AppData\Local\Cache\OmnipathR/f7d34500401ba98803b7d2b26c48f64cee1eea1b-1.rds`.
[2025-04-01 00:53:44] [TRACE]   [OmnipathR] Exported RDS to `C:\Users\biocbuild\AppData\Local\Cache\OmnipathR/f7d34500401ba98803b7d2b26c48f64cee1eea1b-1.rds`.
[2025-04-01 00:53:44] [INFO]    [OmnipathR] Download ready [key=f7d34500401ba98803b7d2b26c48f64cee1eea1b, version=1]
[2025-04-01 00:53:44] [TRACE]   [OmnipathR] Reading JSON from `C:\Users\biocbuild\AppData\Local\Cache\OmnipathR/cache.json` (encoding: UTF-8).
[2025-04-01 00:53:44] [TRACE]   [OmnipathR] JSON validation successful: TRUE
[2025-04-01 00:53:44] [INFO]    [OmnipathR] Cache item `f7d34500401ba98803b7d2b26c48f64cee1eea1b` version 1: status changed from `started` to `ready`.
[2025-04-01 00:53:44] [TRACE]   [OmnipathR] Converting JSON column `evidences` to list.
[2025-04-01 00:53:44] [TRACE]   [OmnipathR] Restricting interaction records to datasets: tf_mirna; and resources: CollecTRI
[2025-04-01 00:53:44] [TRACE]   [OmnipathR] Filtering evidence columns: positive, negative, directed, undirected; to datasets: tf_mirna; and resources: CollecTRI; excluding resources: none
[2025-04-01 00:53:45] [SUCCESS] [OmnipathR] Downloaded 232 interactions.
[2025-04-01 00:53:45] [TRACE]   [OmnipathR] Arguments for OmniPath query: [loops=TRUE,organisms=9606,genesymbols=TRUE,query_type=interactions,datasets=collectri]
[2025-04-01 00:53:45] [TRACE]   [OmnipathR] Organism(s): 9606
[2025-04-01 00:53:45] [TRACE]   [OmnipathR] Orthology targets: 
[2025-04-01 00:53:45] [TRACE]   [OmnipathR] Looking up in cache: `https://omnipathdb.org/interactions?genesymbols=yes&datasets=collectri&organisms=9606&fields=sources,references,curation_effort&loops=yes&license=academic`
[2025-04-01 00:53:45] [TRACE]   [OmnipathR] Loaded data from RDS `C:\Users\biocbuild\AppData\Local\Cache\OmnipathR/b10176737ba43d460b13709623189f3911123779-1.rds`.
[2025-04-01 00:53:45] [INFO]    [OmnipathR] Loaded from cache: `https://omnipathdb.org/interactions?genesymbols=yes&datasets=collectri&organisms=9606&fields=sources,references,curation_effort&loops=yes&license=academic`
[2025-04-01 00:53:48] [SUCCESS] [OmnipathR] Loaded 64958 interactions from cache.
[2025-04-01 00:53:48] [TRACE]   [OmnipathR] Arguments for OmniPath query: [genesymbols=TRUE,resources=CollecTRI,strict_evidences=TRUE,query_type=interactions,datasets=tf_mirna]
[2025-04-01 00:53:48] [TRACE]   [OmnipathR] Organism(s): 9606
[2025-04-01 00:53:48] [TRACE]   [OmnipathR] Orthology targets: 
[2025-04-01 00:53:48] [TRACE]   [OmnipathR] Reading JSON from `https://omnipathdb.org/resources` (encoding: UTF-8).
[2025-04-01 00:53:48] [TRACE]   [OmnipathR] JSON validation successful: TRUE
[2025-04-01 00:53:48] [TRACE]   [OmnipathR] Looking up in cache: `https://omnipathdb.org/interactions?genesymbols=yes&resources=CollecTRI&datasets=tf_mirna&organisms=9606&fields=evidences,sources,references,curation_effort&license=academic`
[2025-04-01 00:53:48] [TRACE]   [OmnipathR] Loaded data from RDS `C:\Users\biocbuild\AppData\Local\Cache\OmnipathR/f7d34500401ba98803b7d2b26c48f64cee1eea1b-1.rds`.
[2025-04-01 00:53:48] [INFO]    [OmnipathR] Loaded from cache: `https://omnipathdb.org/interactions?genesymbols=yes&resources=CollecTRI&datasets=tf_mirna&organisms=9606&fields=evidences,sources,references,curation_effort&license=academic`
[2025-04-01 00:53:48] [TRACE]   [OmnipathR] Converting JSON column `evidences` to list.
[2025-04-01 00:53:48] [TRACE]   [OmnipathR] Restricting interaction records to datasets: tf_mirna; and resources: CollecTRI
[2025-04-01 00:53:50] [TRACE]   [OmnipathR] Filtering evidence columns: positive, negative, directed, undirected; to datasets: tf_mirna; and resources: CollecTRI; excluding resources: none
[2025-04-01 00:53:50] [SUCCESS] [OmnipathR] Downloaded 232 interactions.
  |                                                                            
  |                                                                      |   0%
  |                                                                            
  |======================================================================| 100%
  |                                                                            
  |                                                                      |   0%
  |                                                                            
  |======================================================================| 100%
  |                                                                            
  |                                                                      |   0%
  |                                                                            
  |======================================================================| 100%
  |                                                                            
  |                                                                      |   0%
  |                                                                            
  |======================================================================| 100%
  |                                                                            
  |                                                                      |   0%
  |                                                                            
  |======================================================================| 100%
  |                                                                            
  |                                                                      |   0%
  |                                                                            
  |======================================================================| 100%
  |                                                                            
  |                                                                      |   0%
  |                                                                            
  |======================================================================| 100%
  |                                                                            
  |                                                                      |   0%
  |                                                                            
  |======================================================================| 100%
  |                                                                            
  |                                                                      |   0%
  |                                                                            
  |======================================================================| 100%
  |                                                                            
  |                                                                      |   0%
  |                                                                            
  |======================================================================| 100%
  |                                                                            
  |                                                                      |   0%
  |                                                                            
  |======================================================================| 100%
  |                                                                            
  |                                                                      |   0%
  |                                                                            
  |======================================================================| 100%
  |                                                                            
  |                                                                      |   0%
  |                                                                            
  |===================================                                   |  50%
  |                                                                            
  |======================================================================| 100%
  |                                                                            
  |                                                                      |   0%
  |                                                                            
  |===================================                                   |  50%
  |                                                                            
  |======================================================================| 100%
  |                                                                            
  |                                                                      |   0%
  |                                                                            
  |===================================                                   |  50%
  |                                                                            
  |======================================================================| 100%
  |                                                                            
  |                                                                      |   0%
  |                                                                            
  |===================================                                   |  50%
  |                                                                            
  |======================================================================| 100%
  |                                                                            
  |                                                                      |   0%
  |                                                                            
  |===================================                                   |  50%
  |                                                                            
  |======================================================================| 100%
  |                                                                            
  |                                                                      |   0%
  |                                                                            
  |===================================                                   |  50%
  |                                                                            
  |======================================================================| 100%
  |                                                                            
  |                                                                      |   0%
  |                                                                            
  |===================================                                   |  50%
  |                                                                            
  |======================================================================| 100%
  |                                                                            
  |                                                                      |   0%
  |                                                                            
  |===================================                                   |  50%
  |                                                                            
  |======================================================================| 100%
  |                                                                            
  |                                                                      |   0%
  |                                                                            
  |===================================                                   |  50%
  |                                                                            
  |======================================================================| 100%
  |                                                                            
  |                                                                      |   0%
  |                                                                            
  |===================================                                   |  50%
  |                                                                            
  |======================================================================| 100%
  |                                                                            
  |                                                                      |   0%
  |                                                                            
  |===================================                                   |  50%
  |                                                                            
  |======================================================================| 100%
  |                                                                            
  |                                                                      |   0%
  |                                                                            
  |===================================                                   |  50%
  |                                                                            
  |======================================================================| 100%
Attaching package: 'dplyr'
The following object is masked from 'package:testthat':
    matches
The following objects are masked from 'package:stats':
    filter, lag
The following objects are masked from 'package:base':
    intersect, setdiff, setequal, union
[ FAIL 0 | WARN 10 | SKIP 0 | PASS 35 ]
[ FAIL 0 | WARN 10 | SKIP 0 | PASS 35 ]
> 
> proc.time()
   user  system elapsed 
 187.90    5.65  542.89 
decoupleR.Rcheck/decoupleR-Ex.timings
| name | user | system | elapsed | |
| check_corr | 0.08 | 0.03 | 0.11 | |
| convert_f_defaults | 0.08 | 0.00 | 0.08 | |
| decouple | 0 | 0 | 0 | |
| dot-fit_preprocessing | 0.05 | 0.00 | 0.05 | |
| extract_sets | 0.01 | 0.00 | 0.02 | |
| filt_minsize | 0.05 | 0.00 | 0.04 | |
| get_collectri | 7.06 | 0.48 | 10.83 | |
| get_dorothea | 25.94 | 0.56 | 26.55 | |
| get_profile_of | 0 | 0 | 0 | |
| get_progeny | 6.75 | 0.30 | 8.28 | |
| get_resource | 0.37 | 0.05 | 1.64 | |
| get_toy_data | 0 | 0 | 0 | |
| intersect_regulons | 0.03 | 0.00 | 0.03 | |
| pipe | 0 | 0 | 0 | |
| pivot_wider_profile | 0 | 0 | 0 | |
| randomize_matrix | 0 | 0 | 0 | |
| rename_net | 0.05 | 0.00 | 0.05 | |
| run_aucell | 8.44 | 0.70 | 9.14 | |
| run_consensus | 2.28 | 0.19 | 2.48 | |
| run_fgsea | 24.35 | 0.04 | 24.43 | |
| run_gsva | 1.94 | 0.57 | 1.95 | |
| run_mdt | 0.24 | 0.17 | 0.20 | |
| run_mlm | 0.17 | 0.08 | 0.13 | |
| run_ora | 0.59 | 0.15 | 0.50 | |
| run_udt | 0.28 | 0.00 | 0.28 | |
| run_ulm | 0.11 | 0.00 | 0.11 | |
| run_viper | 0.96 | 0.10 | 1.04 | |
| run_wmean | 0.97 | 0.04 | 1.03 | |
| run_wsum | 0.83 | 0.02 | 0.85 | |
| show_methods | 0.06 | 0.00 | 0.06 | |
| show_resources | 0.06 | 0.00 | 0.48 | |
| tidyeval | 0 | 0 | 0 | |