Back to Rapid builds (Linux only) of a subset of BioC 3.22
Report updated every 6 hours

This page was generated on 2025-10-30 14:25 -0400 (Thu, 30 Oct 2025).

HostnameOSArch (*)R versionInstalled pkgs
teran2Linux (Ubuntu 24.04.3 LTS)x86_644.5.1 (2025-06-13) -- "Great Square Root" 896
Click on any hostname to see more info about the system (e.g. compilers)      (*) as reported by 'uname -p', except on Windows and Mac OS X

Package 187/229HostnameOS / ArchINSTALLBUILDCHECK
Rsamtools 2.27.0  (landing page)
Bioconductor Package Maintainer
Snapshot Date: 2025-10-30 12:00 -0400 (Thu, 30 Oct 2025)
git_url: https://git.bioconductor.org/packages/Rsamtools
git_branch: devel
git_last_commit: a2c9284
git_last_commit_date: 2025-10-29 10:04:41 -0400 (Wed, 29 Oct 2025)
teran2Linux (Ubuntu 24.04.3 LTS) / x86_64  OK    ERROR  skipped


BUILD results for Rsamtools on teran2

To the developers/maintainers of the Rsamtools package:
- Use the following Renviron settings to reproduce errors and warnings.
- If 'R CMD check' started to fail recently on the Linux builder(s) over a missing dependency, add the missing dependency to 'Suggests:' in your DESCRIPTION file. See Renviron.bioc for more information.

raw results


Summary

Package: Rsamtools
Version: 2.27.0
Command: /home/rapidbuild/bbs-3.22-bioc-rapid/R/bin/R CMD build --keep-empty-dirs --no-resave-data Rsamtools
StartedAt: 2025-10-30 13:00:27 -0400 (Thu, 30 Oct 2025)
EndedAt: 2025-10-30 13:01:03 -0400 (Thu, 30 Oct 2025)
EllapsedTime: 36.0 seconds
RetCode: 1
Status:   ERROR  
PackageFile: None
PackageFileSize: NA

Command output

##############################################################################
##############################################################################
###
### Running command:
###
###   /home/rapidbuild/bbs-3.22-bioc-rapid/R/bin/R CMD build --keep-empty-dirs --no-resave-data Rsamtools
###
##############################################################################
##############################################################################


* checking for file ‘Rsamtools/DESCRIPTION’ ... OK
* preparing ‘Rsamtools’:
* checking DESCRIPTION meta-information ... OK
* cleaning src
* installing the package to build vignettes
* creating vignettes ... ERROR
--- re-building ‘Rsamtools-Overview.Rmd’ using rmarkdown

Quitting from Rsamtools-Overview.Rmd:303-315 [txdb-transcripts]
~~~~~~~~~~~~~~~~~~~~~~~~~~~~~~~~~~~~~~~~~~~~~~~~~~~~~~~~~~~~~~~~~~~~~~~~~~~~~~~~
<error/rlang_error>
Error:
! package 'GenomicFeatures' required by 'TxDb.Hsapiens.UCSC.hg18.knownGene' could not be found
---
Backtrace:
    ▆
 1. └─base::library(TxDb.Hsapiens.UCSC.hg18.knownGene)
 2.   └─base::.getRequiredPackages2(...)
~~~~~~~~~~~~~~~~~~~~~~~~~~~~~~~~~~~~~~~~~~~~~~~~~~~~~~~~~~~~~~~~~~~~~~~~~~~~~~~~

Error: processing vignette 'Rsamtools-Overview.Rmd' failed with diagnostics:
package 'GenomicFeatures' required by 'TxDb.Hsapiens.UCSC.hg18.knownGene' could not be found
--- failed re-building ‘Rsamtools-Overview.Rmd’

SUMMARY: processing the following file failed:
  ‘Rsamtools-Overview.Rmd’

Error: Vignette re-building failed.
Execution halted