| Back to Multiple platform build/check report for BioC 3.21: simplified long |
|
This page was generated on 2025-10-16 11:39 -0400 (Thu, 16 Oct 2025).
| Hostname | OS | Arch (*) | R version | Installed pkgs |
|---|---|---|---|---|
| nebbiolo1 | Linux (Ubuntu 24.04.3 LTS) | x86_64 | 4.5.1 (2025-06-13) -- "Great Square Root" | 4833 |
| merida1 | macOS 12.7.6 Monterey | x86_64 | 4.5.1 RC (2025-06-05 r88288) -- "Great Square Root" | 4614 |
| kjohnson1 | macOS 13.7.5 Ventura | arm64 | 4.5.1 Patched (2025-06-14 r88325) -- "Great Square Root" | 4555 |
| kunpeng2 | Linux (openEuler 24.03 LTS) | aarch64 | R Under development (unstable) (2025-02-19 r87757) -- "Unsuffered Consequences" | 4586 |
| Click on any hostname to see more info about the system (e.g. compilers) (*) as reported by 'uname -p', except on Windows and Mac OS X | ||||
| Package 1728/2341 | Hostname | OS / Arch | INSTALL | BUILD | CHECK | BUILD BIN | ||||||||
| ReactomeGSA 1.22.0 (landing page) Johannes Griss
| nebbiolo1 | Linux (Ubuntu 24.04.3 LTS) / x86_64 | OK | OK | OK | |||||||||
| merida1 | macOS 12.7.6 Monterey / x86_64 | OK | OK | ERROR | OK | |||||||||
| kjohnson1 | macOS 13.7.5 Ventura / arm64 | OK | OK | OK | OK | |||||||||
| kunpeng2 | Linux (openEuler 24.03 LTS) / aarch64 | OK | OK | ERROR | ||||||||||
|
To the developers/maintainers of the ReactomeGSA package: - Allow up to 24 hours (and sometimes 48 hours) for your latest push to git@git.bioconductor.org:packages/ReactomeGSA.git to reflect on this report. See Troubleshooting Build Report for more information. - Use the following Renviron settings to reproduce errors and warnings. - If 'R CMD check' started to fail recently on the Linux builder(s) over a missing dependency, add the missing dependency to 'Suggests:' in your DESCRIPTION file. See Renviron.bioc for more information. |
| Package: ReactomeGSA |
| Version: 1.22.0 |
| Command: /Library/Frameworks/R.framework/Resources/bin/R CMD check --install=check:ReactomeGSA.install-out.txt --library=/Library/Frameworks/R.framework/Resources/library --no-vignettes --timings ReactomeGSA_1.22.0.tar.gz |
| StartedAt: 2025-10-14 08:56:06 -0400 (Tue, 14 Oct 2025) |
| EndedAt: 2025-10-14 09:15:27 -0400 (Tue, 14 Oct 2025) |
| EllapsedTime: 1160.6 seconds |
| RetCode: 1 |
| Status: ERROR |
| CheckDir: ReactomeGSA.Rcheck |
| Warnings: NA |
##############################################################################
##############################################################################
###
### Running command:
###
### /Library/Frameworks/R.framework/Resources/bin/R CMD check --install=check:ReactomeGSA.install-out.txt --library=/Library/Frameworks/R.framework/Resources/library --no-vignettes --timings ReactomeGSA_1.22.0.tar.gz
###
##############################################################################
##############################################################################
* using log directory ‘/Users/biocbuild/bbs-3.21-bioc/meat/ReactomeGSA.Rcheck’
* using R version 4.5.1 RC (2025-06-05 r88288)
* using platform: x86_64-apple-darwin20
* R was compiled by
Apple clang version 14.0.0 (clang-1400.0.29.202)
GNU Fortran (GCC) 14.2.0
* running under: macOS Monterey 12.7.6
* using session charset: UTF-8
* using option ‘--no-vignettes’
* checking for file ‘ReactomeGSA/DESCRIPTION’ ... OK
* checking extension type ... Package
* this is package ‘ReactomeGSA’ version ‘1.22.0’
* package encoding: UTF-8
* checking package namespace information ... OK
* checking package dependencies ... OK
* checking if this is a source package ... OK
* checking if there is a namespace ... OK
* checking for hidden files and directories ... OK
* checking for portable file names ... OK
* checking for sufficient/correct file permissions ... OK
* checking whether package ‘ReactomeGSA’ can be installed ... OK
* checking installed package size ... OK
* checking package directory ... OK
* checking ‘build’ directory ... OK
* checking DESCRIPTION meta-information ... OK
* checking top-level files ... OK
* checking for left-over files ... OK
* checking index information ... OK
* checking package subdirectories ... OK
* checking code files for non-ASCII characters ... OK
* checking R files for syntax errors ... OK
* checking whether the package can be loaded ... OK
* checking whether the package can be loaded with stated dependencies ... OK
* checking whether the package can be unloaded cleanly ... OK
* checking whether the namespace can be loaded with stated dependencies ... OK
* checking whether the namespace can be unloaded cleanly ... OK
* checking whether startup messages can be suppressed ... OK
* checking dependencies in R code ... OK
* checking S3 generic/method consistency ... OK
* checking replacement functions ... OK
* checking foreign function calls ... OK
* checking R code for possible problems ... NOTE
plot_correlations,ReactomeAnalysisResult: no visible binding for global
variable ‘combined_sig’
plot_correlations,ReactomeAnalysisResult: no visible binding for global
variable ‘alpha’
plot_gsva_pathway,ReactomeAnalysisResult: no visible binding for global
variable ‘cluster_id’
plot_gsva_pathway,ReactomeAnalysisResult: no visible binding for global
variable ‘expr’
plot_gsva_pca,ReactomeAnalysisResult: no visible binding for global
variable ‘gsva_result’
plot_gsva_pca,ReactomeAnalysisResult: no visible binding for global
variable ‘PC1’
plot_gsva_pca,ReactomeAnalysisResult: no visible binding for global
variable ‘PC2’
plot_heatmap,ReactomeAnalysisResult: no visible global function
definition for ‘desc’
plot_heatmap,ReactomeAnalysisResult: no visible binding for global
variable ‘n_sig’
plot_heatmap,ReactomeAnalysisResult: no visible binding for global
variable ‘dataset’
plot_heatmap,ReactomeAnalysisResult: no visible binding for global
variable ‘Name’
plot_volcano,ReactomeAnalysisResult: no visible binding for global
variable ‘av_foldchange’
plot_volcano,ReactomeAnalysisResult: no visible binding for global
variable ‘FDR’
Undefined global functions or variables:
FDR Name PC1 PC2 alpha av_foldchange cluster_id combined_sig dataset
desc expr gsva_result n_sig
* checking Rd files ... OK
* checking Rd metadata ... OK
* checking Rd cross-references ... OK
* checking for missing documentation entries ... OK
* checking for code/documentation mismatches ... OK
* checking Rd \usage sections ... OK
* checking Rd contents ... OK
* checking for unstated dependencies in examples ... OK
* checking files in ‘vignettes’ ... OK
* checking examples ... ERROR
Running examples in ‘ReactomeGSA-Ex.R’ failed
The error most likely occurred in:
> base::assign(".ptime", proc.time(), pos = "CheckExEnv")
> ### Name: plot_gsva_pathway
> ### Title: plot_gsva_pathway
> ### Aliases: plot_gsva_pathway
>
> ### ** Examples
>
> # load the scRNA-seq example data
> library(ReactomeGSA.data)
Loading required package: limma
Loading required package: edgeR
Loading required package: Seurat
Loading required package: SeuratObject
Loading required package: sp
'SeuratObject' was built with package 'Matrix' 1.7.3 but the current
version is 1.7.4; it is recomended that you reinstall 'SeuratObject' as
the ABI for 'Matrix' may have changed
Attaching package: 'SeuratObject'
The following objects are masked from 'package:base':
intersect, t
> data(jerby_b_cells)
>
> # perform the GSVA analysis
> gsva_result <- analyse_sc_clusters(jerby_b_cells, verbose = FALSE)
Converting expression data to string... (This may take a moment)
Conversion complete
Compressing request data...
Reactome Analysis submitted succesfully
>
> # create the plot
> plot_obj <- plot_gsva_pathway(gsva_result, "R-HSA-389542")
Error: C stack usage 7971816 is too close to the limit
Execution halted
Examples with CPU (user + system) or elapsed time > 5s
user system elapsed
plot_gsva_heatmap-ReactomeAnalysisResult-method 77.323 2.024 122.654
analyse_sc_clusters-Seurat-method 76.149 2.382 123.780
analyse_sc_clusters-SingleCellExperiment-method 76.102 2.178 158.168
plot_gsva_heatmap 74.828 1.889 117.963
plot_gsva_pathway-ReactomeAnalysisResult-method 74.809 1.761 117.380
analyse_sc_clusters 73.200 1.818 113.474
generate_pseudo_bulk_data 28.161 2.464 31.811
ReactomeAnalysisRequest 11.149 0.580 11.850
perform_reactome_analysis 4.530 0.242 18.528
load_public_dataset 2.967 0.212 41.685
* checking for unstated dependencies in ‘tests’ ... OK
* checking tests ...
Running ‘testthat.R’
OK
* checking for unstated dependencies in vignettes ... OK
* checking package vignettes ... OK
* checking running R code from vignettes ... SKIPPED
* checking re-building of vignette outputs ... SKIPPED
* checking PDF version of manual ... OK
* DONE
Status: 1 ERROR, 1 NOTE
See
‘/Users/biocbuild/bbs-3.21-bioc/meat/ReactomeGSA.Rcheck/00check.log’
for details.
ReactomeGSA.Rcheck/00install.out
############################################################################## ############################################################################## ### ### Running command: ### ### /Library/Frameworks/R.framework/Resources/bin/R CMD INSTALL ReactomeGSA ### ############################################################################## ############################################################################## * installing to library ‘/Library/Frameworks/R.framework/Versions/4.5-x86_64/Resources/library’ * installing *source* package ‘ReactomeGSA’ ... ** this is package ‘ReactomeGSA’ version ‘1.22.0’ ** using staged installation ** R ** inst ** byte-compile and prepare package for lazy loading in method for ‘analyse_sc_clusters’ with signature ‘object="Seurat"’: no definition for class “Seurat” in method for ‘analyse_sc_clusters’ with signature ‘object="SingleCellExperiment"’: no definition for class “SingleCellExperiment” in method for ‘add_dataset’ with signature ‘request="ReactomeAnalysisRequest",expression_values="EList"’: no definition for class “EList” in method for ‘add_dataset’ with signature ‘request="ReactomeAnalysisRequest",expression_values="DGEList"’: no definition for class “DGEList” in method for ‘generate_pseudo_bulk_data’ with signature ‘object="Seurat"’: no definition for class “Seurat” in method for ‘generate_pseudo_bulk_data’ with signature ‘object="SingleCellExperiment"’: no definition for class “SingleCellExperiment” ** help *** installing help indices ** building package indices ** installing vignettes ** testing if installed package can be loaded from temporary location ** testing if installed package can be loaded from final location ** testing if installed package keeps a record of temporary installation path * DONE (ReactomeGSA)
ReactomeGSA.Rcheck/tests/testthat.Rout
R version 4.5.1 RC (2025-06-05 r88288) -- "Great Square Root"
Copyright (C) 2025 The R Foundation for Statistical Computing
Platform: x86_64-apple-darwin20
R is free software and comes with ABSOLUTELY NO WARRANTY.
You are welcome to redistribute it under certain conditions.
Type 'license()' or 'licence()' for distribution details.
R is a collaborative project with many contributors.
Type 'contributors()' for more information and
'citation()' on how to cite R or R packages in publications.
Type 'demo()' for some demos, 'help()' for on-line help, or
'help.start()' for an HTML browser interface to help.
Type 'q()' to quit R.
> library(testthat)
> library(ReactomeGSA)
>
> test_check("ReactomeGSA")
[ FAIL 0 | WARN 0 | SKIP 0 | PASS 17 ]
>
> proc.time()
user system elapsed
3.935 0.345 4.257
ReactomeGSA.Rcheck/ReactomeGSA-Ex.timings
| name | user | system | elapsed | |
| ReactomeAnalysisRequest | 11.149 | 0.580 | 11.850 | |
| ReactomeAnalysisResult-class | 0.343 | 0.022 | 0.366 | |
| add_dataset-ReactomeAnalysisRequest-DGEList-method | 1.671 | 0.107 | 1.791 | |
| add_dataset-ReactomeAnalysisRequest-EList-method | 1.259 | 0.094 | 1.362 | |
| add_dataset-ReactomeAnalysisRequest-ExpressionSet-method | 1.262 | 0.057 | 1.409 | |
| add_dataset-ReactomeAnalysisRequest-data.frame-method | 1.274 | 0.046 | 1.511 | |
| add_dataset-ReactomeAnalysisRequest-matrix-method | 1.271 | 0.049 | 1.506 | |
| add_dataset | 1.259 | 0.036 | 1.493 | |
| analyse_sc_clusters-Seurat-method | 76.149 | 2.382 | 123.780 | |
| analyse_sc_clusters-SingleCellExperiment-method | 76.102 | 2.178 | 158.168 | |
| analyse_sc_clusters | 73.200 | 1.818 | 113.474 | |
| find_public_datasets | 0.186 | 0.020 | 4.323 | |
| generate_metadata | 0.003 | 0.000 | 0.004 | |
| generate_pseudo_bulk_data | 28.161 | 2.464 | 31.811 | |
| get_public_species | 0.046 | 0.006 | 0.306 | |
| get_reactome_data_types | 0.096 | 0.012 | 0.827 | |
| get_reactome_methods | 0.164 | 0.021 | 1.605 | |
| get_result-ReactomeAnalysisResult-method | 0.681 | 0.101 | 0.796 | |
| get_result | 0.342 | 0.021 | 0.374 | |
| load_public_dataset | 2.967 | 0.212 | 41.685 | |
| names-ReactomeAnalysisResult-method | 0.326 | 0.019 | 0.347 | |
| open_reactome-ReactomeAnalysisResult-method | 0.335 | 0.020 | 0.356 | |
| open_reactome | 0.335 | 0.019 | 0.355 | |
| pathways-ReactomeAnalysisResult-method | 0.457 | 0.023 | 0.486 | |
| pathways | 0.363 | 0.021 | 0.384 | |
| perform_reactome_analysis | 4.530 | 0.242 | 18.528 | |
| plot_correlations-ReactomeAnalysisResult-method | 0.523 | 0.022 | 0.549 | |
| plot_correlations | 0.461 | 0.020 | 0.489 | |
| plot_gsva_heatmap-ReactomeAnalysisResult-method | 77.323 | 2.024 | 122.654 | |
| plot_gsva_heatmap | 74.828 | 1.889 | 117.963 | |
| plot_gsva_pathway-ReactomeAnalysisResult-method | 74.809 | 1.761 | 117.380 | |