| Back to Multiple platform build/check report for BioC 3.21: simplified long |
|
This page was generated on 2025-10-16 11:39 -0400 (Thu, 16 Oct 2025).
| Hostname | OS | Arch (*) | R version | Installed pkgs |
|---|---|---|---|---|
| nebbiolo1 | Linux (Ubuntu 24.04.3 LTS) | x86_64 | 4.5.1 (2025-06-13) -- "Great Square Root" | 4833 |
| merida1 | macOS 12.7.6 Monterey | x86_64 | 4.5.1 RC (2025-06-05 r88288) -- "Great Square Root" | 4614 |
| kjohnson1 | macOS 13.7.5 Ventura | arm64 | 4.5.1 Patched (2025-06-14 r88325) -- "Great Square Root" | 4555 |
| kunpeng2 | Linux (openEuler 24.03 LTS) | aarch64 | R Under development (unstable) (2025-02-19 r87757) -- "Unsuffered Consequences" | 4586 |
| Click on any hostname to see more info about the system (e.g. compilers) (*) as reported by 'uname -p', except on Windows and Mac OS X | ||||
| Package 566/2341 | Hostname | OS / Arch | INSTALL | BUILD | CHECK | BUILD BIN | ||||||||
| DESeq2 1.48.2 (landing page) Michael Love
| nebbiolo1 | Linux (Ubuntu 24.04.3 LTS) / x86_64 | OK | OK | WARNINGS | |||||||||
| merida1 | macOS 12.7.6 Monterey / x86_64 | OK | OK | WARNINGS | OK | |||||||||
| kjohnson1 | macOS 13.7.5 Ventura / arm64 | OK | OK | WARNINGS | OK | |||||||||
| kunpeng2 | Linux (openEuler 24.03 LTS) / aarch64 | OK | OK | OK | ||||||||||
|
To the developers/maintainers of the DESeq2 package: - Allow up to 24 hours (and sometimes 48 hours) for your latest push to git@git.bioconductor.org:packages/DESeq2.git to reflect on this report. See Troubleshooting Build Report for more information. - Use the following Renviron settings to reproduce errors and warnings. - If 'R CMD check' started to fail recently on the Linux builder(s) over a missing dependency, add the missing dependency to 'Suggests:' in your DESCRIPTION file. See Renviron.bioc for more information. |
| Package: DESeq2 |
| Version: 1.48.2 |
| Command: /Library/Frameworks/R.framework/Resources/bin/R CMD check --install=check:DESeq2.install-out.txt --library=/Library/Frameworks/R.framework/Resources/library --no-vignettes --timings DESeq2_1.48.2.tar.gz |
| StartedAt: 2025-10-14 02:46:36 -0400 (Tue, 14 Oct 2025) |
| EndedAt: 2025-10-14 03:02:21 -0400 (Tue, 14 Oct 2025) |
| EllapsedTime: 944.7 seconds |
| RetCode: 0 |
| Status: WARNINGS |
| CheckDir: DESeq2.Rcheck |
| Warnings: 1 |
##############################################################################
##############################################################################
###
### Running command:
###
### /Library/Frameworks/R.framework/Resources/bin/R CMD check --install=check:DESeq2.install-out.txt --library=/Library/Frameworks/R.framework/Resources/library --no-vignettes --timings DESeq2_1.48.2.tar.gz
###
##############################################################################
##############################################################################
* using log directory ‘/Users/biocbuild/bbs-3.21-bioc/meat/DESeq2.Rcheck’
* using R version 4.5.1 RC (2025-06-05 r88288)
* using platform: x86_64-apple-darwin20
* R was compiled by
Apple clang version 14.0.0 (clang-1400.0.29.202)
GNU Fortran (GCC) 14.2.0
* running under: macOS Monterey 12.7.6
* using session charset: UTF-8
* using option ‘--no-vignettes’
* checking for file ‘DESeq2/DESCRIPTION’ ... OK
* checking extension type ... Package
* this is package ‘DESeq2’ version ‘1.48.2’
* package encoding: UTF-8
* checking package namespace information ... OK
* checking package dependencies ... OK
* checking if this is a source package ... OK
* checking if there is a namespace ... OK
* checking for hidden files and directories ... OK
* checking for portable file names ... OK
* checking for sufficient/correct file permissions ... OK
* checking whether package ‘DESeq2’ can be installed ... WARNING
Found the following significant warnings:
DESeq2.cpp:501:16: warning: 'max' is deprecated: use .index_max() instead [-Wdeprecated-declarations]
DESeq2.cpp:508:16: warning: 'max' is deprecated: use .index_max() instead [-Wdeprecated-declarations]
See ‘/Users/biocbuild/bbs-3.21-bioc/meat/DESeq2.Rcheck/00install.out’ for details.
* used C++ compiler: ‘Apple clang version 14.0.0 (clang-1400.0.29.202)’
* used SDK: ‘MacOSX11.3.sdk’
* checking installed package size ... OK
* checking package directory ... OK
* checking ‘build’ directory ... OK
* checking DESCRIPTION meta-information ... OK
* checking top-level files ... OK
* checking for left-over files ... OK
* checking index information ... OK
* checking package subdirectories ... OK
* checking code files for non-ASCII characters ... OK
* checking R files for syntax errors ... OK
* checking whether the package can be loaded ... OK
* checking whether the package can be loaded with stated dependencies ... OK
* checking whether the package can be unloaded cleanly ... OK
* checking whether the namespace can be loaded with stated dependencies ... OK
* checking whether the namespace can be unloaded cleanly ... OK
* checking dependencies in R code ... OK
* checking S3 generic/method consistency ... OK
* checking replacement functions ... OK
* checking foreign function calls ... OK
* checking R code for possible problems ... OK
* checking Rd files ... OK
* checking Rd metadata ... OK
* checking Rd cross-references ... NOTE
Found the following Rd file(s) with Rd \link{} targets missing package
anchors:
DESeq.Rd: estimateSizeFactors, estimateDispersions, bplapply,
register, counts
counts.Rd: sizeFactors
dispersionFunction.Rd: estimateDispersions
dispersions.Rd: estimateDispersions
estimateDispersionsGeneEst.Rd: estimateDispersions
estimateSizeFactors.Rd: sizeFactors, sizeFactors<-
estimateSizeFactorsForMatrix.Rd: estimateSizeFactors
fpkm.Rd: estimateSizeFactors
nbinomLRT.Rd: sizeFactors
nbinomWaldTest.Rd: sizeFactors
normalizationFactors.Rd: sizeFactors
replaceOutliers.Rd: counts
results.Rd: bplapply, register
rlog.Rd: RangedSummarizedExperiment, estimateDispersions
sizeFactors.Rd: estimateSizeFactors
varianceStabilizingTransformation.Rd: estimateDispersions
vst.Rd: estimateDispersions
Please provide package anchors for all Rd \link{} targets not in the
package itself and the base packages.
* checking for missing documentation entries ... OK
* checking for code/documentation mismatches ... OK
* checking Rd \usage sections ... OK
* checking Rd contents ... OK
* checking for unstated dependencies in examples ... OK
* checking line endings in C/C++/Fortran sources/headers ... OK
* checking line endings in Makefiles ... OK
* checking compilation flags in Makevars ... OK
* checking for GNU extensions in Makefiles ... OK
* checking for portable use of $(BLAS_LIBS) and $(LAPACK_LIBS) ... OK
* checking use of PKG_*FLAGS in Makefiles ... OK
* checking compiled code ... NOTE
Note: information on .o files is not available
* checking files in ‘vignettes’ ... OK
* checking examples ... OK
Examples with CPU (user + system) or elapsed time > 5s
user system elapsed
results 16.688 0.304 17.798
DESeq 10.820 0.074 11.370
lfcShrink 7.135 0.041 7.213
* checking for unstated dependencies in ‘tests’ ... OK
* checking tests ...
Running ‘testthat.R’
OK
* checking for unstated dependencies in vignettes ... OK
* checking package vignettes ... OK
* checking running R code from vignettes ... SKIPPED
* checking re-building of vignette outputs ... SKIPPED
* checking PDF version of manual ... OK
* DONE
Status: 1 WARNING, 2 NOTEs
See
‘/Users/biocbuild/bbs-3.21-bioc/meat/DESeq2.Rcheck/00check.log’
for details.
DESeq2.Rcheck/00install.out
##############################################################################
##############################################################################
###
### Running command:
###
### /Library/Frameworks/R.framework/Resources/bin/R CMD INSTALL DESeq2
###
##############################################################################
##############################################################################
* installing to library ‘/Library/Frameworks/R.framework/Versions/4.5-x86_64/Resources/library’
* installing *source* package ‘DESeq2’ ...
** this is package ‘DESeq2’ version ‘1.48.2’
** using staged installation
** libs
using C++ compiler: ‘Apple clang version 14.0.0 (clang-1400.0.29.202)’
using SDK: ‘MacOSX11.3.sdk’
clang++ -arch x86_64 -std=gnu++17 -I"/Library/Frameworks/R.framework/Resources/include" -DNDEBUG -I'/Library/Frameworks/R.framework/Versions/4.5-x86_64/Resources/library/Rcpp/include' -I'/Library/Frameworks/R.framework/Versions/4.5-x86_64/Resources/library/RcppArmadillo/include' -I/opt/R/x86_64/include -fPIC -falign-functions=64 -Wall -g -O2 -c DESeq2.cpp -o DESeq2.o
DESeq2.cpp:501:16: warning: 'max' is deprecated: use .index_max() instead [-Wdeprecated-declarations]
logpostvec.max(idxmax);
^
/Library/Frameworks/R.framework/Versions/4.5-x86_64/Resources/library/RcppArmadillo/include/current/armadillo_bits/Mat_bones.hpp:545:5: note: 'max' has been explicitly marked deprecated here
[[deprecated("use .index_max() instead")]] inline eT max(uword& index_of_max_val) const;
^
DESeq2.cpp:508:16: warning: 'max' is deprecated: use .index_max() instead [-Wdeprecated-declarations]
logpostvec.max(idxmax);
^
/Library/Frameworks/R.framework/Versions/4.5-x86_64/Resources/library/RcppArmadillo/include/current/armadillo_bits/Mat_bones.hpp:545:5: note: 'max' has been explicitly marked deprecated here
[[deprecated("use .index_max() instead")]] inline eT max(uword& index_of_max_val) const;
^
2 warnings generated.
clang++ -arch x86_64 -std=gnu++17 -I"/Library/Frameworks/R.framework/Resources/include" -DNDEBUG -I'/Library/Frameworks/R.framework/Versions/4.5-x86_64/Resources/library/Rcpp/include' -I'/Library/Frameworks/R.framework/Versions/4.5-x86_64/Resources/library/RcppArmadillo/include' -I/opt/R/x86_64/include -fPIC -falign-functions=64 -Wall -g -O2 -c RcppExports.cpp -o RcppExports.o
clang++ -arch x86_64 -std=gnu++17 -dynamiclib -Wl,-headerpad_max_install_names -undefined dynamic_lookup -L/Library/Frameworks/R.framework/Resources/lib -L/opt/R/x86_64/lib -o DESeq2.so DESeq2.o RcppExports.o -L/Library/Frameworks/R.framework/Resources/lib -lRlapack -L/Library/Frameworks/R.framework/Resources/lib -lRblas -L/opt/gfortran/lib/gcc/x86_64-apple-darwin20.0/14.2.0 -L/opt/gfortran/lib -lemutls_w -lheapt_w -lgfortran -lquadmath -F/Library/Frameworks/R.framework/.. -framework R
installing to /Library/Frameworks/R.framework/Versions/4.5-x86_64/Resources/library/00LOCK-DESeq2/00new/DESeq2/libs
** R
** inst
** byte-compile and prepare package for lazy loading
** help
*** installing help indices
** building package indices
** installing vignettes
** testing if installed package can be loaded from temporary location
** checking absolute paths in shared objects and dynamic libraries
** testing if installed package can be loaded from final location
** testing if installed package keeps a record of temporary installation path
* DONE (DESeq2)
DESeq2.Rcheck/tests/testthat.Rout
R version 4.5.1 RC (2025-06-05 r88288) -- "Great Square Root"
Copyright (C) 2025 The R Foundation for Statistical Computing
Platform: x86_64-apple-darwin20
R is free software and comes with ABSOLUTELY NO WARRANTY.
You are welcome to redistribute it under certain conditions.
Type 'license()' or 'licence()' for distribution details.
R is a collaborative project with many contributors.
Type 'contributors()' for more information and
'citation()' on how to cite R or R packages in publications.
Type 'demo()' for some demos, 'help()' for on-line help, or
'help.start()' for an HTML browser interface to help.
Type 'q()' to quit R.
> library("testthat")
> library("DESeq2")
Loading required package: S4Vectors
Loading required package: stats4
Loading required package: BiocGenerics
Loading required package: generics
Attaching package: 'generics'
The following objects are masked from 'package:base':
as.difftime, as.factor, as.ordered, intersect, is.element, setdiff,
setequal, union
Attaching package: 'BiocGenerics'
The following objects are masked from 'package:stats':
IQR, mad, sd, var, xtabs
The following objects are masked from 'package:base':
Filter, Find, Map, Position, Reduce, anyDuplicated, aperm, append,
as.data.frame, basename, cbind, colnames, dirname, do.call,
duplicated, eval, evalq, get, grep, grepl, is.unsorted, lapply,
mapply, match, mget, order, paste, pmax, pmax.int, pmin, pmin.int,
rank, rbind, rownames, sapply, saveRDS, table, tapply, unique,
unsplit, which.max, which.min
Attaching package: 'S4Vectors'
The following object is masked from 'package:utils':
findMatches
The following objects are masked from 'package:base':
I, expand.grid, unname
Loading required package: IRanges
Loading required package: GenomicRanges
Loading required package: GenomeInfoDb
Loading required package: SummarizedExperiment
Loading required package: MatrixGenerics
Loading required package: matrixStats
Attaching package: 'MatrixGenerics'
The following objects are masked from 'package:matrixStats':
colAlls, colAnyNAs, colAnys, colAvgsPerRowSet, colCollapse,
colCounts, colCummaxs, colCummins, colCumprods, colCumsums,
colDiffs, colIQRDiffs, colIQRs, colLogSumExps, colMadDiffs,
colMads, colMaxs, colMeans2, colMedians, colMins, colOrderStats,
colProds, colQuantiles, colRanges, colRanks, colSdDiffs, colSds,
colSums2, colTabulates, colVarDiffs, colVars, colWeightedMads,
colWeightedMeans, colWeightedMedians, colWeightedSds,
colWeightedVars, rowAlls, rowAnyNAs, rowAnys, rowAvgsPerColSet,
rowCollapse, rowCounts, rowCummaxs, rowCummins, rowCumprods,
rowCumsums, rowDiffs, rowIQRDiffs, rowIQRs, rowLogSumExps,
rowMadDiffs, rowMads, rowMaxs, rowMeans2, rowMedians, rowMins,
rowOrderStats, rowProds, rowQuantiles, rowRanges, rowRanks,
rowSdDiffs, rowSds, rowSums2, rowTabulates, rowVarDiffs, rowVars,
rowWeightedMads, rowWeightedMeans, rowWeightedMedians,
rowWeightedSds, rowWeightedVars
Loading required package: Biobase
Welcome to Bioconductor
Vignettes contain introductory material; view with
'browseVignettes()'. To cite Bioconductor, see
'citation("Biobase")', and for packages 'citation("pkgname")'.
Attaching package: 'Biobase'
The following object is masked from 'package:MatrixGenerics':
rowMedians
The following objects are masked from 'package:matrixStats':
anyMissing, rowMedians
> test_check("DESeq2")
[ FAIL 0 | WARN 1 | SKIP 3 | PASS 235 ]
══ Skipped tests (3) ═══════════════════════════════════════════════════════════
• empty test (3): 'test_LRT.R:14:1', 'test_results.R:151:1',
'test_weights.R:101:1'
[ FAIL 0 | WARN 1 | SKIP 3 | PASS 235 ]
>
> proc.time()
user system elapsed
398.711 6.560 435.111
DESeq2.Rcheck/DESeq2-Ex.timings
| name | user | system | elapsed | |
| DESeq | 10.820 | 0.074 | 11.370 | |
| DESeqDataSet | 0.425 | 0.003 | 0.455 | |
| coef | 4.514 | 0.055 | 4.781 | |
| collapseReplicates | 0.770 | 0.007 | 0.814 | |
| counts | 0.702 | 0.005 | 0.735 | |
| design | 0.382 | 0.002 | 0.405 | |
| dispersionFunction | 3.136 | 0.038 | 3.330 | |
| estimateDispersions | 2.213 | 0.012 | 2.305 | |
| estimateDispersionsGeneEst | 2.319 | 0.022 | 2.646 | |
| estimateSizeFactors | 1.610 | 0.005 | 1.625 | |
| estimateSizeFactorsForMatrix | 0.365 | 0.003 | 0.369 | |
| fpkm | 1.586 | 0.006 | 1.596 | |
| fpm | 1.153 | 0.004 | 1.164 | |
| integrateWithSingleCell | 0.001 | 0.000 | 0.001 | |
| lfcShrink | 7.135 | 0.041 | 7.213 | |
| makeExampleDESeqDataSet | 0.339 | 0.002 | 0.344 | |
| nbinomLRT | 3.894 | 0.016 | 3.937 | |
| nbinomWaldTest | 3.814 | 0.017 | 3.860 | |
| normalizationFactors | 3.785 | 0.045 | 3.882 | |
| plotCounts | 0.805 | 0.005 | 0.812 | |
| plotDispEsts | 2.359 | 0.019 | 2.390 | |
| plotMA | 4.440 | 0.025 | 4.587 | |
| plotPCA | 4.520 | 0.028 | 4.755 | |
| plotSparsity | 0.702 | 0.005 | 0.737 | |
| results | 16.688 | 0.304 | 17.798 | |
| rlog | 2.243 | 0.017 | 2.579 | |
| summary | 4.509 | 0.050 | 4.769 | |
| unmix | 0.809 | 0.006 | 0.847 | |
| varianceStabilizingTransformation | 1.708 | 0.010 | 1.790 | |
| vst | 2.081 | 0.011 | 2.161 | |