| Back to Multiple platform build/check report for BioC 3.22: simplified long |
|
This page was generated on 2025-11-04 12:03 -0500 (Tue, 04 Nov 2025).
| Hostname | OS | Arch (*) | R version | Installed pkgs |
|---|---|---|---|---|
| nebbiolo2 | Linux (Ubuntu 24.04.3 LTS) | x86_64 | 4.5.1 Patched (2025-08-23 r88802) -- "Great Square Root" | 4902 |
| lconway | macOS 12.7.6 Monterey | x86_64 | 4.5.1 Patched (2025-09-10 r88807) -- "Great Square Root" | 4692 |
| kjohnson3 | macOS 13.7.7 Ventura | arm64 | 4.5.1 Patched (2025-09-10 r88807) -- "Great Square Root" | 4638 |
| Click on any hostname to see more info about the system (e.g. compilers) (*) as reported by 'uname -p', except on Windows and Mac OS X | ||||
| Package 362/2361 | Hostname | OS / Arch | INSTALL | BUILD | CHECK | BUILD BIN | ||||||||
| ChromSCape 1.20.0 (landing page) Pacome Prompsy
| nebbiolo2 | Linux (Ubuntu 24.04.3 LTS) / x86_64 | OK | OK | WARNINGS | |||||||||
| lconway | macOS 12.7.6 Monterey / x86_64 | OK | OK | WARNINGS | OK | |||||||||
| kjohnson3 | macOS 13.7.7 Ventura / arm64 | OK | OK | WARNINGS | OK | |||||||||
|
To the developers/maintainers of the ChromSCape package: - Allow up to 24 hours (and sometimes 48 hours) for your latest push to git@git.bioconductor.org:packages/ChromSCape.git to reflect on this report. See Troubleshooting Build Report for more information. - Use the following Renviron settings to reproduce errors and warnings. - If 'R CMD check' started to fail recently on the Linux builder(s) over a missing dependency, add the missing dependency to 'Suggests:' in your DESCRIPTION file. See Renviron.bioc for more information. |
| Package: ChromSCape |
| Version: 1.20.0 |
| Command: /Library/Frameworks/R.framework/Resources/bin/R CMD check --install=check:ChromSCape.install-out.txt --library=/Library/Frameworks/R.framework/Resources/library --no-vignettes --timings ChromSCape_1.20.0.tar.gz |
| StartedAt: 2025-11-03 20:10:41 -0500 (Mon, 03 Nov 2025) |
| EndedAt: 2025-11-03 20:25:49 -0500 (Mon, 03 Nov 2025) |
| EllapsedTime: 907.7 seconds |
| RetCode: 0 |
| Status: WARNINGS |
| CheckDir: ChromSCape.Rcheck |
| Warnings: 1 |
##############################################################################
##############################################################################
###
### Running command:
###
### /Library/Frameworks/R.framework/Resources/bin/R CMD check --install=check:ChromSCape.install-out.txt --library=/Library/Frameworks/R.framework/Resources/library --no-vignettes --timings ChromSCape_1.20.0.tar.gz
###
##############################################################################
##############################################################################
* using log directory ‘/Users/biocbuild/bbs-3.22-bioc/meat/ChromSCape.Rcheck’
* using R version 4.5.1 Patched (2025-09-10 r88807)
* using platform: x86_64-apple-darwin20
* R was compiled by
Apple clang version 14.0.0 (clang-1400.0.29.202)
GNU Fortran (GCC) 14.2.0
* running under: macOS Monterey 12.7.6
* using session charset: UTF-8
* using option ‘--no-vignettes’
* checking for file ‘ChromSCape/DESCRIPTION’ ... OK
* this is package ‘ChromSCape’ version ‘1.20.0’
* package encoding: UTF-8
* checking package namespace information ... OK
* checking package dependencies ... INFO
Imports includes 51 non-default packages.
Importing from so many packages makes the package vulnerable to any of
them becoming unavailable. Move as many as possible to Suggests and
use conditionally.
* checking if this is a source package ... OK
* checking if there is a namespace ... OK
* checking for hidden files and directories ... NOTE
Found the following hidden files and directories:
.BBSoptions
These were most likely included in error. See section ‘Package
structure’ in the ‘Writing R Extensions’ manual.
* checking for portable file names ... OK
* checking for sufficient/correct file permissions ... OK
* checking whether package ‘ChromSCape’ can be installed ... OK
* used C++ compiler: ‘Apple clang version 14.0.0 (clang-1400.0.29.202)’
* used SDK: ‘MacOSX11.3.1.sdk’
* checking installed package size ... OK
* checking package directory ... OK
* checking ‘build’ directory ... OK
* checking DESCRIPTION meta-information ... OK
* checking top-level files ... OK
* checking for left-over files ... OK
* checking index information ... OK
* checking package subdirectories ... OK
* checking code files for non-ASCII characters ... OK
* checking R files for syntax errors ... OK
* checking whether the package can be loaded ... OK
* checking whether the package can be loaded with stated dependencies ... OK
* checking whether the package can be unloaded cleanly ... OK
* checking whether the namespace can be loaded with stated dependencies ... OK
* checking whether the namespace can be unloaded cleanly ... OK
* checking whether startup messages can be suppressed ... OK
* checking dependencies in R code ... WARNING
'loadNamespace' or 'requireNamespace' call not declared from: ‘flexdashboard’
* checking S3 generic/method consistency ... OK
* checking replacement functions ... OK
* checking foreign function calls ... OK
* checking R code for possible problems ... NOTE
bams_to_matrix_indexes: no visible binding for global variable
‘files_dir_list’
enrich_TF_ChEA3_genes: no visible binding for global variable
‘CheA3_TF_nTargets’
filter_correlated_cell_scExp: no visible binding for global variable
‘run_tsne’
generate_analysis: no visible global function definition for ‘head’
generate_analysis: no visible binding for global variable ‘k’
generate_analysis: no visible binding for global variable
‘clusterConsensus’
get_most_variable_cyto: no visible binding for global variable
‘cytoBand’
get_most_variable_cyto: no visible binding for global variable
‘Fri_cyto’
num_cell_after_QC_filt_scExp: no visible binding for global variable
‘sample_id’
num_cell_after_QC_filt_scExp: no visible binding for global variable
‘total_counts’
num_cell_scExp: no visible binding for global variable ‘sample_id’
num_cell_scExp: no visible binding for global variable ‘total_counts’
plot_correlation_PCA_scExp: no visible binding for global variable
‘Component’
plot_coverage_BigWig: no visible binding for global variable ‘molecule’
plot_coverage_BigWig: no visible binding for global variable
‘orientation’
plot_coverage_BigWig: no visible binding for global variable ‘Gene’
plot_gain_or_loss_barplots: no visible binding for global variable
‘Gain_or_Loss’
plot_gain_or_loss_barplots: no visible binding for global variable
‘ncells’
plot_gain_or_loss_barplots: no visible binding for global variable
‘cytoBand’
plot_most_contributing_features: no visible binding for global variable
‘genes’
plot_percent_active_feature_scExp: no visible binding for global
variable ‘group’
plot_percent_active_feature_scExp: no visible binding for global
variable ‘percent_active’
plot_pie_most_contributing_chr: no visible binding for global variable
‘absolute_value’
plot_reduced_dim_scExp: no visible binding for global variable ‘V1’
plot_reduced_dim_scExp: no visible binding for global variable ‘V2’
plot_reduced_dim_scExp: no visible binding for global variable
‘cluster’
plot_top_TF_scExp: no visible binding for global variable ‘TF’
rebin_helper: no visible binding for global variable ‘new_row’
rebin_helper: no visible binding for global variable ‘origin_value’
rebin_matrix: no visible binding for global variable ‘group’
subset_bam_call_peaks: no visible binding for global variable
‘merged_bam’
Undefined global functions or variables:
CheA3_TF_nTargets Component Fri_cyto Gain_or_Loss Gene TF V1 V2
absolute_value cluster clusterConsensus cytoBand files_dir_list genes
group head k merged_bam molecule ncells new_row orientation
origin_value percent_active run_tsne sample_id total_counts
Consider adding
importFrom("utils", "head")
to your NAMESPACE file.
* checking Rd files ... OK
* checking Rd metadata ... OK
* checking Rd cross-references ... OK
* checking for missing documentation entries ... OK
* checking for code/documentation mismatches ... OK
* checking Rd \usage sections ... OK
* checking Rd contents ... OK
* checking for unstated dependencies in examples ... OK
* checking contents of ‘data’ directory ... OK
* checking data for non-ASCII characters ... OK
* checking data for ASCII and uncompressed saves ... OK
* checking line endings in C/C++/Fortran sources/headers ... OK
* checking compiled code ... NOTE
Note: information on .o files is not available
* checking files in ‘vignettes’ ... OK
* checking examples ... OK
Examples with CPU (user + system) or elapsed time > 5s
user system elapsed
get_pathway_mat_scExp 85.815 8.064 94.512
plot_gain_or_loss_barplots 56.650 0.470 57.428
calculate_CNA 28.858 1.882 30.928
calculate_logRatio_CNA 27.571 0.839 28.596
plot_reduced_dim_scExp_CNA 28.051 0.254 28.478
calculate_gain_or_loss 27.020 0.589 27.811
calculate_cyto_mat 26.693 0.782 27.632
get_most_variable_cyto 25.363 0.262 25.781
get_cyto_features 22.801 0.168 23.093
num_cell_after_cor_filt_scExp 13.362 0.157 13.566
preprocessing_filtering_and_reduction 10.105 0.200 10.341
filter_correlated_cell_scExp 10.104 0.116 10.299
import_scExp 7.937 1.105 9.099
rebin_matrix 7.950 0.078 25.181
create_scDataset_raw 7.142 0.634 7.853
CompareWilcox 6.912 0.504 6.902
differential_activation 6.323 0.091 6.468
CompareedgeRGLM 5.454 0.349 5.855
enrich_TF_ChEA3_scExp 1.227 0.100 6.972
* checking for unstated dependencies in ‘tests’ ... OK
* checking tests ...
Running ‘testthat.R’
OK
* checking for unstated dependencies in vignettes ... OK
* checking package vignettes ... OK
* checking running R code from vignettes ... SKIPPED
* checking re-building of vignette outputs ... SKIPPED
* checking PDF version of manual ... OK
* DONE
Status: 1 WARNING, 3 NOTEs
See
‘/Users/biocbuild/bbs-3.22-bioc/meat/ChromSCape.Rcheck/00check.log’
for details.
ChromSCape.Rcheck/00install.out
############################################################################## ############################################################################## ### ### Running command: ### ### /Library/Frameworks/R.framework/Resources/bin/R CMD INSTALL ChromSCape ### ############################################################################## ############################################################################## * installing to library ‘/Library/Frameworks/R.framework/Versions/4.5-x86_64/Resources/library’ * installing *source* package ‘ChromSCape’ ... ** this is package ‘ChromSCape’ version ‘1.20.0’ ** using staged installation ** libs using C++ compiler: ‘Apple clang version 14.0.0 (clang-1400.0.29.202)’ using SDK: ‘MacOSX11.3.1.sdk’ clang++ -arch x86_64 -std=gnu++17 -I"/Library/Frameworks/R.framework/Resources/include" -DNDEBUG -I'/Library/Frameworks/R.framework/Versions/4.5-x86_64/Resources/library/Rcpp/include' -I/opt/R/x86_64/include -fPIC -falign-functions=64 -Wall -g -O2 -c RcppExports.cpp -o RcppExports.o clang++ -arch x86_64 -std=gnu++17 -I"/Library/Frameworks/R.framework/Resources/include" -DNDEBUG -I'/Library/Frameworks/R.framework/Versions/4.5-x86_64/Resources/library/Rcpp/include' -I/opt/R/x86_64/include -fPIC -falign-functions=64 -Wall -g -O2 -c as_dist.cpp -o as_dist.o clang++ -arch x86_64 -std=gnu++17 -dynamiclib -Wl,-headerpad_max_install_names -undefined dynamic_lookup -L/Library/Frameworks/R.framework/Resources/lib -L/opt/R/x86_64/lib -o ChromSCape.so RcppExports.o as_dist.o -F/Library/Frameworks/R.framework/.. -framework R installing to /Library/Frameworks/R.framework/Versions/4.5-x86_64/Resources/library/00LOCK-ChromSCape/00new/ChromSCape/libs ** R ** data ** inst ** byte-compile and prepare package for lazy loading ** help *** installing help indices ** building package indices ** installing vignettes ** testing if installed package can be loaded from temporary location ** checking absolute paths in shared objects and dynamic libraries ** testing if installed package can be loaded from final location ** testing if installed package keeps a record of temporary installation path * DONE (ChromSCape)
ChromSCape.Rcheck/tests/testthat.Rout
R version 4.5.1 Patched (2025-09-10 r88807) -- "Great Square Root"
Copyright (C) 2025 The R Foundation for Statistical Computing
Platform: x86_64-apple-darwin20
R is free software and comes with ABSOLUTELY NO WARRANTY.
You are welcome to redistribute it under certain conditions.
Type 'license()' or 'licence()' for distribution details.
R is a collaborative project with many contributors.
Type 'contributors()' for more information and
'citation()' on how to cite R or R packages in publications.
Type 'demo()' for some demos, 'help()' for on-line help, or
'help.start()' for an HTML browser interface to help.
Type 'q()' to quit R.
> library(testthat)
> library(ChromSCape)
>
> test_check("ChromSCape")
[ FAIL 0 | WARN 2 | SKIP 0 | PASS 11 ]
[ FAIL 0 | WARN 2 | SKIP 0 | PASS 11 ]
>
> proc.time()
user system elapsed
40.451 3.334 43.840
ChromSCape.Rcheck/ChromSCape-Ex.timings
| name | user | system | elapsed | |
| CheA3_TF_nTargets | 0.008 | 0.002 | 0.011 | |
| CompareWilcox | 6.912 | 0.504 | 6.902 | |
| CompareedgeRGLM | 5.454 | 0.349 | 5.855 | |
| annotToCol2 | 1.063 | 0.047 | 1.118 | |
| calculate_CNA | 28.858 | 1.882 | 30.928 | |
| calculate_cyto_mat | 26.693 | 0.782 | 27.632 | |
| calculate_gain_or_loss | 27.020 | 0.589 | 27.811 | |
| calculate_logRatio_CNA | 27.571 | 0.839 | 28.596 | |
| choose_cluster_scExp | 3.377 | 0.525 | 3.952 | |
| colors_scExp | 0.351 | 0.008 | 0.365 | |
| consensus_clustering_scExp | 3.195 | 0.528 | 3.806 | |
| correlation_and_hierarchical_clust_scExp | 0.405 | 0.011 | 0.422 | |
| create_project_folder | 0.002 | 0.004 | 0.005 | |
| create_scDataset_raw | 7.142 | 0.634 | 7.853 | |
| create_scExp | 0.538 | 0.009 | 0.553 | |
| define_feature | 0.153 | 0.005 | 0.157 | |
| detect_samples | 1.062 | 0.059 | 1.126 | |
| differential_activation | 6.323 | 0.091 | 6.468 | |
| differential_analysis_scExp | 3.241 | 0.026 | 3.282 | |
| enrich_TF_ChEA3_genes | 0.597 | 0.177 | 2.096 | |
| enrich_TF_ChEA3_scExp | 1.227 | 0.100 | 6.972 | |
| exclude_features_scExp | 0.518 | 0.008 | 0.528 | |
| feature_annotation_scExp | 1.707 | 0.109 | 1.835 | |
| filter_correlated_cell_scExp | 10.104 | 0.116 | 10.299 | |
| filter_scExp | 0.601 | 0.008 | 0.611 | |
| find_clusters_louvain_scExp | 0.388 | 0.012 | 0.404 | |
| find_top_features | 0.415 | 0.008 | 0.426 | |
| gene_set_enrichment_analysis_scExp | 0.272 | 0.009 | 0.282 | |
| generate_analysis | 0.001 | 0.000 | 0.000 | |
| generate_coverage_tracks | 0.000 | 0.000 | 0.001 | |
| generate_report | 0.000 | 0.001 | 0.000 | |
| getExperimentNames | 0.311 | 0.009 | 0.321 | |
| getMainExperiment | 0.352 | 0.010 | 0.367 | |
| get_cyto_features | 22.801 | 0.168 | 23.093 | |
| get_genomic_coordinates | 0.484 | 0.009 | 0.496 | |
| get_most_variable_cyto | 25.363 | 0.262 | 25.781 | |
| get_pathway_mat_scExp | 85.815 | 8.064 | 94.512 | |
| has_genomic_coordinates | 0.687 | 0.023 | 0.712 | |
| import_scExp | 7.937 | 1.105 | 9.099 | |
| inter_correlation_scExp | 0.428 | 0.025 | 0.455 | |
| intra_correlation_scExp | 0.420 | 0.021 | 0.442 | |
| launchApp | 0.000 | 0.000 | 0.001 | |
| normalize_scExp | 0.468 | 0.022 | 0.492 | |
| num_cell_after_QC_filt_scExp | 0.457 | 0.007 | 0.465 | |
| num_cell_after_cor_filt_scExp | 13.362 | 0.157 | 13.566 | |
| num_cell_before_cor_filt_scExp | 0.271 | 0.018 | 0.291 | |
| num_cell_in_cluster_scExp | 0.476 | 0.012 | 0.490 | |
| num_cell_scExp | 0.379 | 0.005 | 0.386 | |
| plot_cluster_consensus_scExp | 1.204 | 0.019 | 1.229 | |
| plot_correlation_PCA_scExp | 1.503 | 0.092 | 1.610 | |
| plot_coverage_BigWig | 0.278 | 0.010 | 0.292 | |
| plot_differential_summary_scExp | 0.316 | 0.011 | 0.328 | |
| plot_differential_volcano_scExp | 0.372 | 0.018 | 0.394 | |
| plot_distribution_scExp | 0.518 | 0.014 | 0.535 | |
| plot_gain_or_loss_barplots | 56.650 | 0.470 | 57.428 | |
| plot_heatmap_scExp | 0.367 | 0.015 | 0.384 | |
| plot_inter_correlation_scExp | 0.770 | 0.019 | 0.793 | |
| plot_intra_correlation_scExp | 0.742 | 0.026 | 0.780 | |
| plot_most_contributing_features | 0.550 | 0.011 | 0.564 | |
| plot_percent_active_feature_scExp | 0.655 | 0.015 | 0.675 | |
| plot_pie_most_contributing_chr | 0.384 | 0.021 | 0.410 | |
| plot_reduced_dim_scExp | 1.977 | 0.040 | 2.030 | |
| plot_reduced_dim_scExp_CNA | 28.051 | 0.254 | 28.478 | |
| plot_top_TF_scExp | 0.746 | 0.016 | 0.769 | |
| plot_violin_feature_scExp | 0.794 | 0.025 | 0.825 | |
| preprocess_CPM | 0.435 | 0.021 | 0.459 | |
| preprocess_RPKM | 0.430 | 0.025 | 0.458 | |
| preprocess_TFIDF | 0.457 | 0.027 | 0.487 | |
| preprocess_TPM | 0.541 | 0.099 | 0.645 | |
| preprocess_feature_size_only | 0.432 | 0.030 | 0.463 | |
| preprocessing_filtering_and_reduction | 10.105 | 0.200 | 10.341 | |
| read_sparse_matrix | 0.000 | 0.000 | 0.001 | |
| rebin_matrix | 7.950 | 0.078 | 25.181 | |
| reduce_dims_scExp | 1.893 | 0.035 | 1.934 | |
| scExp | 1.231 | 0.041 | 1.281 | |
| subsample_scExp | 0.683 | 0.030 | 0.717 | |
| subset_bam_call_peaks | 0.000 | 0.000 | 0.001 | |
| summary_DA | 0.293 | 0.015 | 0.310 | |
| swapAltExp_sameColData | 0.369 | 0.013 | 0.384 | |
| table_enriched_genes_scExp | 0.266 | 0.010 | 0.278 | |
| wrapper_Signac_FeatureMatrix | 0 | 0 | 0 | |