| Back to Multiple platform build/check report for BioC 3.22: simplified long |
|
This page was generated on 2025-11-07 12:01 -0500 (Fri, 07 Nov 2025).
| Hostname | OS | Arch (*) | R version | Installed pkgs |
|---|---|---|---|---|
| nebbiolo2 | Linux (Ubuntu 24.04.3 LTS) | x86_64 | 4.5.1 Patched (2025-08-23 r88802) -- "Great Square Root" | 4902 |
| kjohnson3 | macOS 13.7.7 Ventura | arm64 | 4.5.1 Patched (2025-09-10 r88807) -- "Great Square Root" | 4638 |
| Click on any hostname to see more info about the system (e.g. compilers) (*) as reported by 'uname -p', except on Windows and Mac OS X | ||||
| Package 362/2361 | Hostname | OS / Arch | INSTALL | BUILD | CHECK | BUILD BIN | ||||||||
| ChromSCape 1.20.0 (landing page) Pacome Prompsy
| nebbiolo2 | Linux (Ubuntu 24.04.3 LTS) / x86_64 | OK | OK | WARNINGS | |||||||||
| kjohnson3 | macOS 13.7.7 Ventura / arm64 | OK | OK | WARNINGS | OK | |||||||||
|
To the developers/maintainers of the ChromSCape package: - Allow up to 24 hours (and sometimes 48 hours) for your latest push to git@git.bioconductor.org:packages/ChromSCape.git to reflect on this report. See Troubleshooting Build Report for more information. - Use the following Renviron settings to reproduce errors and warnings. - If 'R CMD check' started to fail recently on the Linux builder(s) over a missing dependency, add the missing dependency to 'Suggests:' in your DESCRIPTION file. See Renviron.bioc for more information. |
| Package: ChromSCape |
| Version: 1.20.0 |
| Command: /Library/Frameworks/R.framework/Resources/bin/R CMD check --install=check:ChromSCape.install-out.txt --library=/Library/Frameworks/R.framework/Resources/library --no-vignettes --timings ChromSCape_1.20.0.tar.gz |
| StartedAt: 2025-11-06 18:59:04 -0500 (Thu, 06 Nov 2025) |
| EndedAt: 2025-11-06 19:04:10 -0500 (Thu, 06 Nov 2025) |
| EllapsedTime: 305.9 seconds |
| RetCode: 0 |
| Status: WARNINGS |
| CheckDir: ChromSCape.Rcheck |
| Warnings: 1 |
##############################################################################
##############################################################################
###
### Running command:
###
### /Library/Frameworks/R.framework/Resources/bin/R CMD check --install=check:ChromSCape.install-out.txt --library=/Library/Frameworks/R.framework/Resources/library --no-vignettes --timings ChromSCape_1.20.0.tar.gz
###
##############################################################################
##############################################################################
* using log directory ‘/Users/biocbuild/bbs-3.22-bioc/meat/ChromSCape.Rcheck’
* using R version 4.5.1 Patched (2025-09-10 r88807)
* using platform: aarch64-apple-darwin20
* R was compiled by
Apple clang version 16.0.0 (clang-1600.0.26.6)
GNU Fortran (GCC) 14.2.0
* running under: macOS Ventura 13.7.7
* using session charset: UTF-8
* using option ‘--no-vignettes’
* checking for file ‘ChromSCape/DESCRIPTION’ ... OK
* this is package ‘ChromSCape’ version ‘1.20.0’
* package encoding: UTF-8
* checking package namespace information ... OK
* checking package dependencies ... INFO
Imports includes 51 non-default packages.
Importing from so many packages makes the package vulnerable to any of
them becoming unavailable. Move as many as possible to Suggests and
use conditionally.
* checking if this is a source package ... OK
* checking if there is a namespace ... OK
* checking for hidden files and directories ... NOTE
Found the following hidden files and directories:
.BBSoptions
These were most likely included in error. See section ‘Package
structure’ in the ‘Writing R Extensions’ manual.
* checking for portable file names ... OK
* checking for sufficient/correct file permissions ... OK
* checking whether package ‘ChromSCape’ can be installed ... OK
* used C++ compiler: ‘Apple clang version 15.0.0 (clang-1500.1.0.2.5)’
* used SDK: ‘MacOSX11.3.1.sdk’
* checking installed package size ... OK
* checking package directory ... OK
* checking ‘build’ directory ... OK
* checking DESCRIPTION meta-information ... OK
* checking top-level files ... OK
* checking for left-over files ... OK
* checking index information ... OK
* checking package subdirectories ... OK
* checking code files for non-ASCII characters ... OK
* checking R files for syntax errors ... OK
* checking whether the package can be loaded ... OK
* checking whether the package can be loaded with stated dependencies ... OK
* checking whether the package can be unloaded cleanly ... OK
* checking whether the namespace can be loaded with stated dependencies ... OK
* checking whether the namespace can be unloaded cleanly ... OK
* checking whether startup messages can be suppressed ... OK
* checking dependencies in R code ... WARNING
'loadNamespace' or 'requireNamespace' call not declared from: ‘flexdashboard’
* checking S3 generic/method consistency ... OK
* checking replacement functions ... OK
* checking foreign function calls ... OK
* checking R code for possible problems ... NOTE
bams_to_matrix_indexes: no visible binding for global variable
‘files_dir_list’
enrich_TF_ChEA3_genes: no visible binding for global variable
‘CheA3_TF_nTargets’
filter_correlated_cell_scExp: no visible binding for global variable
‘run_tsne’
generate_analysis: no visible global function definition for ‘head’
generate_analysis: no visible binding for global variable ‘k’
generate_analysis: no visible binding for global variable
‘clusterConsensus’
get_most_variable_cyto: no visible binding for global variable
‘cytoBand’
get_most_variable_cyto: no visible binding for global variable
‘Fri_cyto’
num_cell_after_QC_filt_scExp: no visible binding for global variable
‘sample_id’
num_cell_after_QC_filt_scExp: no visible binding for global variable
‘total_counts’
num_cell_scExp: no visible binding for global variable ‘sample_id’
num_cell_scExp: no visible binding for global variable ‘total_counts’
plot_correlation_PCA_scExp: no visible binding for global variable
‘Component’
plot_coverage_BigWig: no visible binding for global variable ‘molecule’
plot_coverage_BigWig: no visible binding for global variable
‘orientation’
plot_coverage_BigWig: no visible binding for global variable ‘Gene’
plot_gain_or_loss_barplots: no visible binding for global variable
‘Gain_or_Loss’
plot_gain_or_loss_barplots: no visible binding for global variable
‘ncells’
plot_gain_or_loss_barplots: no visible binding for global variable
‘cytoBand’
plot_most_contributing_features: no visible binding for global variable
‘genes’
plot_percent_active_feature_scExp: no visible binding for global
variable ‘group’
plot_percent_active_feature_scExp: no visible binding for global
variable ‘percent_active’
plot_pie_most_contributing_chr: no visible binding for global variable
‘absolute_value’
plot_reduced_dim_scExp: no visible binding for global variable ‘V1’
plot_reduced_dim_scExp: no visible binding for global variable ‘V2’
plot_reduced_dim_scExp: no visible binding for global variable
‘cluster’
plot_top_TF_scExp: no visible binding for global variable ‘TF’
rebin_helper: no visible binding for global variable ‘new_row’
rebin_helper: no visible binding for global variable ‘origin_value’
rebin_matrix: no visible binding for global variable ‘group’
subset_bam_call_peaks: no visible binding for global variable
‘merged_bam’
Undefined global functions or variables:
CheA3_TF_nTargets Component Fri_cyto Gain_or_Loss Gene TF V1 V2
absolute_value cluster clusterConsensus cytoBand files_dir_list genes
group head k merged_bam molecule ncells new_row orientation
origin_value percent_active run_tsne sample_id total_counts
Consider adding
importFrom("utils", "head")
to your NAMESPACE file.
* checking Rd files ... OK
* checking Rd metadata ... OK
* checking Rd cross-references ... OK
* checking for missing documentation entries ... OK
* checking for code/documentation mismatches ... OK
* checking Rd \usage sections ... OK
* checking Rd contents ... OK
* checking for unstated dependencies in examples ... OK
* checking contents of ‘data’ directory ... OK
* checking data for non-ASCII characters ... OK
* checking data for ASCII and uncompressed saves ... OK
* checking line endings in C/C++/Fortran sources/headers ... OK
* checking compiled code ... NOTE
Note: information on .o files is not available
* checking files in ‘vignettes’ ... OK
* checking examples ... OK
Examples with CPU (user + system) or elapsed time > 5s
user system elapsed
get_pathway_mat_scExp 28.022 1.474 30.271
plot_gain_or_loss_barplots 14.894 0.168 15.370
calculate_CNA 7.001 0.847 7.912
plot_reduced_dim_scExp_CNA 7.558 0.062 7.623
calculate_logRatio_CNA 7.083 0.287 7.534
calculate_cyto_mat 6.569 0.282 6.983
calculate_gain_or_loss 6.647 0.193 7.018
get_most_variable_cyto 6.400 0.088 6.490
num_cell_after_cor_filt_scExp 5.772 0.035 6.146
get_cyto_features 5.531 0.057 5.722
rebin_matrix 3.462 0.018 9.688
* checking for unstated dependencies in ‘tests’ ... OK
* checking tests ...
Running ‘testthat.R’
OK
* checking for unstated dependencies in vignettes ... OK
* checking package vignettes ... OK
* checking running R code from vignettes ... SKIPPED
* checking re-building of vignette outputs ... SKIPPED
* checking PDF version of manual ... OK
* DONE
Status: 1 WARNING, 3 NOTEs
See
‘/Users/biocbuild/bbs-3.22-bioc/meat/ChromSCape.Rcheck/00check.log’
for details.
ChromSCape.Rcheck/00install.out
############################################################################## ############################################################################## ### ### Running command: ### ### /Library/Frameworks/R.framework/Resources/bin/R CMD INSTALL ChromSCape ### ############################################################################## ############################################################################## * installing to library ‘/Library/Frameworks/R.framework/Versions/4.5-arm64/Resources/library’ * installing *source* package ‘ChromSCape’ ... ** this is package ‘ChromSCape’ version ‘1.20.0’ ** using staged installation ** libs using C++ compiler: ‘Apple clang version 15.0.0 (clang-1500.1.0.2.5)’ using SDK: ‘MacOSX11.3.1.sdk’ clang++ -arch arm64 -std=gnu++17 -I"/Library/Frameworks/R.framework/Resources/include" -DNDEBUG -I'/Library/Frameworks/R.framework/Versions/4.5-arm64/Resources/library/Rcpp/include' -I/opt/R/arm64/include -fPIC -falign-functions=64 -Wall -g -O2 -c RcppExports.cpp -o RcppExports.o clang++ -arch arm64 -std=gnu++17 -I"/Library/Frameworks/R.framework/Resources/include" -DNDEBUG -I'/Library/Frameworks/R.framework/Versions/4.5-arm64/Resources/library/Rcpp/include' -I/opt/R/arm64/include -fPIC -falign-functions=64 -Wall -g -O2 -c as_dist.cpp -o as_dist.o clang++ -arch arm64 -std=gnu++17 -dynamiclib -Wl,-headerpad_max_install_names -undefined dynamic_lookup -L/Library/Frameworks/R.framework/Resources/lib -L/opt/R/arm64/lib -o ChromSCape.so RcppExports.o as_dist.o -F/Library/Frameworks/R.framework/.. -framework R installing to /Library/Frameworks/R.framework/Versions/4.5-arm64/Resources/library/00LOCK-ChromSCape/00new/ChromSCape/libs ** R ** data ** inst ** byte-compile and prepare package for lazy loading ** help *** installing help indices ** building package indices ** installing vignettes ** testing if installed package can be loaded from temporary location ** checking absolute paths in shared objects and dynamic libraries ** testing if installed package can be loaded from final location ** testing if installed package keeps a record of temporary installation path * DONE (ChromSCape)
ChromSCape.Rcheck/tests/testthat.Rout
R version 4.5.1 Patched (2025-09-10 r88807) -- "Great Square Root"
Copyright (C) 2025 The R Foundation for Statistical Computing
Platform: aarch64-apple-darwin20
R is free software and comes with ABSOLUTELY NO WARRANTY.
You are welcome to redistribute it under certain conditions.
Type 'license()' or 'licence()' for distribution details.
R is a collaborative project with many contributors.
Type 'contributors()' for more information and
'citation()' on how to cite R or R packages in publications.
Type 'demo()' for some demos, 'help()' for on-line help, or
'help.start()' for an HTML browser interface to help.
Type 'q()' to quit R.
> library(testthat)
> library(ChromSCape)
>
> test_check("ChromSCape")
[ FAIL 0 | WARN 2 | SKIP 0 | PASS 11 ]
[ FAIL 0 | WARN 2 | SKIP 0 | PASS 11 ]
>
> proc.time()
user system elapsed
16.273 1.218 17.777
ChromSCape.Rcheck/ChromSCape-Ex.timings
| name | user | system | elapsed | |
| CheA3_TF_nTargets | 0.003 | 0.001 | 0.004 | |
| CompareWilcox | 3.018 | 0.197 | 3.033 | |
| CompareedgeRGLM | 1.540 | 0.135 | 1.714 | |
| annotToCol2 | 0.318 | 0.050 | 0.369 | |
| calculate_CNA | 7.001 | 0.847 | 7.912 | |
| calculate_cyto_mat | 6.569 | 0.282 | 6.983 | |
| calculate_gain_or_loss | 6.647 | 0.193 | 7.018 | |
| calculate_logRatio_CNA | 7.083 | 0.287 | 7.534 | |
| choose_cluster_scExp | 1.266 | 0.282 | 1.623 | |
| colors_scExp | 0.118 | 0.003 | 0.121 | |
| consensus_clustering_scExp | 1.232 | 0.275 | 1.535 | |
| correlation_and_hierarchical_clust_scExp | 0.132 | 0.004 | 0.141 | |
| create_project_folder | 0.000 | 0.000 | 0.001 | |
| create_scDataset_raw | 2.961 | 0.202 | 3.205 | |
| create_scExp | 0.160 | 0.007 | 0.177 | |
| define_feature | 0.057 | 0.005 | 0.060 | |
| detect_samples | 0.512 | 0.013 | 0.525 | |
| differential_activation | 1.972 | 0.057 | 2.032 | |
| differential_analysis_scExp | 1.068 | 0.018 | 1.150 | |
| enrich_TF_ChEA3_genes | 0.208 | 0.040 | 1.498 | |
| enrich_TF_ChEA3_scExp | 0.425 | 0.050 | 4.517 | |
| exclude_features_scExp | 0.140 | 0.008 | 0.148 | |
| feature_annotation_scExp | 0.472 | 0.032 | 0.515 | |
| filter_correlated_cell_scExp | 4.613 | 0.033 | 4.670 | |
| filter_scExp | 0.168 | 0.009 | 0.176 | |
| find_clusters_louvain_scExp | 0.127 | 0.003 | 0.130 | |
| find_top_features | 0.141 | 0.006 | 0.148 | |
| gene_set_enrichment_analysis_scExp | 0.097 | 0.004 | 0.101 | |
| generate_analysis | 0 | 0 | 0 | |
| generate_coverage_tracks | 0 | 0 | 0 | |
| generate_report | 0 | 0 | 0 | |
| getExperimentNames | 0.107 | 0.003 | 0.109 | |
| getMainExperiment | 0.118 | 0.004 | 0.123 | |
| get_cyto_features | 5.531 | 0.057 | 5.722 | |
| get_genomic_coordinates | 0.124 | 0.009 | 0.133 | |
| get_most_variable_cyto | 6.400 | 0.088 | 6.490 | |
| get_pathway_mat_scExp | 28.022 | 1.474 | 30.271 | |
| has_genomic_coordinates | 0.215 | 0.010 | 0.241 | |
| import_scExp | 3.571 | 0.120 | 3.840 | |
| inter_correlation_scExp | 0.153 | 0.009 | 0.161 | |
| intra_correlation_scExp | 0.142 | 0.007 | 0.156 | |
| launchApp | 0 | 0 | 0 | |
| normalize_scExp | 0.136 | 0.017 | 0.159 | |
| num_cell_after_QC_filt_scExp | 0.143 | 0.011 | 0.166 | |
| num_cell_after_cor_filt_scExp | 5.772 | 0.035 | 6.146 | |
| num_cell_before_cor_filt_scExp | 0.096 | 0.006 | 0.108 | |
| num_cell_in_cluster_scExp | 0.156 | 0.007 | 0.177 | |
| num_cell_scExp | 0.122 | 0.005 | 0.128 | |
| plot_cluster_consensus_scExp | 0.376 | 0.013 | 0.402 | |
| plot_correlation_PCA_scExp | 0.425 | 0.017 | 0.504 | |
| plot_coverage_BigWig | 0.098 | 0.003 | 0.109 | |
| plot_differential_summary_scExp | 0.111 | 0.003 | 0.133 | |
| plot_differential_volcano_scExp | 0.129 | 0.007 | 0.140 | |
| plot_distribution_scExp | 0.178 | 0.005 | 0.194 | |
| plot_gain_or_loss_barplots | 14.894 | 0.168 | 15.370 | |
| plot_heatmap_scExp | 0.130 | 0.008 | 0.139 | |
| plot_inter_correlation_scExp | 0.232 | 0.007 | 0.239 | |
| plot_intra_correlation_scExp | 0.243 | 0.007 | 0.258 | |
| plot_most_contributing_features | 0.182 | 0.008 | 0.192 | |
| plot_percent_active_feature_scExp | 0.192 | 0.005 | 0.197 | |
| plot_pie_most_contributing_chr | 0.122 | 0.004 | 0.126 | |
| plot_reduced_dim_scExp | 0.561 | 0.007 | 0.569 | |
| plot_reduced_dim_scExp_CNA | 7.558 | 0.062 | 7.623 | |
| plot_top_TF_scExp | 0.228 | 0.016 | 0.244 | |
| plot_violin_feature_scExp | 0.248 | 0.016 | 0.264 | |
| preprocess_CPM | 0.132 | 0.012 | 0.143 | |
| preprocess_RPKM | 0.139 | 0.016 | 0.154 | |
| preprocess_TFIDF | 0.133 | 0.015 | 0.147 | |
| preprocess_TPM | 0.154 | 0.019 | 0.173 | |
| preprocess_feature_size_only | 0.127 | 0.010 | 0.137 | |
| preprocessing_filtering_and_reduction | 4.088 | 0.050 | 4.141 | |
| read_sparse_matrix | 0 | 0 | 0 | |
| rebin_matrix | 3.462 | 0.018 | 9.688 | |
| reduce_dims_scExp | 0.659 | 0.022 | 0.715 | |
| scExp | 0.371 | 0.009 | 0.381 | |
| subsample_scExp | 0.187 | 0.013 | 0.200 | |
| subset_bam_call_peaks | 0 | 0 | 0 | |
| summary_DA | 0.103 | 0.004 | 0.108 | |
| swapAltExp_sameColData | 0.128 | 0.005 | 0.135 | |
| table_enriched_genes_scExp | 0.096 | 0.004 | 0.104 | |
| wrapper_Signac_FeatureMatrix | 0 | 0 | 0 | |