| Back to Multiple platform build/check report for BioC 3.21: simplified long |
|
This page was generated on 2025-10-16 11:41 -0400 (Thu, 16 Oct 2025).
| Hostname | OS | Arch (*) | R version | Installed pkgs |
|---|---|---|---|---|
| nebbiolo1 | Linux (Ubuntu 24.04.3 LTS) | x86_64 | 4.5.1 (2025-06-13) -- "Great Square Root" | 4833 |
| merida1 | macOS 12.7.6 Monterey | x86_64 | 4.5.1 RC (2025-06-05 r88288) -- "Great Square Root" | 4614 |
| kjohnson1 | macOS 13.7.5 Ventura | arm64 | 4.5.1 Patched (2025-06-14 r88325) -- "Great Square Root" | 4555 |
| kunpeng2 | Linux (openEuler 24.03 LTS) | aarch64 | R Under development (unstable) (2025-02-19 r87757) -- "Unsuffered Consequences" | 4586 |
| Click on any hostname to see more info about the system (e.g. compilers) (*) as reported by 'uname -p', except on Windows and Mac OS X | ||||
| Package 242/2341 | Hostname | OS / Arch | INSTALL | BUILD | CHECK | BUILD BIN | ||||||||
| BreastSubtypeR 1.0.0 (landing page) Qiao Yang
| nebbiolo1 | Linux (Ubuntu 24.04.3 LTS) / x86_64 | OK | OK | WARNINGS | |||||||||
| merida1 | macOS 12.7.6 Monterey / x86_64 | OK | OK | WARNINGS | OK | |||||||||
| kjohnson1 | macOS 13.7.5 Ventura / arm64 | OK | OK | WARNINGS | OK | |||||||||
| kunpeng2 | Linux (openEuler 24.03 LTS) / aarch64 | OK | OK | WARNINGS | ||||||||||
|
To the developers/maintainers of the BreastSubtypeR package: - Allow up to 24 hours (and sometimes 48 hours) for your latest push to git@git.bioconductor.org:packages/BreastSubtypeR.git to reflect on this report. See Troubleshooting Build Report for more information. - Use the following Renviron settings to reproduce errors and warnings. - If 'R CMD check' started to fail recently on the Linux builder(s) over a missing dependency, add the missing dependency to 'Suggests:' in your DESCRIPTION file. See Renviron.bioc for more information. - See Martin Grigorov's blog post for how to debug Linux ARM64 related issues on a x86_64 host. |
| Package: BreastSubtypeR |
| Version: 1.0.0 |
| Command: /home/biocbuild/R/R/bin/R CMD check --install=check:BreastSubtypeR.install-out.txt --library=/home/biocbuild/R/R/site-library --no-vignettes --timings BreastSubtypeR_1.0.0.tar.gz |
| StartedAt: 2025-10-14 07:01:50 -0000 (Tue, 14 Oct 2025) |
| EndedAt: 2025-10-14 07:06:32 -0000 (Tue, 14 Oct 2025) |
| EllapsedTime: 282.2 seconds |
| RetCode: 0 |
| Status: WARNINGS |
| CheckDir: BreastSubtypeR.Rcheck |
| Warnings: 1 |
##############################################################################
##############################################################################
###
### Running command:
###
### /home/biocbuild/R/R/bin/R CMD check --install=check:BreastSubtypeR.install-out.txt --library=/home/biocbuild/R/R/site-library --no-vignettes --timings BreastSubtypeR_1.0.0.tar.gz
###
##############################################################################
##############################################################################
* using log directory ‘/home/biocbuild/bbs-3.21-bioc/meat/BreastSubtypeR.Rcheck’
* using R Under development (unstable) (2025-02-19 r87757)
* using platform: aarch64-unknown-linux-gnu
* R was compiled by
aarch64-unknown-linux-gnu-gcc (GCC) 14.2.0
GNU Fortran (GCC) 14.2.0
* running under: openEuler 24.03 (LTS-SP1)
* using session charset: UTF-8
* using option ‘--no-vignettes’
* checking for file ‘BreastSubtypeR/DESCRIPTION’ ... OK
* checking extension type ... Package
* this is package ‘BreastSubtypeR’ version ‘1.0.0’
* package encoding: UTF-8
* checking package namespace information ... OK
* checking package dependencies ... OK
* checking if this is a source package ... OK
* checking if there is a namespace ... OK
* checking for hidden files and directories ... OK
* checking for portable file names ... OK
* checking for sufficient/correct file permissions ... OK
* checking whether package ‘BreastSubtypeR’ can be installed ... WARNING
Found the following significant warnings:
Warning: replacing previous import ‘e1071::element’ by ‘ggplot2::element’ when loading ‘BreastSubtypeR’
See ‘/home/biocbuild/bbs-3.21-bioc/meat/BreastSubtypeR.Rcheck/00install.out’ for details.
* checking installed package size ... OK
* checking package directory ... OK
* checking ‘build’ directory ... OK
* checking DESCRIPTION meta-information ... OK
* checking top-level files ... OK
* checking for left-over files ... OK
* checking index information ... OK
* checking package subdirectories ... OK
* checking code files for non-ASCII characters ... OK
* checking R files for syntax errors ... OK
* checking whether the package can be loaded ... OK
* checking whether the package can be loaded with stated dependencies ... OK
* checking whether the package can be unloaded cleanly ... OK
* checking whether the namespace can be loaded with stated dependencies ... OK
* checking whether the namespace can be unloaded cleanly ... OK
* checking loading without being on the library search path ... OK
* checking dependencies in R code ... OK
* checking S3 generic/method consistency ... OK
* checking replacement functions ... OK
* checking foreign function calls ... OK
* checking R code for possible problems ... OK
* checking Rd files ... OK
* checking Rd metadata ... OK
* checking Rd cross-references ... OK
* checking for missing documentation entries ... OK
* checking for code/documentation mismatches ... OK
* checking Rd \usage sections ... OK
* checking Rd contents ... OK
* checking for unstated dependencies in examples ... OK
* checking contents of ‘data’ directory ... OK
* checking data for non-ASCII characters ... OK
* checking data for ASCII and uncompressed saves ... OK
* checking files in ‘vignettes’ ... OK
* checking examples ... OK
Examples with CPU (user + system) or elapsed time > 5s
user system elapsed
Vis_heatmap 5.432 0.032 5.479
* checking for unstated dependencies in ‘tests’ ... OK
* checking tests ...
Running ‘testthat.R’
OK
* checking for unstated dependencies in vignettes ... OK
* checking package vignettes ... OK
* checking running R code from vignettes ... SKIPPED
* checking re-building of vignette outputs ... SKIPPED
* checking PDF version of manual ... OK
* DONE
Status: 1 WARNING
See
‘/home/biocbuild/bbs-3.21-bioc/meat/BreastSubtypeR.Rcheck/00check.log’
for details.
BreastSubtypeR.Rcheck/00install.out
############################################################################## ############################################################################## ### ### Running command: ### ### /home/biocbuild/R/R/bin/R CMD INSTALL BreastSubtypeR ### ############################################################################## ############################################################################## * installing to library ‘/home/biocbuild/R/R-devel_2025-02-19/site-library’ * installing *source* package ‘BreastSubtypeR’ ... ** this is package ‘BreastSubtypeR’ version ‘1.0.0’ ** using staged installation ** R ** data ** inst ** byte-compile and prepare package for lazy loading Warning: replacing previous import ‘e1071::element’ by ‘ggplot2::element’ when loading ‘BreastSubtypeR’ ** help *** installing help indices ** building package indices ** installing vignettes ** testing if installed package can be loaded from temporary location Warning: replacing previous import ‘e1071::element’ by ‘ggplot2::element’ when loading ‘BreastSubtypeR’ ** testing if installed package can be loaded from final location Warning: replacing previous import ‘e1071::element’ by ‘ggplot2::element’ when loading ‘BreastSubtypeR’ ** testing if installed package keeps a record of temporary installation path * DONE (BreastSubtypeR)
BreastSubtypeR.Rcheck/tests/testthat.Rout
R Under development (unstable) (2025-02-19 r87757) -- "Unsuffered Consequences"
Copyright (C) 2025 The R Foundation for Statistical Computing
Platform: aarch64-unknown-linux-gnu
R is free software and comes with ABSOLUTELY NO WARRANTY.
You are welcome to redistribute it under certain conditions.
Type 'license()' or 'licence()' for distribution details.
R is a collaborative project with many contributors.
Type 'contributors()' for more information and
'citation()' on how to cite R or R packages in publications.
Type 'demo()' for some demos, 'help()' for on-line help, or
'help.start()' for an HTML browser interface to help.
Type 'q()' to quit R.
> library(testthat)
> library(BreastSubtypeR)
Warning message:
replacing previous import 'e1071::element' by 'ggplot2::element' when loading 'BreastSubtypeR'
>
> test_that("BS_Multi performs subtyping correctly", {
+ # Load required dataset
+ data("OSLO2EMIT0obj")
+
+ # Define methods to use for subtyping
+ methods <- c("genefu.robust", "PCAPAM50", "ssBC", "AIMS")
+
+ # Perform subtyping
+ res.test <- BS_Multi(
+ data_input = OSLO2EMIT0obj$data_input,
+ methods = methods,
+ Subtype = FALSE,
+ hasClinical = FALSE
+ )
+
+ # Validate results
+ expect_true(identical(res.test$res_subtypes[, methods], OSLO2EMIT0obj$res$res_subtypes[, methods])) # Validate results
+ })
Test passed 🎉
>
> proc.time()
user system elapsed
14.341 0.539 14.908
BreastSubtypeR.Rcheck/BreastSubtypeR-Ex.timings
| name | user | system | elapsed | |
| AIMSmodel | 0.003 | 0.000 | 0.003 | |
| BS_AIMS | 0.355 | 0.012 | 0.368 | |
| BS_Multi | 1.714 | 0.028 | 1.747 | |
| BS_PCAPAM50 | 0.628 | 0.032 | 0.662 | |
| BS_cIHC | 0.300 | 0.008 | 0.309 | |
| BS_cIHC.itr | 2.569 | 0.023 | 2.599 | |
| BS_parker | 0.308 | 0.004 | 0.313 | |
| BS_ssBC | 0.556 | 0.004 | 0.561 | |
| BS_sspbc | 0.610 | 0.012 | 0.624 | |
| BreastSubtypeRobj | 0.004 | 0.000 | 0.004 | |
| Gene.ID.ann | 0.162 | 0.008 | 0.170 | |
| Mapping | 1.545 | 0.035 | 1.584 | |
| OSLO2EMIT0obj | 0.020 | 0.000 | 0.019 | |
| Vis_Multi | 1.242 | 0.008 | 1.253 | |
| Vis_PCA | 1.415 | 0.008 | 1.426 | |
| Vis_boxplot | 0.491 | 0.000 | 0.492 | |
| Vis_heatmap | 5.432 | 0.032 | 5.479 | |
| Vis_pie | 0.839 | 0.004 | 0.846 | |
| iBreastSubtypeR | 0 | 0 | 0 | |
| sspbc.models | 0.016 | 0.000 | 0.016 | |
| sspbc.models.fullname | 0.014 | 0.000 | 0.015 | |