| Back to Multiple platform build/check report for BioC 3.21: simplified long |
|
This page was generated on 2025-10-16 11:38 -0400 (Thu, 16 Oct 2025).
| Hostname | OS | Arch (*) | R version | Installed pkgs |
|---|---|---|---|---|
| nebbiolo1 | Linux (Ubuntu 24.04.3 LTS) | x86_64 | 4.5.1 (2025-06-13) -- "Great Square Root" | 4833 |
| merida1 | macOS 12.7.6 Monterey | x86_64 | 4.5.1 RC (2025-06-05 r88288) -- "Great Square Root" | 4614 |
| kjohnson1 | macOS 13.7.5 Ventura | arm64 | 4.5.1 Patched (2025-06-14 r88325) -- "Great Square Root" | 4555 |
| kunpeng2 | Linux (openEuler 24.03 LTS) | aarch64 | R Under development (unstable) (2025-02-19 r87757) -- "Unsuffered Consequences" | 4586 |
| Click on any hostname to see more info about the system (e.g. compilers) (*) as reported by 'uname -p', except on Windows and Mac OS X | ||||
| Package 242/2341 | Hostname | OS / Arch | INSTALL | BUILD | CHECK | BUILD BIN | ||||||||
| BreastSubtypeR 1.0.0 (landing page) Qiao Yang
| nebbiolo1 | Linux (Ubuntu 24.04.3 LTS) / x86_64 | OK | OK | WARNINGS | |||||||||
| merida1 | macOS 12.7.6 Monterey / x86_64 | OK | OK | WARNINGS | OK | |||||||||
| kjohnson1 | macOS 13.7.5 Ventura / arm64 | OK | OK | WARNINGS | OK | |||||||||
| kunpeng2 | Linux (openEuler 24.03 LTS) / aarch64 | OK | OK | WARNINGS | ||||||||||
|
To the developers/maintainers of the BreastSubtypeR package: - Allow up to 24 hours (and sometimes 48 hours) for your latest push to git@git.bioconductor.org:packages/BreastSubtypeR.git to reflect on this report. See Troubleshooting Build Report for more information. - Use the following Renviron settings to reproduce errors and warnings. - If 'R CMD check' started to fail recently on the Linux builder(s) over a missing dependency, add the missing dependency to 'Suggests:' in your DESCRIPTION file. See Renviron.bioc for more information. |
| Package: BreastSubtypeR |
| Version: 1.0.0 |
| Command: /Library/Frameworks/R.framework/Resources/bin/R CMD check --install=check:BreastSubtypeR.install-out.txt --library=/Library/Frameworks/R.framework/Resources/library --no-vignettes --timings BreastSubtypeR_1.0.0.tar.gz |
| StartedAt: 2025-10-14 00:53:27 -0400 (Tue, 14 Oct 2025) |
| EndedAt: 2025-10-14 01:00:52 -0400 (Tue, 14 Oct 2025) |
| EllapsedTime: 444.9 seconds |
| RetCode: 0 |
| Status: WARNINGS |
| CheckDir: BreastSubtypeR.Rcheck |
| Warnings: 1 |
##############################################################################
##############################################################################
###
### Running command:
###
### /Library/Frameworks/R.framework/Resources/bin/R CMD check --install=check:BreastSubtypeR.install-out.txt --library=/Library/Frameworks/R.framework/Resources/library --no-vignettes --timings BreastSubtypeR_1.0.0.tar.gz
###
##############################################################################
##############################################################################
* using log directory ‘/Users/biocbuild/bbs-3.21-bioc/meat/BreastSubtypeR.Rcheck’
* using R version 4.5.1 RC (2025-06-05 r88288)
* using platform: x86_64-apple-darwin20
* R was compiled by
Apple clang version 14.0.0 (clang-1400.0.29.202)
GNU Fortran (GCC) 14.2.0
* running under: macOS Monterey 12.7.6
* using session charset: UTF-8
* using option ‘--no-vignettes’
* checking for file ‘BreastSubtypeR/DESCRIPTION’ ... OK
* checking extension type ... Package
* this is package ‘BreastSubtypeR’ version ‘1.0.0’
* package encoding: UTF-8
* checking package namespace information ... OK
* checking package dependencies ... OK
* checking if this is a source package ... OK
* checking if there is a namespace ... OK
* checking for hidden files and directories ... OK
* checking for portable file names ... OK
* checking for sufficient/correct file permissions ... OK
* checking whether package ‘BreastSubtypeR’ can be installed ... WARNING
Found the following significant warnings:
Warning: replacing previous import ‘e1071::element’ by ‘ggplot2::element’ when loading ‘BreastSubtypeR’
See ‘/Users/biocbuild/bbs-3.21-bioc/meat/BreastSubtypeR.Rcheck/00install.out’ for details.
* checking installed package size ... OK
* checking package directory ... OK
* checking ‘build’ directory ... OK
* checking DESCRIPTION meta-information ... OK
* checking top-level files ... OK
* checking for left-over files ... OK
* checking index information ... OK
* checking package subdirectories ... OK
* checking code files for non-ASCII characters ... OK
* checking R files for syntax errors ... OK
* checking whether the package can be loaded ... OK
* checking whether the package can be loaded with stated dependencies ... OK
* checking whether the package can be unloaded cleanly ... OK
* checking whether the namespace can be loaded with stated dependencies ... OK
* checking whether the namespace can be unloaded cleanly ... OK
* checking dependencies in R code ... OK
* checking S3 generic/method consistency ... OK
* checking replacement functions ... OK
* checking foreign function calls ... OK
* checking R code for possible problems ... OK
* checking Rd files ... OK
* checking Rd metadata ... OK
* checking Rd cross-references ... OK
* checking for missing documentation entries ... OK
* checking for code/documentation mismatches ... OK
* checking Rd \usage sections ... OK
* checking Rd contents ... OK
* checking for unstated dependencies in examples ... OK
* checking contents of ‘data’ directory ... OK
* checking data for non-ASCII characters ... OK
* checking data for ASCII and uncompressed saves ... OK
* checking files in ‘vignettes’ ... OK
* checking examples ... OK
Examples with CPU (user + system) or elapsed time > 5s
user system elapsed
Vis_heatmap 9.308 0.106 9.689
* checking for unstated dependencies in ‘tests’ ... OK
* checking tests ...
Running ‘testthat.R’
OK
* checking for unstated dependencies in vignettes ... OK
* checking package vignettes ... OK
* checking running R code from vignettes ... SKIPPED
* checking re-building of vignette outputs ... SKIPPED
* checking PDF version of manual ... OK
* DONE
Status: 1 WARNING
See
‘/Users/biocbuild/bbs-3.21-bioc/meat/BreastSubtypeR.Rcheck/00check.log’
for details.
BreastSubtypeR.Rcheck/00install.out
############################################################################## ############################################################################## ### ### Running command: ### ### /Library/Frameworks/R.framework/Resources/bin/R CMD INSTALL BreastSubtypeR ### ############################################################################## ############################################################################## * installing to library ‘/Library/Frameworks/R.framework/Versions/4.5-x86_64/Resources/library’ * installing *source* package ‘BreastSubtypeR’ ... ** this is package ‘BreastSubtypeR’ version ‘1.0.0’ ** using staged installation ** R ** data ** inst ** byte-compile and prepare package for lazy loading Warning: replacing previous import ‘e1071::element’ by ‘ggplot2::element’ when loading ‘BreastSubtypeR’ ** help *** installing help indices ** building package indices ** installing vignettes ** testing if installed package can be loaded from temporary location Warning: replacing previous import ‘e1071::element’ by ‘ggplot2::element’ when loading ‘BreastSubtypeR’ ** testing if installed package can be loaded from final location Warning: replacing previous import ‘e1071::element’ by ‘ggplot2::element’ when loading ‘BreastSubtypeR’ ** testing if installed package keeps a record of temporary installation path * DONE (BreastSubtypeR)
BreastSubtypeR.Rcheck/tests/testthat.Rout
R version 4.5.1 RC (2025-06-05 r88288) -- "Great Square Root"
Copyright (C) 2025 The R Foundation for Statistical Computing
Platform: x86_64-apple-darwin20
R is free software and comes with ABSOLUTELY NO WARRANTY.
You are welcome to redistribute it under certain conditions.
Type 'license()' or 'licence()' for distribution details.
R is a collaborative project with many contributors.
Type 'contributors()' for more information and
'citation()' on how to cite R or R packages in publications.
Type 'demo()' for some demos, 'help()' for on-line help, or
'help.start()' for an HTML browser interface to help.
Type 'q()' to quit R.
> library(testthat)
> library(BreastSubtypeR)
Warning message:
replacing previous import 'e1071::element' by 'ggplot2::element' when loading 'BreastSubtypeR'
>
> test_that("BS_Multi performs subtyping correctly", {
+ # Load required dataset
+ data("OSLO2EMIT0obj")
+
+ # Define methods to use for subtyping
+ methods <- c("genefu.robust", "PCAPAM50", "ssBC", "AIMS")
+
+ # Perform subtyping
+ res.test <- BS_Multi(
+ data_input = OSLO2EMIT0obj$data_input,
+ methods = methods,
+ Subtype = FALSE,
+ hasClinical = FALSE
+ )
+
+ # Validate results
+ expect_true(identical(res.test$res_subtypes[, methods], OSLO2EMIT0obj$res$res_subtypes[, methods])) # Validate results
+ })
Test passed 🎊
>
> proc.time()
user system elapsed
21.642 1.185 22.973
BreastSubtypeR.Rcheck/BreastSubtypeR-Ex.timings
| name | user | system | elapsed | |
| AIMSmodel | 0.005 | 0.003 | 0.009 | |
| BS_AIMS | 0.704 | 0.037 | 0.788 | |
| BS_Multi | 2.288 | 0.075 | 2.474 | |
| BS_PCAPAM50 | 1.173 | 0.116 | 1.340 | |
| BS_cIHC | 0.522 | 0.012 | 0.557 | |
| BS_cIHC.itr | 4.457 | 0.073 | 4.682 | |
| BS_parker | 0.519 | 0.017 | 0.562 | |
| BS_ssBC | 0.942 | 0.008 | 1.003 | |
| BS_sspbc | 1.120 | 0.052 | 1.228 | |
| BreastSubtypeRobj | 0.006 | 0.002 | 0.008 | |
| Gene.ID.ann | 0.256 | 0.008 | 0.273 | |
| Mapping | 2.906 | 0.028 | 3.208 | |
| OSLO2EMIT0obj | 0.032 | 0.003 | 0.035 | |
| Vis_Multi | 2.156 | 0.031 | 2.286 | |
| Vis_PCA | 2.180 | 0.041 | 2.332 | |
| Vis_boxplot | 0.801 | 0.010 | 0.850 | |
| Vis_heatmap | 9.308 | 0.106 | 9.689 | |
| Vis_pie | 1.370 | 0.008 | 1.382 | |
| iBreastSubtypeR | 0.001 | 0.001 | 0.001 | |
| sspbc.models | 0.026 | 0.005 | 0.031 | |
| sspbc.models.fullname | 0.024 | 0.005 | 0.029 | |