Back to Multiple platform build/check report for BioC 3.22:   simplified   long
ABC[D]EFGHIJKLMNOPQRSTUVWXYZ

This page was generated on 2025-10-04 12:07 -0400 (Sat, 04 Oct 2025).

HostnameOSArch (*)R versionInstalled pkgs
nebbiolo2Linux (Ubuntu 24.04.3 LTS)x86_644.5.1 Patched (2025-08-23 r88802) -- "Great Square Root" 4853
lconwaymacOS 12.7.1 Montereyx86_644.5.1 Patched (2025-09-10 r88807) -- "Great Square Root" 4640
kjohnson3macOS 13.7.7 Venturaarm644.5.1 Patched (2025-09-10 r88807) -- "Great Square Root" 4585
taishanLinux (openEuler 24.03 LTS)aarch644.5.0 (2025-04-11) -- "How About a Twenty-Six" 4576
Click on any hostname to see more info about the system (e.g. compilers)      (*) as reported by 'uname -p', except on Windows and Mac OS X

Package 601/2341HostnameOS / ArchINSTALLBUILDCHECKBUILD BIN
DMRcaller 1.41.2  (landing page)
Nicolae Radu Zabet
Snapshot Date: 2025-10-03 13:45 -0400 (Fri, 03 Oct 2025)
git_url: https://git.bioconductor.org/packages/DMRcaller
git_branch: devel
git_last_commit: 3121818
git_last_commit_date: 2025-10-01 02:31:01 -0400 (Wed, 01 Oct 2025)
nebbiolo2Linux (Ubuntu 24.04.3 LTS) / x86_64  OK    OK    ERROR  
lconwaymacOS 12.7.1 Monterey / x86_64  OK    OK    OK    OK  UNNEEDED, same version is already published
kjohnson3macOS 13.7.7 Ventura / arm64  OK    OK    OK    OK  UNNEEDED, same version is already published
taishanLinux (openEuler 24.03 LTS) / aarch64  OK    OK    ERROR  


CHECK results for DMRcaller on taishan

To the developers/maintainers of the DMRcaller package:
- Allow up to 24 hours (and sometimes 48 hours) for your latest push to git@git.bioconductor.org:packages/DMRcaller.git to reflect on this report. See Troubleshooting Build Report for more information.
- Use the following Renviron settings to reproduce errors and warnings.
- If 'R CMD check' started to fail recently on the Linux builder(s) over a missing dependency, add the missing dependency to 'Suggests:' in your DESCRIPTION file. See Renviron.bioc for more information.
- See Martin Grigorov's blog post for how to debug Linux ARM64 related issues on a x86_64 host.

raw results


Summary

Package: DMRcaller
Version: 1.41.2
Command: /home/biocbuild/R/R/bin/R CMD check --install=check:DMRcaller.install-out.txt --library=/home/biocbuild/R/R/site-library --no-vignettes --timings DMRcaller_1.41.2.tar.gz
StartedAt: 2025-10-03 06:41:04 -0000 (Fri, 03 Oct 2025)
EndedAt: 2025-10-03 06:45:51 -0000 (Fri, 03 Oct 2025)
EllapsedTime: 287.3 seconds
RetCode: 1
Status:   ERROR  
CheckDir: DMRcaller.Rcheck
Warnings: NA

Command output

##############################################################################
##############################################################################
###
### Running command:
###
###   /home/biocbuild/R/R/bin/R CMD check --install=check:DMRcaller.install-out.txt --library=/home/biocbuild/R/R/site-library --no-vignettes --timings DMRcaller_1.41.2.tar.gz
###
##############################################################################
##############################################################################


* using log directory ‘/home/biocbuild/bbs-3.22-bioc/meat/DMRcaller.Rcheck’
* using R version 4.5.0 (2025-04-11)
* using platform: aarch64-unknown-linux-gnu
* R was compiled by
    aarch64-unknown-linux-gnu-gcc (GCC) 14.2.0
    GNU Fortran (GCC) 14.2.0
* running under: openEuler 24.03 (LTS)
* using session charset: UTF-8
* using option ‘--no-vignettes’
* checking for file ‘DMRcaller/DESCRIPTION’ ... OK
* checking extension type ... Package
* this is package ‘DMRcaller’ version ‘1.41.2’
* package encoding: UTF-8
* checking package namespace information ... OK
* checking package dependencies ... OK
* checking if this is a source package ... OK
* checking if there is a namespace ... OK
* checking for hidden files and directories ... OK
* checking for portable file names ... OK
* checking for sufficient/correct file permissions ... OK
* checking whether package ‘DMRcaller’ can be installed ... OK
* checking installed package size ... OK
* checking package directory ... OK
* checking ‘build’ directory ... OK
* checking DESCRIPTION meta-information ... NOTE
Packages listed in more than one of Depends, Imports, Suggests, Enhances:
  ‘GenomicRanges’ ‘S4Vectors’ ‘IRanges’ ‘betareg’
A package should be listed in only one of these fields.
* checking top-level files ... OK
* checking for left-over files ... OK
* checking index information ... OK
* checking package subdirectories ... OK
* checking code files for non-ASCII characters ... OK
* checking R files for syntax errors ... OK
* checking whether the package can be loaded ... OK
* checking whether the package can be loaded with stated dependencies ... OK
* checking whether the package can be unloaded cleanly ... OK
* checking whether the namespace can be loaded with stated dependencies ... OK
* checking whether the namespace can be unloaded cleanly ... OK
* checking loading without being on the library search path ... OK
* checking dependencies in R code ... NOTE
Namespaces in Imports field not imported from:
  ‘BiocManager’ ‘Seqinfo’
  All declared Imports should be used.
* checking S3 generic/method consistency ... OK
* checking replacement functions ... OK
* checking foreign function calls ... OK
* checking R code for possible problems ... NOTE
.validateModif: no visible global function definition for ‘seqlengths’
extractGC: no visible global function definition for ‘seqlevels’
findUnmodCoverageCpp: no visible binding for global variable
  ‘_DMRcaller_findUnmodCoverageCpp’
readONTbam: no visible binding for global variable
  ‘BSgenome.Hsapiens.UCSC.hg38’
readONTbam: no visible global function definition for ‘seqlengths’
selectCytosine: no visible binding for global variable
  ‘BSgenome.Hsapiens.UCSC.hg38’
selectCytosine : <anonymous>: no visible global function definition for
  ‘seqlengths’
selectCytosine : <anonymous>: no visible global function definition for
  ‘seqlevels<-’
selectCytosine : <anonymous>: no visible global function definition for
  ‘seqlengths<-’
selectCytosine: no visible global function definition for ‘seqlevels<-’
selectCytosine: no visible global function definition for ‘seqlevels’
Undefined global functions or variables:
  BSgenome.Hsapiens.UCSC.hg38 _DMRcaller_findUnmodCoverageCpp
  seqlengths seqlengths<- seqlevels seqlevels<-
* checking Rd files ... OK
* checking Rd metadata ... OK
* checking Rd cross-references ... OK
* checking for missing documentation entries ... OK
* checking for code/documentation mismatches ... OK
* checking Rd \usage sections ... OK
* checking Rd contents ... OK
* checking for unstated dependencies in examples ... OK
* checking contents of ‘data’ directory ... OK
* checking data for non-ASCII characters ... OK
* checking data for ASCII and uncompressed saves ... OK
* checking files in ‘vignettes’ ... OK
* checking examples ... ERROR
Running examples in ‘DMRcaller-Ex.R’ failed
The error most likely occurred in:

> base::assign(".ptime", proc.time(), pos = "CheckExEnv")
> ### Name: analyseReadsInsideRegionsForConditionPMD
> ### Title: Analyse reads inside regions for condition
> ### Aliases: analyseReadsInsideRegionsForConditionPMD
> 
> ### ** Examples
> 
> 
> # load the ONT methylation data
> data(ontSampleGRangesList)
>  
> #load the PMDs in CG context. These PMDs were computed with minGap = 200.
> data(PMDsNoiseFilterCG)
> 
> #retrive the number of reads in CG context in GM18501
> PMDsNoiseFilterCGreadsCG <- analyseReadsInsideRegionsForConditionPMD(
+                              PMDsNoiseFilterCG[1:10], 
+                              ontSampleGRangesList[["GM18501"]], context = "CG", 
+                              label = "GM18501")
Parameters checking ...
Current parallel setting, BPPARAM: 
class: SerialParam
  bpisup: FALSE; bpnworkers: 1; bptasks: 2147483647; bpjobname: BPJOB
  bplog: FALSE; bpthreshold: INFO; bpstopOnError: TRUE
  bpRNGseed: ; bptimeout: NA; bpprogressbar: TRUE
  bpexportglobals: FALSE; bpexportvariables: FALSE; bpforceGC: FALSE
  bpfallback: FALSE
  bplogdir: NA
  bpresultdir: NA
Extract methylation levels in corresponding context ...
Compute reads inside each region ...
Loading required namespace: GenomeInfoDb
Failed with error:  ‘there is no package called ‘GenomeInfoDb’’
Error in .requirePackage(package) : 
  unable to load required package ‘GenomeInfoDb’
Calls: analyseReadsInsideRegionsForConditionPMD ... vapply -> FUN -> is -> getClassDef -> .requirePackage
Execution halted
* checking for unstated dependencies in ‘tests’ ... OK
* checking tests ...
  Running ‘runTests.R’
 ERROR
Running the tests in ‘tests/runTests.R’ failed.
Last 13 lines of output:
   
  1 Test Suite : 
  DMRcaller RUnit Tests - 1 test function, 1 error, 0 failures
  ERROR in /home/biocbuild/tmp/RtmplbxtdS/RLIBS_3f75171b2d61f3/DMRcaller/unitTests/test_DMRcaller.R: Error while sourcing  /home/biocbuild/tmp/RtmplbxtdS/RLIBS_3f75171b2d61f3/DMRcaller/unitTests/test_DMRcaller.R : Error in library(BSgenome.Hsapiens.UCSC.hg38) : 
    there is no package called 'BSgenome.Hsapiens.UCSC.hg38'
  
  Test files with failing tests
  
     test_DMRcaller.R 
       /home/biocbuild/tmp/RtmplbxtdS/RLIBS_3f75171b2d61f3/DMRcaller/unitTests/test_DMRcaller.R 
  
  
  Error in BiocGenerics:::testPackage("DMRcaller") : 
    unit tests failed for package DMRcaller
  Execution halted
* checking for unstated dependencies in vignettes ... OK
* checking package vignettes ... OK
* checking running R code from vignettes ... SKIPPED
* checking re-building of vignette outputs ... SKIPPED
* checking PDF version of manual ... OK
* DONE

Status: 2 ERRORs, 3 NOTEs
See
  ‘/home/biocbuild/bbs-3.22-bioc/meat/DMRcaller.Rcheck/00check.log’
for details.


Installation output

DMRcaller.Rcheck/00install.out

##############################################################################
##############################################################################
###
### Running command:
###
###   /home/biocbuild/R/R/bin/R CMD INSTALL DMRcaller
###
##############################################################################
##############################################################################


* installing to library ‘/home/biocbuild/R/R-4.5.0/site-library’
* installing *source* package ‘DMRcaller’ ...
** this is package ‘DMRcaller’ version ‘1.41.2’
** using staged installation
** R
** data
** inst
** byte-compile and prepare package for lazy loading
** help
*** installing help indices
** building package indices
** installing vignettes
** testing if installed package can be loaded from temporary location
** testing if installed package can be loaded from final location
** testing if installed package keeps a record of temporary installation path
* DONE (DMRcaller)

Tests output

DMRcaller.Rcheck/tests/runTests.Rout.fail


R version 4.5.0 (2025-04-11) -- "How About a Twenty-Six"
Copyright (C) 2025 The R Foundation for Statistical Computing
Platform: aarch64-unknown-linux-gnu

R is free software and comes with ABSOLUTELY NO WARRANTY.
You are welcome to redistribute it under certain conditions.
Type 'license()' or 'licence()' for distribution details.

R is a collaborative project with many contributors.
Type 'contributors()' for more information and
'citation()' on how to cite R or R packages in publications.

Type 'demo()' for some demos, 'help()' for on-line help, or
'help.start()' for an HTML browser interface to help.
Type 'q()' to quit R.

> BiocGenerics:::testPackage("DMRcaller")

Attaching package: 'generics'

The following objects are masked from 'package:base':

    as.difftime, as.factor, as.ordered, intersect, is.element, setdiff,
    setequal, union


Attaching package: 'BiocGenerics'

The following objects are masked from 'package:stats':

    IQR, mad, sd, var, xtabs

The following objects are masked from 'package:base':

    Filter, Find, Map, Position, Reduce, anyDuplicated, aperm, append,
    as.data.frame, basename, cbind, colnames, dirname, do.call,
    duplicated, eval, evalq, get, grep, grepl, is.unsorted, lapply,
    mapply, match, mget, order, paste, pmax, pmax.int, pmin, pmin.int,
    rank, rbind, rownames, sapply, saveRDS, table, tapply, unique,
    unsplit, which.max, which.min


Attaching package: 'S4Vectors'

The following object is masked from 'package:utils':

    findMatches

The following objects are masked from 'package:base':

    I, expand.grid, unname

Error in library(BSgenome.Hsapiens.UCSC.hg38) : 
  there is no package called 'BSgenome.Hsapiens.UCSC.hg38'


RUNIT TEST PROTOCOL -- Fri Oct  3 06:45:46 2025 
*********************************************** 
Number of test functions: 1 
Number of errors: 1 
Number of failures: 0 

 
1 Test Suite : 
DMRcaller RUnit Tests - 1 test function, 1 error, 0 failures
ERROR in /home/biocbuild/tmp/RtmplbxtdS/RLIBS_3f75171b2d61f3/DMRcaller/unitTests/test_DMRcaller.R: Error while sourcing  /home/biocbuild/tmp/RtmplbxtdS/RLIBS_3f75171b2d61f3/DMRcaller/unitTests/test_DMRcaller.R : Error in library(BSgenome.Hsapiens.UCSC.hg38) : 
  there is no package called 'BSgenome.Hsapiens.UCSC.hg38'

Test files with failing tests

   test_DMRcaller.R 
     /home/biocbuild/tmp/RtmplbxtdS/RLIBS_3f75171b2d61f3/DMRcaller/unitTests/test_DMRcaller.R 


Error in BiocGenerics:::testPackage("DMRcaller") : 
  unit tests failed for package DMRcaller
Execution halted

Example timings

DMRcaller.Rcheck/DMRcaller-Ex.timings

nameusersystemelapsed
DMRcaller0.0000.0010.001
analyseReadsInsideRegionsForCondition1.3650.0321.402