| Back to Multiple platform build/check report for BioC 3.9 |
|
This page was generated on 2019-04-09 13:38:05 -0400 (Tue, 09 Apr 2019).
| Package 1044/1703 | Hostname | OS / Arch | INSTALL | BUILD | CHECK | BUILD BIN | ||||||
| MTseeker 1.1.6 Tim Triche
| malbec2 | Linux (Ubuntu 18.04.2 LTS) / x86_64 | OK | OK | WARNINGS | |||||||
| tokay2 | Windows Server 2012 R2 Standard / x64 | ERROR | ERROR | skipped | skipped | |||||||
| celaya2 | OS X 10.11.6 El Capitan / x86_64 | OK | OK | WARNINGS | OK | |||||||
| merida2 | OS X 10.11.6 El Capitan / x86_64 | OK | OK | [ WARNINGS ] | OK |
| Package: MTseeker |
| Version: 1.1.6 |
| Command: /Library/Frameworks/R.framework/Versions/Current/Resources/bin/R CMD check --install=check:MTseeker.install-out.txt --library=/Library/Frameworks/R.framework/Versions/Current/Resources/library --no-vignettes --timings MTseeker_1.1.6.tar.gz |
| StartedAt: 2019-04-09 02:24:47 -0400 (Tue, 09 Apr 2019) |
| EndedAt: 2019-04-09 02:40:29 -0400 (Tue, 09 Apr 2019) |
| EllapsedTime: 942.3 seconds |
| RetCode: 0 |
| Status: WARNINGS |
| CheckDir: MTseeker.Rcheck |
| Warnings: 1 |
##############################################################################
##############################################################################
###
### Running command:
###
### /Library/Frameworks/R.framework/Versions/Current/Resources/bin/R CMD check --install=check:MTseeker.install-out.txt --library=/Library/Frameworks/R.framework/Versions/Current/Resources/library --no-vignettes --timings MTseeker_1.1.6.tar.gz
###
##############################################################################
##############################################################################
* using log directory ‘/Users/biocbuild/bbs-3.9-bioc/meat/MTseeker.Rcheck’
* using R Under development (unstable) (2018-11-27 r75683)
* using platform: x86_64-apple-darwin15.6.0 (64-bit)
* using session charset: UTF-8
* using option ‘--no-vignettes’
* checking for file ‘MTseeker/DESCRIPTION’ ... OK
* checking extension type ... Package
* this is package ‘MTseeker’ version ‘1.1.6’
* package encoding: UTF-8
* checking package namespace information ... OK
* checking package dependencies ... OK
* checking if this is a source package ... OK
* checking if there is a namespace ... OK
* checking for hidden files and directories ... OK
* checking for portable file names ... OK
* checking for sufficient/correct file permissions ... OK
* checking whether package ‘MTseeker’ can be installed ... OK
* checking installed package size ... OK
* checking package directory ... OK
* checking ‘build’ directory ... OK
* checking DESCRIPTION meta-information ... OK
* checking top-level files ... OK
* checking for left-over files ... OK
* checking index information ... OK
* checking package subdirectories ... OK
* checking R files for non-ASCII characters ... OK
* checking R files for syntax errors ... OK
* checking whether the package can be loaded ... OK
* checking whether the package can be loaded with stated dependencies ... OK
* checking whether the package can be unloaded cleanly ... OK
* checking whether the namespace can be loaded with stated dependencies ... OK
* checking whether the namespace can be unloaded cleanly ... OK
* checking dependencies in R code ... NOTE
Unexported object imported by a ':::' call: ‘S4Vectors:::labeledLine’
See the note in ?`:::` about the use of this operator.
* checking S3 generic/method consistency ... OK
* checking replacement functions ... OK
* checking foreign function calls ... OK
* checking R code for possible problems ... NOTE
.colorCode: no visible binding for global variable ‘mtAnno’
MAlignmentsList: no visible binding for global variable ‘reads’
MAlignmentsList: no visible binding for global variable ‘genomeSize’
MTcircos: no visible binding for global variable ‘mtAnno’
MTcomplex: no visible binding for global variable ‘mtAnno’
byStrand: no visible binding for global variable ‘mtAnno’
callMT: no visible global function definition for ‘mcmapply’
filterMT: no visible binding for global variable ‘mtCovg’
filterMT: no visible binding for global variable ‘fpFilter_Triska’
filterMTvars: no visible binding for global variable ‘fpFilter_Triska’
filterMTvars: no visible binding for global variable ‘VAF’
filterMTvars: no visible binding for global variable ‘PASS’
getMT: no visible global function definition for ‘mclapply’
injectMTVariants: no visible binding for global variable ‘VAF’
injectMTVariants: no visible binding for global variable ‘rCRSeq’
plotMTCoverage: no visible binding for global variable ‘mtAnno’
plotStrandedMTCoverage: no visible binding for global variable ‘mtAnno’
annotation,MVRanges: no visible binding for global variable ‘mtAnno’
consensusString,MVRanges: no visible binding for global variable
‘rCRSeq’
encoding,MVRanges: no visible binding for global variable ‘region’
filt,MVRangesList: no visible binding for global variable ‘PASS’
genes,MVRanges: no visible binding for global variable ‘region’
genes,MVRangesList: no visible binding for global variable ‘region’
getAnnotations,MVRanges: no visible binding for global variable
‘mtAnno’
locateVariants,MVRanges-missing-missing: no visible binding for global
variable ‘mtAnno’
locateVariants,MVRanges-missing-missing: no visible binding for global
variable ‘region’
summarizeVariants,MVRanges-missing-missing : getImpact: no visible
binding for global variable ‘Start’
summarizeVariants,MVRanges-missing-missing : getImpact: no visible
binding for global variable ‘Ref’
summarizeVariants,MVRanges-missing-missing : getImpact: no visible
binding for global variable ‘Alt’
summarizeVariants,MVRanges-missing-missing : getImpact: no visible
binding for global variable ‘AA_ref’
summarizeVariants,MVRanges-missing-missing : getImpact: no visible
binding for global variable ‘AA_position’
summarizeVariants,MVRanges-missing-missing : getImpact: no visible
binding for global variable ‘AA_alt’
summarizeVariants,MVRanges-missing-missing : getImpact: no visible
binding for global variable ‘Gene_symbol’
summarizeVariants,MVRanges-missing-missing : getImpact: no visible
binding for global variable ‘protein’
summarizeVariants,MVRangesList-missing-missing : getRangedImpact: no
visible binding for global variable ‘Start’
summarizeVariants,MVRangesList-missing-missing : getRangedImpact: no
visible binding for global variable ‘Ref’
summarizeVariants,MVRangesList-missing-missing : getRangedImpact: no
visible binding for global variable ‘Alt’
summarizeVariants,MVRangesList-missing-missing : getRangedImpact: no
visible binding for global variable ‘AA_ref’
summarizeVariants,MVRangesList-missing-missing : getRangedImpact: no
visible binding for global variable ‘AA_position’
summarizeVariants,MVRangesList-missing-missing : getRangedImpact: no
visible binding for global variable ‘AA_alt’
summarizeVariants,MVRangesList-missing-missing : getRangedImpact: no
visible binding for global variable ‘Gene_symbol’
Undefined global functions or variables:
AA_alt AA_position AA_ref Alt Gene_symbol PASS Ref Start VAF
fpFilter_Triska genomeSize mclapply mcmapply mtAnno mtCovg protein
rCRSeq reads region
* checking Rd files ... OK
* checking Rd metadata ... OK
* checking Rd cross-references ... OK
* checking for missing documentation entries ... OK
* checking for code/documentation mismatches ... OK
* checking Rd \usage sections ... OK
* checking Rd contents ... OK
* checking for unstated dependencies in examples ... WARNING
'library' or 'require' call not declared from: ‘GmapGenome.Hsapiens.rCRS’
* checking contents of ‘data’ directory ... OK
* checking data for non-ASCII characters ... OK
* checking data for ASCII and uncompressed saves ... OK
* checking line endings in Makefiles ... OK
* checking for GNU extensions in Makefiles ... OK
* checking include directives in Makefiles ... OK
* checking files in ‘vignettes’ ... OK
* checking examples ... OK
Examples with CPU or elapsed time > 5s
user system elapsed
MTcoverage 339.224 2.425 346.639
MTcircos 85.388 1.257 87.731
indexMTGenome 30.596 5.616 36.878
MVRanges-methods 22.977 4.621 20.952
MVRangesList-methods 18.818 7.514 13.215
callMT 11.485 3.645 8.914
injectMTVariants 14.293 0.552 15.047
validMetadata 11.956 0.752 12.827
fixMetadata 11.273 0.997 12.349
MAlignments-methods 9.345 0.541 9.959
getMT 6.834 0.641 7.524
MAlignmentsList-methods 6.184 0.452 6.678
MTcomplex 6.061 0.433 6.561
MTHGVS 5.865 0.479 6.409
filterMTvars 5.661 0.613 6.319
* checking for unstated dependencies in vignettes ... OK
* checking package vignettes in ‘inst/doc’ ... OK
* checking running R code from vignettes ... SKIPPED
* checking re-building of vignette outputs ... SKIPPED
* checking PDF version of manual ... OK
* DONE
Status: 1 WARNING, 2 NOTEs
See
‘/Users/biocbuild/bbs-3.9-bioc/meat/MTseeker.Rcheck/00check.log’
for details.
MTseeker.Rcheck/00install.out
############################################################################## ############################################################################## ### ### Running command: ### ### /Library/Frameworks/R.framework/Versions/Current/Resources/bin/R CMD INSTALL MTseeker ### ############################################################################## ############################################################################## * installing to library ‘/Library/Frameworks/R.framework/Versions/3.6/Resources/library’ * installing *source* package ‘MTseeker’ ... ** R ** data ** inst ** byte-compile and prepare package for lazy loading ** help *** installing help indices ** building package indices ** installing vignettes ** testing if installed package can be loaded * DONE (MTseeker)
MTseeker.Rcheck/MTseeker-Ex.timings
| name | user | system | elapsed | |
| MAlignments-methods | 9.345 | 0.541 | 9.959 | |
| MAlignmentsList-methods | 6.184 | 0.452 | 6.678 | |
| MTHGVS | 5.865 | 0.479 | 6.409 | |
| MTcircos | 85.388 | 1.257 | 87.731 | |
| MTcomplex | 6.061 | 0.433 | 6.561 | |
| MTcoverage | 339.224 | 2.425 | 346.639 | |
| MVRanges-methods | 22.977 | 4.621 | 20.952 | |
| MVRangesList-methods | 18.818 | 7.514 | 13.215 | |
| anno_rCRS | 0.019 | 0.003 | 0.022 | |
| byStrand | 2.705 | 0.639 | 3.362 | |
| callMT | 11.485 | 3.645 | 8.914 | |
| chrominfo.rCRS | 0.003 | 0.003 | 0.007 | |
| filterMT | 0.005 | 0.001 | 0.006 | |
| filterMTvars | 5.661 | 0.613 | 6.319 | |
| fixMetadata | 11.273 | 0.997 | 12.349 | |
| fpFilter_RSRS | 0.033 | 0.003 | 0.036 | |
| fpFilter_Triska | 0.006 | 0.003 | 0.008 | |
| getMT | 6.834 | 0.641 | 7.524 | |
| hg19TorCRS | 0.010 | 0.002 | 0.012 | |
| indexMTGenome | 30.596 | 5.616 | 36.878 | |
| injectMTVariants | 14.293 | 0.552 | 15.047 | |
| mtGenes | 0.008 | 0.003 | 0.010 | |
| mtGenes.rCRS | 0.050 | 0.003 | 0.054 | |
| rCRSeq | 0.109 | 0.005 | 0.117 | |
| s4Methods | 1.187 | 0.008 | 1.200 | |
| validMetadata | 11.956 | 0.752 | 12.827 | |