| Back to Multiple platform build/check report for BioC 3.9 |
|
This page was generated on 2019-04-09 11:43:51 -0400 (Tue, 09 Apr 2019).
| Package 927/1703 | Hostname | OS / Arch | INSTALL | BUILD | CHECK | BUILD BIN | ||||||
| MEAL 1.13.0 Carlos Ruiz-Arenas
| malbec2 | Linux (Ubuntu 18.04.2 LTS) / x86_64 | OK | OK | [ WARNINGS ] | |||||||
| tokay2 | Windows Server 2012 R2 Standard / x64 | OK | OK | WARNINGS | OK | |||||||
| celaya2 | OS X 10.11.6 El Capitan / x86_64 | OK | TIMEOUT | skipped | skipped | |||||||
| merida2 | OS X 10.11.6 El Capitan / x86_64 | OK | TIMEOUT | skipped | skipped |
| Package: MEAL |
| Version: 1.13.0 |
| Command: /home/biocbuild/bbs-3.9-bioc/R/bin/R CMD check --install=check:MEAL.install-out.txt --library=/home/biocbuild/bbs-3.9-bioc/R/library --no-vignettes --timings MEAL_1.13.0.tar.gz |
| StartedAt: 2019-04-09 01:47:08 -0400 (Tue, 09 Apr 2019) |
| EndedAt: 2019-04-09 01:54:29 -0400 (Tue, 09 Apr 2019) |
| EllapsedTime: 441.6 seconds |
| RetCode: 0 |
| Status: WARNINGS |
| CheckDir: MEAL.Rcheck |
| Warnings: 1 |
##############################################################################
##############################################################################
###
### Running command:
###
### /home/biocbuild/bbs-3.9-bioc/R/bin/R CMD check --install=check:MEAL.install-out.txt --library=/home/biocbuild/bbs-3.9-bioc/R/library --no-vignettes --timings MEAL_1.13.0.tar.gz
###
##############################################################################
##############################################################################
* using log directory ‘/home/biocbuild/bbs-3.9-bioc/meat/MEAL.Rcheck’
* using R Under development (unstable) (2019-03-18 r76245)
* using platform: x86_64-pc-linux-gnu (64-bit)
* using session charset: UTF-8
* using option ‘--no-vignettes’
* checking for file ‘MEAL/DESCRIPTION’ ... OK
* this is package ‘MEAL’ version ‘1.13.0’
* package encoding: UTF-8
* checking package namespace information ... OK
* checking package dependencies ... OK
* checking if this is a source package ... OK
* checking if there is a namespace ... OK
* checking for hidden files and directories ... OK
* checking for portable file names ... OK
* checking for sufficient/correct file permissions ... OK
* checking whether package ‘MEAL’ can be installed ... OK
* checking installed package size ... OK
* checking package directory ... OK
* checking ‘build’ directory ... OK
* checking DESCRIPTION meta-information ... OK
* checking top-level files ... NOTE
File
LICENSE
is not mentioned in the DESCRIPTION file.
* checking for left-over files ... OK
* checking index information ... OK
* checking package subdirectories ... OK
* checking R files for non-ASCII characters ... OK
* checking R files for syntax errors ... OK
* checking whether the package can be loaded ... OK
* checking whether the package can be loaded with stated dependencies ... OK
* checking whether the package can be unloaded cleanly ... OK
* checking whether the namespace can be loaded with stated dependencies ... OK
* checking whether the namespace can be unloaded cleanly ... OK
* checking dependencies in R code ... OK
* checking S3 generic/method consistency ... OK
* checking replacement functions ... OK
* checking foreign function calls ... OK
* checking R code for possible problems ... NOTE
plotRegion: no visible global function definition for 'data'
plotRegion: no visible binding for global variable 'dmrcatedata'
plotRegion: no visible binding for global variable 'tx.hg19'
plotRegion: no visible binding for global variable 'tx.hg38'
plotRegion: no visible binding for global variable 'tx.mm10'
plotRegion: no visible global function definition for
'subsetByOverlaps'
plotRegion: no visible global function definition for 'mcols<-'
runBlockFinder: no visible global function definition for 'assays'
runBlockFinder: no visible global function definition for 'colData'
runRDA: no visible global function definition for 'rowData'
runSVA: no visible global function definition for 'resid'
Undefined global functions or variables:
assays colData data dmrcatedata mcols<- resid rowData
subsetByOverlaps tx.hg19 tx.hg38 tx.mm10
Consider adding
importFrom("stats", "resid")
importFrom("utils", "data")
to your NAMESPACE file.
* checking Rd files ... OK
* checking Rd metadata ... OK
* checking Rd cross-references ... OK
* checking for missing documentation entries ... OK
* checking for code/documentation mismatches ... OK
* checking Rd \usage sections ... OK
* checking Rd contents ... OK
* checking for unstated dependencies in examples ... OK
* checking files in ‘vignettes’ ... OK
* checking examples ... WARNING
Found the following significant warnings:
Warning: 'calculateRelevantSNPs' is deprecated.
Warning: 'correlationMethSNPs' is deprecated.
Warning: 'explainedVariance' is deprecated.
Warning: 'normalSNP' is deprecated.
Warning: 'plotLM' is deprecated.
Deprecated functions may be defunct as soon as of the next release of
R.
See ?Deprecated.
Examples with CPU or elapsed time > 5s
user system elapsed
exportResults 20.457 0.848 22.827
* checking for unstated dependencies in ‘tests’ ... OK
* checking tests ...
Running ‘testthat.R’
OK
* checking for unstated dependencies in vignettes ... OK
* checking package vignettes in ‘inst/doc’ ... OK
* checking running R code from vignettes ... SKIPPED
* checking re-building of vignette outputs ... SKIPPED
* checking PDF version of manual ... OK
* DONE
Status: 1 WARNING, 2 NOTEs
See
‘/home/biocbuild/bbs-3.9-bioc/meat/MEAL.Rcheck/00check.log’
for details.
MEAL.Rcheck/00install.out
############################################################################## ############################################################################## ### ### Running command: ### ### /home/biocbuild/bbs-3.9-bioc/R/bin/R CMD INSTALL MEAL ### ############################################################################## ############################################################################## * installing to library ‘/home/biocbuild/bbs-3.9-bioc/R/library’ * installing *source* package ‘MEAL’ ... ** using staged installation ** R ** byte-compile and prepare package for lazy loading ** help *** installing help indices ** building package indices ** installing vignettes ** testing if installed package can be loaded from temporary location ** testing if installed package can be loaded from final location ** testing if installed package keeps a record of temporary installation path * DONE (MEAL)
MEAL.Rcheck/tests/testthat.Rout
R Under development (unstable) (2019-03-18 r76245) -- "Unsuffered Consequences"
Copyright (C) 2019 The R Foundation for Statistical Computing
Platform: x86_64-pc-linux-gnu (64-bit)
R is free software and comes with ABSOLUTELY NO WARRANTY.
You are welcome to redistribute it under certain conditions.
Type 'license()' or 'licence()' for distribution details.
R is a collaborative project with many contributors.
Type 'contributors()' for more information and
'citation()' on how to cite R or R packages in publications.
Type 'demo()' for some demos, 'help()' for on-line help, or
'help.start()' for an HTML browser interface to help.
Type 'q()' to quit R.
> library(testthat)
> library(MEAL)
Loading required package: Biobase
Loading required package: BiocGenerics
Loading required package: parallel
Attaching package: 'BiocGenerics'
The following objects are masked from 'package:parallel':
clusterApply, clusterApplyLB, clusterCall, clusterEvalQ,
clusterExport, clusterMap, parApply, parCapply, parLapply,
parLapplyLB, parRapply, parSapply, parSapplyLB
The following objects are masked from 'package:stats':
IQR, mad, sd, var, xtabs
The following objects are masked from 'package:base':
Filter, Find, Map, Position, Reduce, anyDuplicated, append,
as.data.frame, basename, cbind, colMeans, colSums, colnames,
dirname, do.call, duplicated, eval, evalq, get, grep, grepl,
intersect, is.unsorted, lapply, mapply, match, mget, order, paste,
pmax, pmax.int, pmin, pmin.int, rank, rbind, rowMeans, rowSums,
rownames, sapply, setdiff, sort, table, tapply, union, unique,
unsplit, which, which.max, which.min
Welcome to Bioconductor
Vignettes contain introductory material; view with
'browseVignettes()'. To cite Bioconductor, see
'citation("Biobase")', and for packages 'citation("pkgname")'.
Loading required package: MultiDataSet
Setting options('download.file.method.GEOquery'='auto')
Setting options('GEOquery.inmemory.gpl'=FALSE)
>
> test_check("MEAL")
══ testthat results ═══════════════════════════════════════════════════════════
OK: 50 SKIPPED: 0 FAILED: 0
>
> proc.time()
user system elapsed
45.490 1.540 47.079
MEAL.Rcheck/MEAL-Ex.timings
| name | user | system | elapsed | |
| calculateRelevantSNPs | 0.000 | 0.000 | 0.001 | |
| correlationMethSNPs | 0.001 | 0.000 | 0.000 | |
| explainedVariance | 0.001 | 0.000 | 0.000 | |
| exportResults | 20.457 | 0.848 | 22.827 | |
| getGeneVals | 0 | 0 | 0 | |
| normalSNP | 0.000 | 0.000 | 0.001 | |
| plotFeature | 3.981 | 0.032 | 4.014 | |
| plotLM | 0.000 | 0.001 | 0.001 | |
| plotRDA | 0.844 | 0.027 | 0.871 | |
| runDiffMeanAnalysis | 0.646 | 0.036 | 0.682 | |
| runDiffVarAnalysis | 0.641 | 0.032 | 0.673 | |
| runPipeline | 1.294 | 0.108 | 1.401 | |
| runRDA | 0.468 | 0.012 | 0.481 | |
| runRegionAnalysis | 1.022 | 0.032 | 1.055 | |
| topRDAhits | 0.501 | 0.004 | 0.506 | |