| Back to Multiple platform build/check report for BioC 3.7 |
|
This page was generated on 2018-10-17 08:35:33 -0400 (Wed, 17 Oct 2018).
| Package 1005/1561 | Hostname | OS / Arch | INSTALL | BUILD | CHECK | BUILD BIN | ||||||
| nucleR 2.12.1 Ricard Illa
| malbec2 | Linux (Ubuntu 16.04.1 LTS) / x86_64 | OK | OK | OK | |||||||
| tokay2 | Windows Server 2012 R2 Standard / x64 | OK | OK | [ WARNINGS ] | OK | |||||||
| merida2 | OS X 10.11.6 El Capitan / x86_64 | OK | OK | OK | OK |
| Package: nucleR |
| Version: 2.12.1 |
| Command: C:\Users\biocbuild\bbs-3.7-bioc\R\bin\R.exe CMD check --force-multiarch --install=check:nucleR.install-out.txt --library=C:\Users\biocbuild\bbs-3.7-bioc\R\library --no-vignettes --timings nucleR_2.12.1.tar.gz |
| StartedAt: 2018-10-17 03:41:38 -0400 (Wed, 17 Oct 2018) |
| EndedAt: 2018-10-17 03:47:29 -0400 (Wed, 17 Oct 2018) |
| EllapsedTime: 350.5 seconds |
| RetCode: 0 |
| Status: WARNINGS |
| CheckDir: nucleR.Rcheck |
| Warnings: 1 |
##############################################################################
##############################################################################
###
### Running command:
###
### C:\Users\biocbuild\bbs-3.7-bioc\R\bin\R.exe CMD check --force-multiarch --install=check:nucleR.install-out.txt --library=C:\Users\biocbuild\bbs-3.7-bioc\R\library --no-vignettes --timings nucleR_2.12.1.tar.gz
###
##############################################################################
##############################################################################
* using log directory 'C:/Users/biocbuild/bbs-3.7-bioc/meat/nucleR.Rcheck'
* using R version 3.5.1 Patched (2018-07-24 r75005)
* using platform: x86_64-w64-mingw32 (64-bit)
* using session charset: ISO8859-1
* using option '--no-vignettes'
* checking for file 'nucleR/DESCRIPTION' ... OK
* checking extension type ... Package
* this is package 'nucleR' version '2.12.1'
* checking package namespace information ... OK
* checking package dependencies ... OK
* checking if this is a source package ... OK
* checking if there is a namespace ... OK
* checking for hidden files and directories ... OK
* checking for portable file names ... OK
* checking whether package 'nucleR' can be installed ... WARNING
Found the following significant warnings:
Rd warning: C:/Users/biocbuild/bbs-3.7-bioc/tmpdir/RtmpyUZHI4/R.INSTALL1fa0655de90/nucleR/man/coverage.rpm.Rd:35: file link 'GRanges' in package 'GenomicRanges' does not exist and so has been treated as a topic
Rd warning: C:/Users/biocbuild/bbs-3.7-bioc/tmpdir/RtmpyUZHI4/R.INSTALL1fa0655de90/nucleR/man/coverage.rpm.Rd:36: file link 'IRanges' in package 'IRanges' does not exist and so has been treated as a topic
Rd warning: C:/Users/biocbuild/bbs-3.7-bioc/tmpdir/RtmpyUZHI4/R.INSTALL1fa0655de90/nucleR/man/coverage.rpm.Rd:23: file link 'GenomicRanges' in package 'GenomicRanges' does not exist and so has been treated as a topic
Rd warning: C:/Users/biocbuild/bbs-3.7-bioc/tmpdir/RtmpyUZHI4/R.INSTALL1fa0655de90/nucleR/man/coverage.rpm.Rd:23: file link 'IRanges' in package 'IRanges' does not exist and so has been treated as a topic
Rd warning: C:/Users/biocbuild/bbs-3.7-bioc/tmpdir/RtmpyUZHI4/R.INSTALL1fa0655de90/nucleR/man/coverage.rpm.Rd:52: file link 'coverage' in package 'IRanges' does not exist and so has been treated as a topic
Rd warning: C:/Users/biocbuild/bbs-3.7-bioc/tmpdir/RtmpyUZHI4/R.INSTALL1fa0655de90/nucleR/man/export.bed.Rd:28: file link 'IRanges' in package 'IRanges' does not exist and so has been treated as a topic
Rd warning: C:/Users/biocbuild/bbs-3.7-bioc/tmpdir/RtmpyUZHI4/R.INSTALL1fa0655de90/nucleR/man/export.bed.Rd:29: file link 'IRangesList' in package 'IRanges' does not exist and so has been treated as a topic
Rd warning: C:/Users/biocbuild/bbs-3.7-bioc/tmpdir/RtmpyUZHI4/R.INSTALL1fa0655de90/nucleR/man/export.bed.Rd:29: file link 'GRanges' in package 'GenomicRanges' does not exist and so has been treated as a topic
Rd warning: C:/Users/biocbuild/bbs-3.7-bioc/tmpdir/RtmpyUZHI4/R.INSTALL1fa0655de90/nucleR/man/fragmentLenDetect.Rd:27: file link 'GRanges' in package 'GenomicRanges' does not exist and so has been treated as a topic
Rd warning: C:/Users/biocbuild/bbs-3.7-bioc/tmpdir/RtmpyUZHI4/R.INSTALL1fa0655de90/nucleR/man/mergeCalls.Rd:16: file link 'GRanges' in package 'GenomicRanges' does not exist and so has been treated as a topic
Rd warning: C:/Users/biocbuild/bbs-3.7-bioc/tmpdir/RtmpyUZHI4/R.INSTALL1fa0655de90/nucleR/man/mergeCalls.Rd:28: file link 'GRanges' in package 'GenomicRanges' does not exist and so has been treated as a topic
Rd warning: C:/Users/biocbuild/bbs-3.7-bioc/tmpdir/RtmpyUZHI4/R.INSTALL1fa0655de90/nucleR/man/peakScoring.Rd:63: file link 'GRanges' in package 'GenomicRanges' does not exist and so has been treated as a topic
Rd warning: C:/Users/biocbuild/bbs-3.7-bioc/tmpdir/RtmpyUZHI4/R.INSTALL1fa0655de90/nucleR/man/plotPeaks.Rd:67: file link 'geom_rect' in package 'ggplot2' does not exist and so has been treated as a topic
Rd warning: C:/Users/biocbuild/bbs-3.7-bioc/tmpdir/RtmpyUZHI4/R.INSTALL1fa0655de90/nucleR/man/processReads.Rd:29: file link 'GRanges' in package 'GenomicRanges' does not exist and so has been treated as a topic
Rd warning: C:/Users/biocbuild/bbs-3.7-bioc/tmpdir/RtmpyUZHI4/R.INSTALL1fa0655de90/nucleR/man/processReads.Rd:54: file link 'GRanges' in package 'GenomicRanges' does not exist and so has been treated as a topic
Rd warning: C:/Users/biocbuild/bbs-3.7-bioc/tmpdir/RtmpyUZHI4/R.INSTALL1fa0655de90/nucleR/man/processReads.Rd:44: file link 'GRanges' in package 'GenomicRanges' does not exist and so has been treated as a topic
Rd warning: C:/Users/biocbuild/bbs-3.7-bioc/tmpdir/RtmpyUZHI4/R.INSTALL1fa0655de90/nucleR/man/processReads.Rd:114: file link 'GRanges' in package 'GenomicRanges' does not exist and so has been treated as a topic
Rd warning: C:/Users/biocbuild/bbs-3.7-bioc/tmpdir/RtmpyUZHI4/R.INSTALL1fa0655de90/nucleR/man/processTilingArray.Rd:123: file link 'ExpressionSet' in package 'Biobase' does not exist and so has been treated as a topic
Rd warning: C:/Users/biocbuild/bbs-3.7-bioc/tmpdir/RtmpyUZHI4/R.INSTALL1fa0655de90/nucleR/man/readBAM.Rd:16: file link 'GRangesList' in package 'GenomicRanges' does not exist and so has been treated as a topic
Rd warning: C:/Users/biocbuild/bbs-3.7-bioc/tmpdir/RtmpyUZHI4/R.INSTALL1fa0655de90/nucleR/man/readBowtie.Rd:16: file link 'GRangesList' in package 'GenomicRanges' does not exist and so has been treated as a topic
See 'C:/Users/biocbuild/bbs-3.7-bioc/meat/nucleR.Rcheck/00install.out' for details.
* checking installed package size ... OK
* checking package directory ... OK
* checking 'build' directory ... OK
* checking DESCRIPTION meta-information ... OK
* checking top-level files ... OK
* checking for left-over files ... OK
* checking index information ... OK
* checking package subdirectories ... OK
* checking R files for non-ASCII characters ... OK
* checking R files for syntax errors ... OK
* loading checks for arch 'i386'
** checking whether the package can be loaded ... OK
** checking whether the package can be loaded with stated dependencies ... OK
** checking whether the package can be unloaded cleanly ... OK
** checking whether the namespace can be loaded with stated dependencies ... OK
** checking whether the namespace can be unloaded cleanly ... OK
* loading checks for arch 'x64'
** checking whether the package can be loaded ... OK
** checking whether the package can be loaded with stated dependencies ... OK
** checking whether the package can be unloaded cleanly ... OK
** checking whether the namespace can be loaded with stated dependencies ... OK
** checking whether the namespace can be unloaded cleanly ... OK
* checking dependencies in R code ... OK
* checking S3 generic/method consistency ... OK
* checking replacement functions ... OK
* checking foreign function calls ... OK
* checking R code for possible problems ... OK
* checking Rd files ... OK
* checking Rd metadata ... OK
* checking Rd cross-references ... OK
* checking for missing documentation entries ... OK
* checking for code/documentation mismatches ... OK
* checking Rd \usage sections ... OK
* checking Rd contents ... OK
* checking for unstated dependencies in examples ... OK
* checking contents of 'data' directory ... OK
* checking data for non-ASCII characters ... OK
* checking data for ASCII and uncompressed saves ... OK
* checking files in 'vignettes' ... OK
* checking examples ...
** running examples for arch 'i386' ... OK
Examples with CPU or elapsed time > 5s
user system elapsed
syntheticNucMap 22.75 0.05 22.8
** running examples for arch 'x64' ... OK
Examples with CPU or elapsed time > 5s
user system elapsed
syntheticNucMap 35.11 0.06 35.19
* checking for unstated dependencies in 'tests' ... OK
* checking tests ...
** running tests for arch 'i386' ...
Running 'testthat.R'
OK
** running tests for arch 'x64' ...
Running 'testthat.R'
OK
* checking for unstated dependencies in vignettes ... OK
* checking package vignettes in 'inst/doc' ... OK
* checking running R code from vignettes ... SKIPPED
* checking re-building of vignette outputs ... SKIPPED
* checking PDF version of manual ... OK
* DONE
Status: 1 WARNING
See
'C:/Users/biocbuild/bbs-3.7-bioc/meat/nucleR.Rcheck/00check.log'
for details.
nucleR.Rcheck/00install.out
##############################################################################
##############################################################################
###
### Running command:
###
### C:\cygwin\bin\curl.exe -O https://malbec2.bioconductor.org/BBS/3.7/bioc/src/contrib/nucleR_2.12.1.tar.gz && rm -rf nucleR.buildbin-libdir && mkdir nucleR.buildbin-libdir && C:\Users\biocbuild\bbs-3.7-bioc\R\bin\R.exe CMD INSTALL --merge-multiarch --build --library=nucleR.buildbin-libdir nucleR_2.12.1.tar.gz && C:\Users\biocbuild\bbs-3.7-bioc\R\bin\R.exe CMD INSTALL nucleR_2.12.1.zip && rm nucleR_2.12.1.tar.gz nucleR_2.12.1.zip
###
##############################################################################
##############################################################################
% Total % Received % Xferd Average Speed Time Time Time Current
Dload Upload Total Spent Left Speed
0 0 0 0 0 0 0 0 --:--:-- --:--:-- --:--:-- 0
100 803k 100 803k 0 0 10.8M 0 --:--:-- --:--:-- --:--:-- 12.0M
install for i386
* installing *source* package 'nucleR' ...
** R
** data
** inst
** byte-compile and prepare package for lazy loading
** help
*** installing help indices
converting help for package 'nucleR'
finding HTML links ... done
controlCorrection html
coverage.rpm html
Rd warning: C:/Users/biocbuild/bbs-3.7-bioc/tmpdir/RtmpyUZHI4/R.INSTALL1fa0655de90/nucleR/man/coverage.rpm.Rd:35: file link 'GRanges' in package 'GenomicRanges' does not exist and so has been treated as a topic
Rd warning: C:/Users/biocbuild/bbs-3.7-bioc/tmpdir/RtmpyUZHI4/R.INSTALL1fa0655de90/nucleR/man/coverage.rpm.Rd:36: file link 'IRanges' in package 'IRanges' does not exist and so has been treated as a topic
Rd warning: C:/Users/biocbuild/bbs-3.7-bioc/tmpdir/RtmpyUZHI4/R.INSTALL1fa0655de90/nucleR/man/coverage.rpm.Rd:23: file link 'GenomicRanges' in package 'GenomicRanges' does not exist and so has been treated as a topic
Rd warning: C:/Users/biocbuild/bbs-3.7-bioc/tmpdir/RtmpyUZHI4/R.INSTALL1fa0655de90/nucleR/man/coverage.rpm.Rd:23: file link 'IRanges' in package 'IRanges' does not exist and so has been treated as a topic
Rd warning: C:/Users/biocbuild/bbs-3.7-bioc/tmpdir/RtmpyUZHI4/R.INSTALL1fa0655de90/nucleR/man/coverage.rpm.Rd:52: file link 'coverage' in package 'IRanges' does not exist and so has been treated as a topic
export.bed html
Rd warning: C:/Users/biocbuild/bbs-3.7-bioc/tmpdir/RtmpyUZHI4/R.INSTALL1fa0655de90/nucleR/man/export.bed.Rd:28: file link 'IRanges' in package 'IRanges' does not exist and so has been treated as a topic
Rd warning: C:/Users/biocbuild/bbs-3.7-bioc/tmpdir/RtmpyUZHI4/R.INSTALL1fa0655de90/nucleR/man/export.bed.Rd:29: file link 'IRangesList' in package 'IRanges' does not exist and so has been treated as a topic
Rd warning: C:/Users/biocbuild/bbs-3.7-bioc/tmpdir/RtmpyUZHI4/R.INSTALL1fa0655de90/nucleR/man/export.bed.Rd:29: file link 'GRanges' in package 'GenomicRanges' does not exist and so has been treated as a topic
export.wig html
filterFFT html
fragmentLenDetect html
Rd warning: C:/Users/biocbuild/bbs-3.7-bioc/tmpdir/RtmpyUZHI4/R.INSTALL1fa0655de90/nucleR/man/fragmentLenDetect.Rd:27: file link 'GRanges' in package 'GenomicRanges' does not exist and so has been treated as a topic
mergeCalls html
Rd warning: C:/Users/biocbuild/bbs-3.7-bioc/tmpdir/RtmpyUZHI4/R.INSTALL1fa0655de90/nucleR/man/mergeCalls.Rd:16: file link 'GRanges' in package 'GenomicRanges' does not exist and so has been treated as a topic
Rd warning: C:/Users/biocbuild/bbs-3.7-bioc/tmpdir/RtmpyUZHI4/R.INSTALL1fa0655de90/nucleR/man/mergeCalls.Rd:28: file link 'GRanges' in package 'GenomicRanges' does not exist and so has been treated as a topic
nucleR-package html
nucleosome_htseq html
nucleosome_tiling html
pcKeepCompDetect html
peakDetection html
peakScoring html
Rd warning: C:/Users/biocbuild/bbs-3.7-bioc/tmpdir/RtmpyUZHI4/R.INSTALL1fa0655de90/nucleR/man/peakScoring.Rd:63: file link 'GRanges' in package 'GenomicRanges' does not exist and so has been treated as a topic
plotPeaks html
Rd warning: C:/Users/biocbuild/bbs-3.7-bioc/tmpdir/RtmpyUZHI4/R.INSTALL1fa0655de90/nucleR/man/plotPeaks.Rd:67: file link 'geom_rect' in package 'ggplot2' does not exist and so has been treated as a topic
processReads html
Rd warning: C:/Users/biocbuild/bbs-3.7-bioc/tmpdir/RtmpyUZHI4/R.INSTALL1fa0655de90/nucleR/man/processReads.Rd:29: file link 'GRanges' in package 'GenomicRanges' does not exist and so has been treated as a topic
Rd warning: C:/Users/biocbuild/bbs-3.7-bioc/tmpdir/RtmpyUZHI4/R.INSTALL1fa0655de90/nucleR/man/processReads.Rd:54: file link 'GRanges' in package 'GenomicRanges' does not exist and so has been treated as a topic
Rd warning: C:/Users/biocbuild/bbs-3.7-bioc/tmpdir/RtmpyUZHI4/R.INSTALL1fa0655de90/nucleR/man/processReads.Rd:44: file link 'GRanges' in package 'GenomicRanges' does not exist and so has been treated as a topic
Rd warning: C:/Users/biocbuild/bbs-3.7-bioc/tmpdir/RtmpyUZHI4/R.INSTALL1fa0655de90/nucleR/man/processReads.Rd:114: file link 'GRanges' in package 'GenomicRanges' does not exist and so has been treated as a topic
processTilingArray html
Rd warning: C:/Users/biocbuild/bbs-3.7-bioc/tmpdir/RtmpyUZHI4/R.INSTALL1fa0655de90/nucleR/man/processTilingArray.Rd:123: file link 'ExpressionSet' in package 'Biobase' does not exist and so has been treated as a topic
readBAM html
Rd warning: C:/Users/biocbuild/bbs-3.7-bioc/tmpdir/RtmpyUZHI4/R.INSTALL1fa0655de90/nucleR/man/readBAM.Rd:16: file link 'GRangesList' in package 'GenomicRanges' does not exist and so has been treated as a topic
readBowtie html
Rd warning: C:/Users/biocbuild/bbs-3.7-bioc/tmpdir/RtmpyUZHI4/R.INSTALL1fa0655de90/nucleR/man/readBowtie.Rd:16: file link 'GRangesList' in package 'GenomicRanges' does not exist and so has been treated as a topic
syntheticNucMap html
** building package indices
** installing vignettes
** testing if installed package can be loaded
In R CMD INSTALL
install for x64
* installing *source* package 'nucleR' ...
** testing if installed package can be loaded
* MD5 sums
packaged installation of 'nucleR' as nucleR_2.12.1.zip
* DONE (nucleR)
In R CMD INSTALL
In R CMD INSTALL
* installing to library 'C:/Users/biocbuild/bbs-3.7-bioc/R/library'
package 'nucleR' successfully unpacked and MD5 sums checked
In R CMD INSTALL
|
nucleR.Rcheck/tests_i386/testthat.Rout
R version 3.5.1 Patched (2018-07-24 r75005) -- "Feather Spray"
Copyright (C) 2018 The R Foundation for Statistical Computing
Platform: i386-w64-mingw32/i386 (32-bit)
R is free software and comes with ABSOLUTELY NO WARRANTY.
You are welcome to redistribute it under certain conditions.
Type 'license()' or 'licence()' for distribution details.
R is a collaborative project with many contributors.
Type 'contributors()' for more information and
'citation()' on how to cite R or R packages in publications.
Type 'demo()' for some demos, 'help()' for on-line help, or
'help.start()' for an HTML browser interface to help.
Type 'q()' to quit R.
> library(testthat)
> library(nucleR)
>
> test_check("nucleR")
== testthat results ===========================================================
OK: 2 SKIPPED: 0 FAILED: 0
>
> proc.time()
user system elapsed
8.71 0.50 9.20
|
nucleR.Rcheck/tests_x64/testthat.Rout
R version 3.5.1 Patched (2018-07-24 r75005) -- "Feather Spray"
Copyright (C) 2018 The R Foundation for Statistical Computing
Platform: x86_64-w64-mingw32/x64 (64-bit)
R is free software and comes with ABSOLUTELY NO WARRANTY.
You are welcome to redistribute it under certain conditions.
Type 'license()' or 'licence()' for distribution details.
R is a collaborative project with many contributors.
Type 'contributors()' for more information and
'citation()' on how to cite R or R packages in publications.
Type 'demo()' for some demos, 'help()' for on-line help, or
'help.start()' for an HTML browser interface to help.
Type 'q()' to quit R.
> library(testthat)
> library(nucleR)
>
> test_check("nucleR")
== testthat results ===========================================================
OK: 2 SKIPPED: 0 FAILED: 0
>
> proc.time()
user system elapsed
8.92 0.40 9.31
|
|
nucleR.Rcheck/examples_i386/nucleR-Ex.timings
|
nucleR.Rcheck/examples_x64/nucleR-Ex.timings
|