| Back to Multiple platform build/check report for BioC 3.7 |
|
This page was generated on 2018-10-17 08:41:23 -0400 (Wed, 17 Oct 2018).
| Package 962/1561 | Hostname | OS / Arch | INSTALL | BUILD | CHECK | BUILD BIN | ||||||
| multiClust 1.10.0 Nathan Lawlor
| malbec2 | Linux (Ubuntu 16.04.1 LTS) / x86_64 | OK | OK | OK | |||||||
| tokay2 | Windows Server 2012 R2 Standard / x64 | OK | OK | [ WARNINGS ] | OK | |||||||
| merida2 | OS X 10.11.6 El Capitan / x86_64 | OK | OK | OK | OK |
| Package: multiClust |
| Version: 1.10.0 |
| Command: C:\Users\biocbuild\bbs-3.7-bioc\R\bin\R.exe CMD check --force-multiarch --install=check:multiClust.install-out.txt --library=C:\Users\biocbuild\bbs-3.7-bioc\R\library --no-vignettes --timings multiClust_1.10.0.tar.gz |
| StartedAt: 2018-10-17 03:33:38 -0400 (Wed, 17 Oct 2018) |
| EndedAt: 2018-10-17 03:35:56 -0400 (Wed, 17 Oct 2018) |
| EllapsedTime: 138.5 seconds |
| RetCode: 0 |
| Status: WARNINGS |
| CheckDir: multiClust.Rcheck |
| Warnings: 1 |
##############################################################################
##############################################################################
###
### Running command:
###
### C:\Users\biocbuild\bbs-3.7-bioc\R\bin\R.exe CMD check --force-multiarch --install=check:multiClust.install-out.txt --library=C:\Users\biocbuild\bbs-3.7-bioc\R\library --no-vignettes --timings multiClust_1.10.0.tar.gz
###
##############################################################################
##############################################################################
* using log directory 'C:/Users/biocbuild/bbs-3.7-bioc/meat/multiClust.Rcheck'
* using R version 3.5.1 Patched (2018-07-24 r75005)
* using platform: x86_64-w64-mingw32 (64-bit)
* using session charset: ISO8859-1
* using option '--no-vignettes'
* checking for file 'multiClust/DESCRIPTION' ... OK
* checking extension type ... Package
* this is package 'multiClust' version '1.10.0'
* checking package namespace information ... OK
* checking package dependencies ... OK
* checking if this is a source package ... OK
* checking if there is a namespace ... OK
* checking for hidden files and directories ... OK
* checking for portable file names ... OK
* checking whether package 'multiClust' can be installed ... WARNING
Found the following significant warnings:
Rd warning: C:/Users/biocbuild/bbs-3.7-bioc/tmpdir/Rtmpcl15ZN/R.INSTALL1ac87cea3cff/multiClust/man/cluster_analysis.Rd:114: file link 'Dist' in package 'amap' does not exist and so has been treated as a topic
See 'C:/Users/biocbuild/bbs-3.7-bioc/meat/multiClust.Rcheck/00install.out' for details.
* checking installed package size ... OK
* checking package directory ... OK
* checking 'build' directory ... OK
* checking DESCRIPTION meta-information ... OK
* checking top-level files ... OK
* checking for left-over files ... OK
* checking index information ... OK
* checking package subdirectories ... OK
* checking R files for non-ASCII characters ... OK
* checking R files for syntax errors ... OK
* loading checks for arch 'i386'
** checking whether the package can be loaded ... OK
** checking whether the package can be loaded with stated dependencies ... OK
** checking whether the package can be unloaded cleanly ... OK
** checking whether the namespace can be loaded with stated dependencies ... OK
** checking whether the namespace can be unloaded cleanly ... OK
* loading checks for arch 'x64'
** checking whether the package can be loaded ... OK
** checking whether the package can be loaded with stated dependencies ... OK
** checking whether the package can be unloaded cleanly ... OK
** checking whether the namespace can be loaded with stated dependencies ... OK
** checking whether the namespace can be unloaded cleanly ... OK
* checking dependencies in R code ... OK
* checking S3 generic/method consistency ... OK
* checking replacement functions ... OK
* checking foreign function calls ... OK
* checking R code for possible problems ... OK
* checking Rd files ... OK
* checking Rd metadata ... OK
* checking Rd cross-references ... OK
* checking for missing documentation entries ... OK
* checking for code/documentation mismatches ... OK
* checking Rd \usage sections ... OK
* checking Rd contents ... OK
* checking for unstated dependencies in examples ... OK
* checking files in 'vignettes' ... OK
* checking examples ...
** running examples for arch 'i386' ... OK
Examples with CPU or elapsed time > 5s
user system elapsed
cluster_analysis 6.19 0.04 6.24
** running examples for arch 'x64' ... OK
Examples with CPU or elapsed time > 5s
user system elapsed
cluster_analysis 7.17 0.08 7.25
* checking for unstated dependencies in 'tests' ... OK
* checking tests ...
** running tests for arch 'i386' ...
Running 'runTests.R'
OK
** running tests for arch 'x64' ...
Running 'runTests.R'
OK
* checking for unstated dependencies in vignettes ... OK
* checking package vignettes in 'inst/doc' ... OK
* checking running R code from vignettes ... SKIPPED
* checking re-building of vignette outputs ... SKIPPED
* checking PDF version of manual ... OK
* DONE
Status: 1 WARNING
See
'C:/Users/biocbuild/bbs-3.7-bioc/meat/multiClust.Rcheck/00check.log'
for details.
multiClust.Rcheck/00install.out
##############################################################################
##############################################################################
###
### Running command:
###
### C:\cygwin\bin\curl.exe -O https://malbec2.bioconductor.org/BBS/3.7/bioc/src/contrib/multiClust_1.10.0.tar.gz && rm -rf multiClust.buildbin-libdir && mkdir multiClust.buildbin-libdir && C:\Users\biocbuild\bbs-3.7-bioc\R\bin\R.exe CMD INSTALL --merge-multiarch --build --library=multiClust.buildbin-libdir multiClust_1.10.0.tar.gz && C:\Users\biocbuild\bbs-3.7-bioc\R\bin\R.exe CMD INSTALL multiClust_1.10.0.zip && rm multiClust_1.10.0.tar.gz multiClust_1.10.0.zip
###
##############################################################################
##############################################################################
% Total % Received % Xferd Average Speed Time Time Time Current
Dload Upload Total Spent Left Speed
0 0 0 0 0 0 0 0 --:--:-- --:--:-- --:--:-- 0
100 1980k 100 1980k 0 0 30.1M 0 --:--:-- --:--:-- --:--:-- 33.3M
install for i386
* installing *source* package 'multiClust' ...
** R
** inst
** byte-compile and prepare package for lazy loading
** help
*** installing help indices
converting help for package 'multiClust'
finding HTML links ... done
WriteMatrixToFile html
avg_probe_exp html
cluster_analysis html
Rd warning: C:/Users/biocbuild/bbs-3.7-bioc/tmpdir/Rtmpcl15ZN/R.INSTALL1ac87cea3cff/multiClust/man/cluster_analysis.Rd:114: file link 'Dist' in package 'amap' does not exist and so has been treated as a topic
input_file html
nor.min.max html
number_clusters html
number_probes html
probe_ranking html
surv_analysis html
** building package indices
** installing vignettes
** testing if installed package can be loaded
In R CMD INSTALL
install for x64
* installing *source* package 'multiClust' ...
** testing if installed package can be loaded
* MD5 sums
packaged installation of 'multiClust' as multiClust_1.10.0.zip
* DONE (multiClust)
In R CMD INSTALL
In R CMD INSTALL
* installing to library 'C:/Users/biocbuild/bbs-3.7-bioc/R/library'
package 'multiClust' successfully unpacked and MD5 sums checked
In R CMD INSTALL
|
multiClust.Rcheck/tests_i386/runTests.Rout
R version 3.5.1 Patched (2018-07-24 r75005) -- "Feather Spray"
Copyright (C) 2018 The R Foundation for Statistical Computing
Platform: i386-w64-mingw32/i386 (32-bit)
R is free software and comes with ABSOLUTELY NO WARRANTY.
You are welcome to redistribute it under certain conditions.
Type 'license()' or 'licence()' for distribution details.
R is a collaborative project with many contributors.
Type 'contributors()' for more information and
'citation()' on how to cite R or R packages in publications.
Type 'demo()' for some demos, 'help()' for on-line help, or
'help.start()' for an HTML browser interface to help.
Type 'q()' to quit R.
> BiocGenerics:::testPackage("multiClust")
Loading required package: amap
RUNIT TEST PROTOCOL -- Wed Oct 17 03:35:46 2018
***********************************************
Number of test functions: 9
Number of errors: 0
Number of failures: 0
1 Test Suite :
multiClust RUnit Tests - 9 test functions, 0 errors, 0 failures
Number of test functions: 9
Number of errors: 0
Number of failures: 0
Warning message:
In `[.data.frame`(transinput, 1:probe_number, ) :
NAs introduced by coercion
>
> proc.time()
user system elapsed
3.46 0.34 4.09
|
multiClust.Rcheck/tests_x64/runTests.Rout
R version 3.5.1 Patched (2018-07-24 r75005) -- "Feather Spray"
Copyright (C) 2018 The R Foundation for Statistical Computing
Platform: x86_64-w64-mingw32/x64 (64-bit)
R is free software and comes with ABSOLUTELY NO WARRANTY.
You are welcome to redistribute it under certain conditions.
Type 'license()' or 'licence()' for distribution details.
R is a collaborative project with many contributors.
Type 'contributors()' for more information and
'citation()' on how to cite R or R packages in publications.
Type 'demo()' for some demos, 'help()' for on-line help, or
'help.start()' for an HTML browser interface to help.
Type 'q()' to quit R.
> BiocGenerics:::testPackage("multiClust")
Loading required package: amap
RUNIT TEST PROTOCOL -- Wed Oct 17 03:35:50 2018
***********************************************
Number of test functions: 9
Number of errors: 0
Number of failures: 0
1 Test Suite :
multiClust RUnit Tests - 9 test functions, 0 errors, 0 failures
Number of test functions: 9
Number of errors: 0
Number of failures: 0
Warning message:
In `[.data.frame`(transinput, 1:probe_number, ) :
NAs introduced by coercion
>
> proc.time()
user system elapsed
3.79 0.39 4.17
|
|
multiClust.Rcheck/examples_i386/multiClust-Ex.timings
|
multiClust.Rcheck/examples_x64/multiClust-Ex.timings
|