| Back to Multiple platform build/check report for BioC 3.7 |
|
This page was generated on 2018-10-17 08:40:39 -0400 (Wed, 17 Oct 2018).
| Package 1033/1561 | Hostname | OS / Arch | INSTALL | BUILD | CHECK | BUILD BIN | ||||||
Chenglin Liu
| malbec2 | Linux (Ubuntu 16.04.1 LTS) / x86_64 | OK | ERROR | skipped | |||||||
| tokay2 | Windows Server 2012 R2 Standard / x64 | OK | [ ERROR ] | skipped | skipped | |||||||
| merida2 | OS X 10.11.6 El Capitan / x86_64 | OK | ERROR | skipped | skipped |
| Package: OperaMate |
| Version: 1.12.0 |
| Command: chmod a+r OperaMate -R && C:\Users\biocbuild\bbs-3.7-bioc\R\bin\R.exe CMD build --keep-empty-dirs --no-resave-data OperaMate |
| StartedAt: 2018-10-16 22:45:16 -0400 (Tue, 16 Oct 2018) |
| EndedAt: 2018-10-16 22:46:13 -0400 (Tue, 16 Oct 2018) |
| EllapsedTime: 56.9 seconds |
| RetCode: 1 |
| Status: ERROR |
| PackageFile: None |
| PackageFileSize: NA |
##############################################################################
##############################################################################
###
### Running command:
###
### chmod a+r OperaMate -R && C:\Users\biocbuild\bbs-3.7-bioc\R\bin\R.exe CMD build --keep-empty-dirs --no-resave-data OperaMate
###
##############################################################################
##############################################################################
* checking for file 'OperaMate/DESCRIPTION' ... OK
* preparing 'OperaMate':
* checking DESCRIPTION meta-information ... OK
* installing the package to build vignettes
* creating vignettes ... ERROR
Warning: Package 'OperaMate' is deprecated and will be removed from Bioconductor
version 3.7
[10-16-2018 22:45:33]
OperaMate Data Processing & Analysis
********************************************************
Loading data ...
Data normalization ...
Data visualization ...
Quality control ...
Hit detection ...
Annotation ...
Hit analysis ...
Error in if (!sort_by_structure) { : argument is of length zero
Warning in cellSigAnalysis(cell, genemap, organism, file = file.path(outpath, :
Function gProfile failed.
Error: processing vignette 'OperaMate-vignette.Rnw' failed with diagnostics:
chunk 4 (label = run_pipeline)
Error in log10(chart[, "p.value"]) :
non-numeric argument to mathematical function
Execution halted