Back to Multiple platform build/check report for BioC 3.22:   simplified   long
ABCDEFGHIJKLMN[O]PQRSTUVWXYZ

This page was generated on 2025-10-18 12:07 -0400 (Sat, 18 Oct 2025).

HostnameOSArch (*)R versionInstalled pkgs
nebbiolo2Linux (Ubuntu 24.04.3 LTS)x86_644.5.1 Patched (2025-08-23 r88802) -- "Great Square Root" 4887
lconwaymacOS 12.7.6 Montereyx86_644.5.1 Patched (2025-09-10 r88807) -- "Great Square Root" 4677
kjohnson3macOS 13.7.7 Venturaarm644.5.1 Patched (2025-09-10 r88807) -- "Great Square Root" 4622
taishanLinux (openEuler 24.03 LTS)aarch644.5.0 (2025-04-11) -- "How About a Twenty-Six" 4632
Click on any hostname to see more info about the system (e.g. compilers)      (*) as reported by 'uname -p', except on Windows and Mac OS X

Package 1497/2353HostnameOS / ArchINSTALLBUILDCHECKBUILD BIN
OmnipathR 3.17.6  (landing page)
Denes Turei
Snapshot Date: 2025-10-17 13:45 -0400 (Fri, 17 Oct 2025)
git_url: https://git.bioconductor.org/packages/OmnipathR
git_branch: devel
git_last_commit: 69ba6ef
git_last_commit_date: 2025-09-24 06:19:47 -0400 (Wed, 24 Sep 2025)
nebbiolo2Linux (Ubuntu 24.04.3 LTS) / x86_64  OK    OK    ERROR  
lconwaymacOS 12.7.6 Monterey / x86_64  OK    ERROR  skippedskipped
kjohnson3macOS 13.7.7 Ventura / arm64  OK    OK    ERROR    OK  
taishanLinux (openEuler 24.03 LTS) / aarch64  OK    OK    ERROR  


CHECK results for OmnipathR on taishan

To the developers/maintainers of the OmnipathR package:
- Allow up to 24 hours (and sometimes 48 hours) for your latest push to git@git.bioconductor.org:packages/OmnipathR.git to reflect on this report. See Troubleshooting Build Report for more information.
- Use the following Renviron settings to reproduce errors and warnings.
- If 'R CMD check' started to fail recently on the Linux builder(s) over a missing dependency, add the missing dependency to 'Suggests:' in your DESCRIPTION file. See Renviron.bioc for more information.
- See Martin Grigorov's blog post for how to debug Linux ARM64 related issues on a x86_64 host.

raw results


Summary

Package: OmnipathR
Version: 3.17.6
Command: /home/biocbuild/R/R/bin/R CMD check --install=check:OmnipathR.install-out.txt --library=/home/biocbuild/R/R/site-library --no-vignettes --timings OmnipathR_3.17.6.tar.gz
StartedAt: 2025-10-17 11:50:20 -0000 (Fri, 17 Oct 2025)
EndedAt: 2025-10-17 12:13:53 -0000 (Fri, 17 Oct 2025)
EllapsedTime: 1412.9 seconds
RetCode: 1
Status:   ERROR  
CheckDir: OmnipathR.Rcheck
Warnings: NA

Command output

##############################################################################
##############################################################################
###
### Running command:
###
###   /home/biocbuild/R/R/bin/R CMD check --install=check:OmnipathR.install-out.txt --library=/home/biocbuild/R/R/site-library --no-vignettes --timings OmnipathR_3.17.6.tar.gz
###
##############################################################################
##############################################################################


* using log directory ‘/home/biocbuild/bbs-3.22-bioc/meat/OmnipathR.Rcheck’
* using R version 4.5.0 (2025-04-11)
* using platform: aarch64-unknown-linux-gnu
* R was compiled by
    aarch64-unknown-linux-gnu-gcc (GCC) 14.2.0
    GNU Fortran (GCC) 14.2.0
* running under: openEuler 24.03 (LTS)
* using session charset: UTF-8
* using option ‘--no-vignettes’
* checking for file ‘OmnipathR/DESCRIPTION’ ... OK
* checking extension type ... Package
* this is package ‘OmnipathR’ version ‘3.17.6’
* package encoding: UTF-8
* checking package namespace information ... OK
* checking package dependencies ... INFO
Imports includes 35 non-default packages.
Importing from so many packages makes the package vulnerable to any of
them becoming unavailable.  Move as many as possible to Suggests and
use conditionally.
* checking if this is a source package ... OK
* checking if there is a namespace ... OK
* checking for hidden files and directories ... OK
* checking for portable file names ... OK
* checking for sufficient/correct file permissions ... OK
* checking whether package ‘OmnipathR’ can be installed ... OK
* checking installed package size ... OK
* checking package directory ... OK
* checking DESCRIPTION meta-information ... OK
* checking top-level files ... OK
* checking for left-over files ... OK
* checking index information ... OK
* checking package subdirectories ... OK
* checking code files for non-ASCII characters ... OK
* checking R files for syntax errors ... OK
* checking whether the package can be loaded ... OK
* checking whether the package can be loaded with stated dependencies ... OK
* checking whether the package can be unloaded cleanly ... OK
* checking whether the namespace can be loaded with stated dependencies ... OK
* checking whether the namespace can be unloaded cleanly ... OK
* checking loading without being on the library search path ... OK
* checking whether startup messages can be suppressed ... NOTE
[2025-10-17 11:50:58] [TRACE]   [OmnipathR] Reading JSON from `/home/biocbuild/.cache/OmnipathR/cache.json` (encoding: UTF-8).
[2025-10-17 11:50:58] [TRACE]   [OmnipathR] JSON validation successful: TRUE
[2025-10-17 11:50:58] [INFO]    [OmnipathR] Initialized cache: `/home/biocbuild/.cache/OmnipathR`.
[2025-10-17 11:50:58] [INFO]    [OmnipathR] Package `OmnipathR` packaged: NA
[2025-10-17 11:50:58] [INFO]    [OmnipathR] Package `OmnipathR` date/publication: 2025-10-16
[2025-10-17 11:50:58] [INFO]    [OmnipathR] Package `OmnipathR` built: R 4.5.0; ; 2025-10-16 21:18:23 UTC; unix
[2025-10-17 11:50:58] [INFO]    [OmnipathR] Package `OmnipathR` version: 3.17.6
[2025-10-17 11:50:58] [INFO]    [OmnipathR] Package `OmnipathR` repository: Bioconductor 3.22
[2025-10-17 11:50:58] [INFO]    [OmnipathR] Session info: [version=R version 4.5.0 (2025-04-11); os=openEuler 24.03 (LTS); system=aarch64, linux-gnu; ui=X11; language=(EN); collate=C; ctype=en_US.UTF-8; tz=UTC; date=2025-10-17; pandoc=2.12 @ /home/biocbuild/bin/ (via rmarkdown); quarto=1.7.32 @ /home/biocbuild/bioconductor/quarto-1.7.32/bin/quarto]
[2025-10-17 11:50:58] [INFO]    [OmnipathR] External libraries: [cairo=1.18.0; cairoFT=; pango=1.51.0; png=1.6.47; jpeg=6.2; tiff=LIBTIFF, Version 4.7.0; tcl=8.6.14; curl=8.13.0; zlib=1.3.1; bzlib=1.0.8, 13-Jul-2019; xz=5.8.1; deflate=; PCRE=10.44 2024-06-07; ICU=74.1; TRE=TRE 0.8.0 R_fixes (BSD); iconv=glibc 2.38; readline=8.2; BLAS=/usr/lib64/libopenblas-r0.3.25.so; lapack=/usr/lib64/libopenblas-r0.3.25.so; lapack_version=3.11.0]
[2025-10-17 11:50:59] [INFO]    [OmnipathR] Loaded packages: backports 1.5.0(2024-05-23); bit 4.6.0(2025-03-06); bit64 4.6.0-1(2025-01-16); blob 1.2.4(2023-03-17); cachem 1.1.0(2024-05-16); cellranger 1.1.0(2016-07-27); checkmate 2.3.3(2025-08-18); chromote 0.5.1(2025-04-24); cli 3.6.5(2025-04-23); crayon 1.5.3(2024-06-20); curl 7.0.0(2025-08-19); DBI 1.2.3(2024-06-02); digest 0.6.37(2024-08-19); dplyr 1.1.4(2023-11-17); evaluate 1.0.5(2025-08-27); fastmap 1.2.0(2024-05-15); fs 1.6.6(2025-04-12); generics 0.1.4(2025-05-09); glue 1.8.0(2024-09-30); hms 1.1.3(2023-03-21); htmltools 0.5.8.1(2024-04-04); httr 1.4.7(2023-08-15); httr2 1.2.1(2025-07-22); igraph 2.2.0(2025-10-13); jsonlite 2.0.0(2025-03-27); knitr 1.50(2025-03-16); later 1.4.4(2025-08-27); lifecycle 1.0.4(2023-11-07); logger 0.4.1(2025-09-11); lubridate 1.9.4(2024-12-08); magrittr 2.0.4(2025-09-12); memoise 2.0.1(2021-11-26); OmnipathR 3.17.6(2025-10-16); pillar 1.11.1(2025-09-17); pkgconfig 2.0.3(2019-09-22); prettyunits 1.2.0(2023-09-24); processx 3.8.6(2025-02-21); progress 1.2.3(2023-12-06); promises 1.3.3(2025-05-29); ps 1.9.1(2025-04-12); purrr 1.1.0(2025-07-10); R.methodsS3 1.8.2(2022-06-13); R.oo 1.27.1(2025-05-02); R.utils 2.13.0(2025-02-24); R6 2.6.1(2025-02-15); rappdirs 0.3.3(2021-01-31); Rcpp 1.1.0(2025-07-02); readr 2.1.5(2024-01-10); readxl 1.4.5(2025-03-07); rlang 1.1.6(2025-04-11); rmarkdown 2.30(2025-09-28); RSQLite 2.4.3(2025-08-20); rvest 1.0.5(2025-08-29); sessioninfo 1.2.3(2025-02-05); stringi 1.8.7(2025-03-27); stringr 1.5.2(2025-09-08); tibble 3.3.0(2025-06-08); tidyr 1.3.1(2024-01-24); tidyselect 1.2.1(2024-03-11); timechange 0.3.0(2024-01-18); tzdb 0.5.0(2025-03-15); vctrs 0.6.5(2023-12-01); websocket 1.4.4(2025-04-10); withr 3.0.2(2024-10-28); xfun 0.53(2025-08-19); XML 3.99-0.19(2025-08-22); xml2 1.4.0(2025-08-20); yaml 2.3.10(2024-07-26); zip 2.3.3(2025-05-13)
[2025-10-17 11:50:59] [INFO]    [OmnipathR] CURL: version: 8.13.0; headers: 8.13.0; ssl_version: OpenSSL/3.5.0; libz_version: 1.3.1; libssh_version: libssh2/1.11.1; libidn_version: NA; host: aarch64-conda-linux-gnu; protocols: dict, file, ftp, ftps, gopher, gophers, http, https, imap, imaps, mqtt, pop3, pop3s, rtsp, scp, sftp, smb, smbs, smtp, smtps, telnet, tftp, ws, wss; ipv6: TRUE; http2: TRUE; idn: FALSE; url_parser: TRUE
[2025-10-17 11:50:59] [TRACE]   [OmnipathR] Running on a build server, wiping cache.
[2025-10-17 11:50:59] [TRACE]   [OmnipathR] Cache is at `/home/biocbuild/.cache/OmnipathR`.
[2025-10-17 11:50:59] [TRACE]   [OmnipathR] Contains 1 files.
[2025-10-17 11:50:59] [TRACE]   [OmnipathR] Cache is locked: FALSE.
[2025-10-17 11:50:59] [TRACE]   [OmnipathR] Reading JSON from `/home/biocbuild/.cache/OmnipathR/cache.json` (encoding: UTF-8).
[2025-10-17 11:50:59] [TRACE]   [OmnipathR] JSON validation successful: TRUE
[2025-10-17 11:50:59] [SUCCESS] [OmnipathR] Removing all cache contents from `/home/biocbuild/.cache/OmnipathR`.
[2025-10-17 11:50:59] [TRACE]   [OmnipathR] Pandoc version: `2.12`.
[2025-10-17 11:50:59] [TRACE]   [OmnipathR] Reading JSON from `/home/biocbuild/R/R-4.5.0/site-library/OmnipathR/db/db_def.json` (encoding: UTF-8).
[2025-10-17 11:50:59] [TRACE]   [OmnipathR] JSON validation successful: TRUE
[2025-10-17 11:50:59] [TRACE]   [OmnipathR] Reading JSON from `/home/biocbuild/R/R-4.5.0/site-library/OmnipathR/internal/magic_bytes.json` (encoding: UTF-8).
[2025-10-17 11:50:59] [TRACE]   [OmnipathR] JSON validation successful: TRUE
[2025-10-17 11:50:59] [TRACE]   [OmnipathR] Reading JSON from `/home/biocbuild/R/R-4.5.0/site-library/OmnipathR/internal/urls.json` (encoding: UTF-8).
[2025-10-17 11:50:59] [TRACE]   [OmnipathR] JSON validation successful: TRUE
[2025-10-17 11:50:59] [TRACE]   [OmnipathR] Reading JSON from `/home/biocbuild/R/R-4.5.0/site-library/OmnipathR/internal/id_types.json` (encoding: UTF-8).
[2025-10-17 11:50:59] [TRACE]   [OmnipathR] JSON validation successful: TRUE
[2025-10-17 11:50:59] [TRACE]   [OmnipathR] Cache locked: FALSE

It looks like this package (or a package it requires) has a startup
message which cannot be suppressed: see ?packageStartupMessage.
* checking dependencies in R code ... OK
* checking S3 generic/method consistency ... OK
* checking replacement functions ... OK
* checking foreign function calls ... OK
* checking R code for possible problems ... NOTE
[2025-10-17 11:51:21] [TRACE]   [OmnipathR] Reading JSON from `/home/biocbuild/.cache/OmnipathR/cache.json` (encoding: UTF-8).
[2025-10-17 11:51:21] [TRACE]   [OmnipathR] JSON validation successful: TRUE
[2025-10-17 11:51:21] [INFO]    [OmnipathR] Initialized cache: `/home/biocbuild/.cache/OmnipathR`.
[2025-10-17 11:51:21] [INFO]    [OmnipathR] Package `OmnipathR` packaged: NA
[2025-10-17 11:51:21] [INFO]    [OmnipathR] Package `OmnipathR` date/publication: 2025-10-16
[2025-10-17 11:51:21] [INFO]    [OmnipathR] Package `OmnipathR` built: R 4.5.0; ; 2025-10-16 21:18:23 UTC; unix
[2025-10-17 11:51:21] [INFO]    [OmnipathR] Package `OmnipathR` version: 3.17.6
[2025-10-17 11:51:21] [INFO]    [OmnipathR] Package `OmnipathR` repository: Bioconductor 3.22
[2025-10-17 11:51:21] [INFO]    [OmnipathR] Session info: [version=R version 4.5.0 (2025-04-11); os=openEuler 24.03 (LTS); system=aarch64, linux-gnu; ui=X11; language=(EN); collate=C; ctype=en_US.UTF-8; tz=UTC; date=2025-10-17; pandoc=2.12 @ /home/biocbuild/bin/ (via rmarkdown); quarto=1.7.32 @ /home/biocbuild/bioconductor/quarto-1.7.32/bin/quarto]
[2025-10-17 11:51:21] [INFO]    [OmnipathR] External libraries: [cairo=1.18.0; cairoFT=; pango=1.51.0; png=1.6.47; jpeg=6.2; tiff=LIBTIFF, Version 4.7.0; tcl=8.6.14; curl=8.13.0; zlib=1.3.1; bzlib=1.0.8, 13-Jul-2019; xz=5.8.1; deflate=; PCRE=10.44 2024-06-07; ICU=74.1; TRE=TRE 0.8.0 R_fixes (BSD); iconv=glibc 2.38; readline=8.2; BLAS=/usr/lib64/libopenblas-r0.3.25.so; lapack=/usr/lib64/libopenblas-r0.3.25.so; lapack_version=3.11.0]
[2025-10-17 11:51:21] [INFO]    [OmnipathR] Loaded packages: backports 1.5.0(2024-05-23); bit 4.6.0(2025-03-06); bit64 4.6.0-1(2025-01-16); blob 1.2.4(2023-03-17); cachem 1.1.0(2024-05-16); cellranger 1.1.0(2016-07-27); checkmate 2.3.3(2025-08-18); chromote 0.5.1(2025-04-24); cli 3.6.5(2025-04-23); crayon 1.5.3(2024-06-20); curl 7.0.0(2025-08-19); DBI 1.2.3(2024-06-02); digest 0.6.37(2024-08-19); dplyr 1.1.4(2023-11-17); evaluate 1.0.5(2025-08-27); fastmap 1.2.0(2024-05-15); fs 1.6.6(2025-04-12); generics 0.1.4(2025-05-09); glue 1.8.0(2024-09-30); hms 1.1.3(2023-03-21); htmltools 0.5.8.1(2024-04-04); httr 1.4.7(2023-08-15); httr2 1.2.1(2025-07-22); igraph 2.2.0(2025-10-13); jsonlite 2.0.0(2025-03-27); knitr 1.50(2025-03-16); later 1.4.4(2025-08-27); lifecycle 1.0.4(2023-11-07); logger 0.4.1(2025-09-11); lubridate 1.9.4(2024-12-08); magrittr 2.0.4(2025-09-12); memoise 2.0.1(2021-11-26); OmnipathR 3.17.6(2025-10-16); pillar 1.11.1(2025-09-17); pkgconfig 2.0.3(2019-09-22); prettyunits 1.2.0(2023-09-24); processx 3.8.6(2025-02-21); progress 1.2.3(2023-12-06); promises 1.3.3(2025-05-29); ps 1.9.1(2025-04-12); purrr 1.1.0(2025-07-10); R.methodsS3 1.8.2(2022-06-13); R.oo 1.27.1(2025-05-02); R.utils 2.13.0(2025-02-24); R6 2.6.1(2025-02-15); rappdirs 0.3.3(2021-01-31); Rcpp 1.1.0(2025-07-02); readr 2.1.5(2024-01-10); readxl 1.4.5(2025-03-07); rlang 1.1.6(2025-04-11); rmarkdown 2.30(2025-09-28); RSQLite 2.4.3(2025-08-20); rvest 1.0.5(2025-08-29); sessioninfo 1.2.3(2025-02-05); stringi 1.8.7(2025-03-27); stringr 1.5.2(2025-09-08); tibble 3.3.0(2025-06-08); tidyr 1.3.1(2024-01-24); tidyselect 1.2.1(2024-03-11); timechange 0.3.0(2024-01-18); tzdb 0.5.0(2025-03-15); vctrs 0.6.5(2023-12-01); websocket 1.4.4(2025-04-10); withr 3.0.2(2024-10-28); xfun 0.53(2025-08-19); XML 3.99-0.19(2025-08-22); xml2 1.4.0(2025-08-20); yaml 2.3.10(2024-07-26); zip 2.3.3(2025-05-13)
[2025-10-17 11:51:21] [INFO]    [OmnipathR] CURL: version: 8.13.0; headers: 8.13.0; ssl_version: OpenSSL/3.5.0; libz_version: 1.3.1; libssh_version: libssh2/1.11.1; libidn_version: NA; host: aarch64-conda-linux-gnu; protocols: dict, file, ftp, ftps, gopher, gophers, http, https, imap, imaps, mqtt, pop3, pop3s, rtsp, scp, sftp, smb, smbs, smtp, smtps, telnet, tftp, ws, wss; ipv6: TRUE; http2: TRUE; idn: FALSE; url_parser: TRUE
[2025-10-17 11:51:21] [TRACE]   [OmnipathR] Running on a build server, wiping cache.
[2025-10-17 11:51:21] [TRACE]   [OmnipathR] Cache is at `/home/biocbuild/.cache/OmnipathR`.
[2025-10-17 11:51:21] [TRACE]   [OmnipathR] Contains 1 files.
[2025-10-17 11:51:21] [TRACE]   [OmnipathR] Cache is locked: FALSE.
[2025-10-17 11:51:21] [TRACE]   [OmnipathR] Reading JSON from `/home/biocbuild/.cache/OmnipathR/cache.json` (encoding: UTF-8).
[2025-10-17 11:51:21] [TRACE]   [OmnipathR] JSON validation successful: TRUE
[2025-10-17 11:51:21] [SUCCESS] [OmnipathR] Removing all cache contents from `/home/biocbuild/.cache/OmnipathR`.
[2025-10-17 11:51:21] [TRACE]   [OmnipathR] Pandoc version: `2.12`.
[2025-10-17 11:51:21] [TRACE]   [OmnipathR] Reading JSON from `/home/biocbuild/R/R-4.5.0/site-library/OmnipathR/db/db_def.json` (encoding: UTF-8).
[2025-10-17 11:51:21] [TRACE]   [OmnipathR] JSON validation successful: TRUE
[2025-10-17 11:51:21] [TRACE]   [OmnipathR] Reading JSON from `/home/biocbuild/R/R-4.5.0/site-library/OmnipathR/internal/magic_bytes.json` (encoding: UTF-8).
[2025-10-17 11:51:21] [TRACE]   [OmnipathR] JSON validation successful: TRUE
[2025-10-17 11:51:22] [TRACE]   [OmnipathR] Reading JSON from `/home/biocbuild/R/R-4.5.0/site-library/OmnipathR/internal/urls.json` (encoding: UTF-8).
[2025-10-17 11:51:22] [TRACE]   [OmnipathR] JSON validation successful: TRUE
[2025-10-17 11:51:22] [TRACE]   [OmnipathR] Reading JSON from `/home/biocbuild/R/R-4.5.0/site-library/OmnipathR/internal/id_types.json` (encoding: UTF-8).
[2025-10-17 11:51:22] [TRACE]   [OmnipathR] JSON validation successful: TRUE
[2025-10-17 11:51:22] [TRACE]   [OmnipathR] Cache locked: FALSE
.cosmos_pkn: no visible global function definition for
  ‘metabolite_idsc’
cosmos_ksn: no visible binding for global variable
  ‘substrate_genesymbol’
cosmos_ksn: no visible binding for global variable ‘residue_type’
cosmos_ksn: no visible binding for global variable ‘residue_offset’
cosmos_ksn: no visible binding for global variable ‘enzyme_genesymbol’
cosmos_ksn: no visible binding for global variable ‘mor’
recon3d_genes: no visible binding for global variable ‘notes’
recon3d_genes: no visible binding for global variable ‘annotation’
recon3d_genes: no visible binding for global variable
  ‘original_bigg_ids’
recon3d_metabolites: no visible binding for global variable ‘notes’
recon3d_metabolites: no visible binding for global variable
  ‘original_bigg_ids’
recon3d_metabolites: no visible binding for global variable
  ‘annotation’
recon3d_metabolites: no visible global function definition for
  ‘chalmers_gem_matlab_tibble’
recon3d_metabolites: no visible binding for global variable ‘hmdb’
recon3d_metabolites: no visible binding for global variable ‘metHMDBID’
recon3d_reactions: no visible binding for global variable ‘notes’
recon3d_reactions: no visible binding for global variable ‘metabolites’
recon3d_reactions: no visible binding for global variable
  ‘original_bigg_ids’
taxon_names_table: no visible binding for global variable
  ‘latin_name_uniprot’
taxon_names_table: no visible binding for global variable
  ‘latin_name_ensembl’
taxon_names_table: no visible binding for global variable
  ‘latin_name_oma’
taxon_names_table: no visible binding for global variable
  ‘common_name_ensembl’
taxon_names_table: no visible binding for global variable
  ‘common_name_uniprot’
Undefined global functions or variables:
  annotation chalmers_gem_matlab_tibble common_name_ensembl
  common_name_uniprot enzyme_genesymbol hmdb latin_name_ensembl
  latin_name_oma latin_name_uniprot metHMDBID metabolite_idsc
  metabolites mor notes original_bigg_ids residue_offset residue_type
  substrate_genesymbol
* checking Rd files ... OK
* checking Rd metadata ... OK
* checking Rd cross-references ... OK
* checking for missing documentation entries ... WARNING
Undocumented code objects:
  ‘recon3d_raw’ ‘recon3d_raw_vmh’
All user-level objects in a package should have documentation entries.
See chapter ‘Writing R documentation files’ in the ‘Writing R
Extensions’ manual.
* checking for code/documentation mismatches ... OK
* checking Rd \usage sections ... WARNING
Undocumented arguments in Rd file 'recon3d.Rd'
  ‘extra_hmdb’

Undocumented arguments in Rd file 'translate_ids_multi.Rd'
  ‘ramp’ ‘expand’

Functions with \usage entries need to have the appropriate \alias
entries, and all their arguments documented.
The \usage entries must correspond to syntactically valid R code.
See chapter ‘Writing R documentation files’ in the ‘Writing R
Extensions’ manual.
* checking Rd contents ... OK
* checking for unstated dependencies in examples ... OK
* checking R/sysdata.rda ... OK
* checking files in ‘vignettes’ ... OK
* checking examples ... ERROR
Running examples in ‘OmnipathR-Ex.R’ failed
The error most likely occurred in:

> base::assign(".ptime", proc.time(), pos = "CheckExEnv")
> ### Name: recon3d_metabolites
> ### Title: Metabolites from Recon-3D
> ### Aliases: recon3d_metabolites recon3d_reactions recon3d_genes
> ###   recon3d_compartments
> 
> ### ** Examples
> 
> recon3d_metabolites()
Warning in readLines(con = path, encoding = encoding) :
  incomplete final line found on '/home/biocbuild/.cache/OmnipathR/be81cd1c9a119b749e4206f26272806591e8fb4c-1.gz'
Error in chalmers_gem_matlab_tibble(., "mets", "metHMDBID") : 
  could not find function "chalmers_gem_matlab_tibble"
Calls: recon3d_metabolites ... same_src.data.frame -> is.data.frame -> %>% -> unnest -> unnest
Execution halted
Examples with CPU (user + system) or elapsed time > 5s
                                        user system elapsed
annotation_categories                107.323  0.157 108.992
curated_ligrec_stats                  44.035  3.994 168.589
filter_extra_attrs                    37.818  6.349  55.987
omnipath-interactions                 35.944  3.129  86.679
all_uniprots                          32.967  2.922  50.930
extra_attrs_to_cols                   21.183  1.869  38.605
nichenet_gr_network_omnipath          20.027  1.042  25.315
extra_attr_values                     18.345  1.690  29.243
nichenet_signaling_network_omnipath   14.229  0.523  18.284
go_annot_download                     13.204  0.843  24.209
omnipath_for_cosmos                   12.162  0.706  32.030
giant_component                       12.264  0.519  17.713
extra_attrs                           11.057  1.339  13.817
filter_by_resource                    11.651  0.643  19.153
has_extra_attrs                        9.799  1.264  11.086
pivot_annotations                      9.754  0.497  87.136
curated_ligand_receptor_interactions   7.900  1.262  25.096
print_interactions                     7.693  0.549  14.616
find_all_paths                         6.769  0.238   7.021
filter_intercell                       6.425  0.306  16.550
pubmed_open                            5.078  0.140   5.242
omnipath_query                         4.875  0.213   5.102
hpo_download                           3.094  0.494  21.487
enzsub_graph                           2.843  0.124   7.722
print_path_vs                          2.796  0.153  10.903
ensembl_id_mapping_table               2.643  0.052  21.465
annotated_network                      1.485  0.136   5.553
metalinksdb_sqlite                     1.044  0.152  12.694
complex_resources                      0.085  0.032   6.258
* checking for unstated dependencies in ‘tests’ ... OK
* checking tests ...
  Running ‘testthat.R’
 OK
* checking for unstated dependencies in vignettes ... OK
* checking package vignettes ... OK
* checking running R code from vignettes ... SKIPPED
* checking re-building of vignette outputs ... SKIPPED
* checking PDF version of manual ... OK
* DONE

Status: 1 ERROR, 2 WARNINGs, 2 NOTEs
See
  ‘/home/biocbuild/bbs-3.22-bioc/meat/OmnipathR.Rcheck/00check.log’
for details.


Installation output

OmnipathR.Rcheck/00install.out

##############################################################################
##############################################################################
###
### Running command:
###
###   /home/biocbuild/R/R/bin/R CMD INSTALL OmnipathR
###
##############################################################################
##############################################################################


* installing to library ‘/home/biocbuild/R/R-4.5.0/site-library’
* installing *source* package ‘OmnipathR’ ...
** this is package ‘OmnipathR’ version ‘3.17.6’
** using staged installation
** R
** inst
** byte-compile and prepare package for lazy loading
** help
*** installing help indices
*** copying figures
** building package indices
** installing vignettes
** testing if installed package can be loaded from temporary location
[2025-10-16 21:18:43] [TRACE]   [OmnipathR] Reading JSON from `/home/biocbuild/.cache/OmnipathR/cache.json` (encoding: UTF-8).
[2025-10-16 21:18:43] [TRACE]   [OmnipathR] JSON validation successful: TRUE
[2025-10-16 21:18:43] [INFO]    [OmnipathR] Initialized cache: `/home/biocbuild/.cache/OmnipathR`.
[2025-10-16 21:18:43] [INFO]    [OmnipathR] Package `OmnipathR` packaged: NA
[2025-10-16 21:18:43] [INFO]    [OmnipathR] Package `OmnipathR` date/publication: 2025-10-16
[2025-10-16 21:18:43] [INFO]    [OmnipathR] Package `OmnipathR` built: R 4.5.0; ; 2025-10-16 21:18:23 UTC; unix
[2025-10-16 21:18:43] [INFO]    [OmnipathR] Package `OmnipathR` version: 3.17.6
[2025-10-16 21:18:43] [INFO]    [OmnipathR] Package `OmnipathR` repository: Bioconductor 3.22
[2025-10-16 21:18:43] [INFO]    [OmnipathR] Session info: [version=R version 4.5.0 (2025-04-11); os=openEuler 24.03 (LTS); system=aarch64, linux-gnu; ui=X11; language=(EN); collate=C; ctype=en_US.UTF-8; tz=UTC; date=2025-10-16; pandoc=2.12 @ /home/biocbuild/bin/ (via rmarkdown); quarto=1.7.32 @ /home/biocbuild/bioconductor/quarto-1.7.32/bin/quarto]
[2025-10-16 21:18:43] [INFO]    [OmnipathR] External libraries: [cairo=1.18.0; cairoFT=; pango=1.51.0; png=1.6.47; jpeg=6.2; tiff=LIBTIFF, Version 4.7.0; tcl=8.6.14; curl=8.13.0; zlib=1.3.1; bzlib=1.0.8, 13-Jul-2019; xz=5.8.1; deflate=; PCRE=10.44 2024-06-07; ICU=74.1; TRE=TRE 0.8.0 R_fixes (BSD); iconv=glibc 2.38; readline=8.2; BLAS=/usr/lib64/libopenblas-r0.3.25.so; lapack=/usr/lib64/libopenblas-r0.3.25.so; lapack_version=3.11.0]
[2025-10-16 21:18:44] [INFO]    [OmnipathR] Loaded packages: backports 1.5.0(2024-05-23); bit 4.6.0(2025-03-06); bit64 4.6.0-1(2025-01-16); blob 1.2.4(2023-03-17); cachem 1.1.0(2024-05-16); cellranger 1.1.0(2016-07-27); checkmate 2.3.3(2025-08-18); chromote 0.5.1(2025-04-24); cli 3.6.5(2025-04-23); crayon 1.5.3(2024-06-20); curl 7.0.0(2025-08-19); DBI 1.2.3(2024-06-02); digest 0.6.37(2024-08-19); dplyr 1.1.4(2023-11-17); evaluate 1.0.5(2025-08-27); fastmap 1.2.0(2024-05-15); fs 1.6.6(2025-04-12); generics 0.1.4(2025-05-09); glue 1.8.0(2024-09-30); hms 1.1.3(2023-03-21); htmltools 0.5.8.1(2024-04-04); httr 1.4.7(2023-08-15); httr2 1.2.1(2025-07-22); igraph 2.2.0(2025-10-13); jsonlite 2.0.0(2025-03-27); knitr 1.50(2025-03-16); later 1.4.4(2025-08-27); lifecycle 1.0.4(2023-11-07); logger 0.4.1(2025-09-11); lubridate 1.9.4(2024-12-08); magrittr 2.0.4(2025-09-12); memoise 2.0.1(2021-11-26); OmnipathR 3.17.6(2025-10-16); pillar 1.11.1(2025-09-17); pkgconfig 2.0.3(2019-09-22); prettyunits 1.2.0(2023-09-24); processx 3.8.6(2025-02-21); progress 1.2.3(2023-12-06); promises 1.3.3(2025-05-29); ps 1.9.1(2025-04-12); purrr 1.1.0(2025-07-10); R.methodsS3 1.8.2(2022-06-13); R.oo 1.27.1(2025-05-02); R.utils 2.13.0(2025-02-24); R6 2.6.1(2025-02-15); rappdirs 0.3.3(2021-01-31); Rcpp 1.1.0(2025-07-02); readr 2.1.5(2024-01-10); readxl 1.4.5(2025-03-07); rlang 1.1.6(2025-04-11); rmarkdown 2.30(2025-09-28); RSQLite 2.4.3(2025-08-20); rvest 1.0.5(2025-08-29); sessioninfo 1.2.3(2025-02-05); stringi 1.8.7(2025-03-27); stringr 1.5.2(2025-09-08); tibble 3.3.0(2025-06-08); tidyr 1.3.1(2024-01-24); tidyselect 1.2.1(2024-03-11); timechange 0.3.0(2024-01-18); tzdb 0.5.0(2025-03-15); vctrs 0.6.5(2023-12-01); websocket 1.4.4(2025-04-10); withr 3.0.2(2024-10-28); xfun 0.53(2025-08-19); XML 3.99-0.19(2025-08-22); xml2 1.4.0(2025-08-20); yaml 2.3.10(2024-07-26); zip 2.3.3(2025-05-13)
[2025-10-16 21:18:44] [INFO]    [OmnipathR] CURL: version: 8.13.0; headers: 8.13.0; ssl_version: OpenSSL/3.5.0; libz_version: 1.3.1; libssh_version: libssh2/1.11.1; libidn_version: NA; host: aarch64-conda-linux-gnu; protocols: dict, file, ftp, ftps, gopher, gophers, http, https, imap, imaps, mqtt, pop3, pop3s, rtsp, scp, sftp, smb, smbs, smtp, smtps, telnet, tftp, ws, wss; ipv6: TRUE; http2: TRUE; idn: FALSE; url_parser: TRUE
[2025-10-16 21:18:44] [TRACE]   [OmnipathR] Running on a build server, wiping cache.
[2025-10-16 21:18:44] [TRACE]   [OmnipathR] Cache is at `/home/biocbuild/.cache/OmnipathR`.
[2025-10-16 21:18:44] [TRACE]   [OmnipathR] Contains 7 files.
[2025-10-16 21:18:44] [TRACE]   [OmnipathR] Cache is locked: FALSE.
[2025-10-16 21:18:44] [TRACE]   [OmnipathR] Reading JSON from `/home/biocbuild/.cache/OmnipathR/cache.json` (encoding: UTF-8).
[2025-10-16 21:18:44] [TRACE]   [OmnipathR] JSON validation successful: TRUE
[2025-10-16 21:18:44] [SUCCESS] [OmnipathR] Removing all cache contents from `/home/biocbuild/.cache/OmnipathR`.
[2025-10-16 21:18:44] [TRACE]   [OmnipathR] Pandoc version: `2.12`.
[2025-10-16 21:18:44] [TRACE]   [OmnipathR] Reading JSON from `/home/biocbuild/R/R-4.5.0/site-library/00LOCK-OmnipathR/00new/OmnipathR/db/db_def.json` (encoding: UTF-8).
[2025-10-16 21:18:44] [TRACE]   [OmnipathR] JSON validation successful: TRUE
[2025-10-16 21:18:44] [TRACE]   [OmnipathR] Reading JSON from `/home/biocbuild/R/R-4.5.0/site-library/00LOCK-OmnipathR/00new/OmnipathR/internal/magic_bytes.json` (encoding: UTF-8).
[2025-10-16 21:18:44] [TRACE]   [OmnipathR] JSON validation successful: TRUE
[2025-10-16 21:18:44] [TRACE]   [OmnipathR] Reading JSON from `/home/biocbuild/R/R-4.5.0/site-library/00LOCK-OmnipathR/00new/OmnipathR/internal/urls.json` (encoding: UTF-8).
[2025-10-16 21:18:44] [TRACE]   [OmnipathR] JSON validation successful: TRUE
[2025-10-16 21:18:44] [TRACE]   [OmnipathR] Reading JSON from `/home/biocbuild/R/R-4.5.0/site-library/00LOCK-OmnipathR/00new/OmnipathR/internal/id_types.json` (encoding: UTF-8).
[2025-10-16 21:18:44] [TRACE]   [OmnipathR] JSON validation successful: TRUE
[2025-10-16 21:18:44] [TRACE]   [OmnipathR] Cache locked: FALSE
** testing if installed package can be loaded from final location
[2025-10-16 21:18:47] [TRACE]   [OmnipathR] Reading JSON from `/home/biocbuild/.cache/OmnipathR/cache.json` (encoding: UTF-8).
[2025-10-16 21:18:47] [TRACE]   [OmnipathR] JSON validation successful: TRUE
[2025-10-16 21:18:47] [INFO]    [OmnipathR] Initialized cache: `/home/biocbuild/.cache/OmnipathR`.
[2025-10-16 21:18:47] [INFO]    [OmnipathR] Package `OmnipathR` packaged: NA
[2025-10-16 21:18:47] [INFO]    [OmnipathR] Package `OmnipathR` date/publication: 2025-10-16
[2025-10-16 21:18:47] [INFO]    [OmnipathR] Package `OmnipathR` built: R 4.5.0; ; 2025-10-16 21:18:23 UTC; unix
[2025-10-16 21:18:47] [INFO]    [OmnipathR] Package `OmnipathR` version: 3.17.6
[2025-10-16 21:18:47] [INFO]    [OmnipathR] Package `OmnipathR` repository: Bioconductor 3.22
[2025-10-16 21:18:47] [INFO]    [OmnipathR] Session info: [version=R version 4.5.0 (2025-04-11); os=openEuler 24.03 (LTS); system=aarch64, linux-gnu; ui=X11; language=(EN); collate=C; ctype=en_US.UTF-8; tz=UTC; date=2025-10-16; pandoc=2.12 @ /home/biocbuild/bin/ (via rmarkdown); quarto=1.7.32 @ /home/biocbuild/bioconductor/quarto-1.7.32/bin/quarto]
[2025-10-16 21:18:47] [INFO]    [OmnipathR] External libraries: [cairo=1.18.0; cairoFT=; pango=1.51.0; png=1.6.47; jpeg=6.2; tiff=LIBTIFF, Version 4.7.0; tcl=8.6.14; curl=8.13.0; zlib=1.3.1; bzlib=1.0.8, 13-Jul-2019; xz=5.8.1; deflate=; PCRE=10.44 2024-06-07; ICU=74.1; TRE=TRE 0.8.0 R_fixes (BSD); iconv=glibc 2.38; readline=8.2; BLAS=/usr/lib64/libopenblas-r0.3.25.so; lapack=/usr/lib64/libopenblas-r0.3.25.so; lapack_version=3.11.0]
[2025-10-16 21:18:47] [INFO]    [OmnipathR] Loaded packages: backports 1.5.0(2024-05-23); bit 4.6.0(2025-03-06); bit64 4.6.0-1(2025-01-16); blob 1.2.4(2023-03-17); cachem 1.1.0(2024-05-16); cellranger 1.1.0(2016-07-27); checkmate 2.3.3(2025-08-18); chromote 0.5.1(2025-04-24); cli 3.6.5(2025-04-23); crayon 1.5.3(2024-06-20); curl 7.0.0(2025-08-19); DBI 1.2.3(2024-06-02); digest 0.6.37(2024-08-19); dplyr 1.1.4(2023-11-17); evaluate 1.0.5(2025-08-27); fastmap 1.2.0(2024-05-15); fs 1.6.6(2025-04-12); generics 0.1.4(2025-05-09); glue 1.8.0(2024-09-30); hms 1.1.3(2023-03-21); htmltools 0.5.8.1(2024-04-04); httr 1.4.7(2023-08-15); httr2 1.2.1(2025-07-22); igraph 2.2.0(2025-10-13); jsonlite 2.0.0(2025-03-27); knitr 1.50(2025-03-16); later 1.4.4(2025-08-27); lifecycle 1.0.4(2023-11-07); logger 0.4.1(2025-09-11); lubridate 1.9.4(2024-12-08); magrittr 2.0.4(2025-09-12); memoise 2.0.1(2021-11-26); OmnipathR 3.17.6(2025-10-16); pillar 1.11.1(2025-09-17); pkgconfig 2.0.3(2019-09-22); prettyunits 1.2.0(2023-09-24); processx 3.8.6(2025-02-21); progress 1.2.3(2023-12-06); promises 1.3.3(2025-05-29); ps 1.9.1(2025-04-12); purrr 1.1.0(2025-07-10); R.methodsS3 1.8.2(2022-06-13); R.oo 1.27.1(2025-05-02); R.utils 2.13.0(2025-02-24); R6 2.6.1(2025-02-15); rappdirs 0.3.3(2021-01-31); Rcpp 1.1.0(2025-07-02); readr 2.1.5(2024-01-10); readxl 1.4.5(2025-03-07); rlang 1.1.6(2025-04-11); rmarkdown 2.30(2025-09-28); RSQLite 2.4.3(2025-08-20); rvest 1.0.5(2025-08-29); sessioninfo 1.2.3(2025-02-05); stringi 1.8.7(2025-03-27); stringr 1.5.2(2025-09-08); tibble 3.3.0(2025-06-08); tidyr 1.3.1(2024-01-24); tidyselect 1.2.1(2024-03-11); timechange 0.3.0(2024-01-18); tzdb 0.5.0(2025-03-15); vctrs 0.6.5(2023-12-01); websocket 1.4.4(2025-04-10); withr 3.0.2(2024-10-28); xfun 0.53(2025-08-19); XML 3.99-0.19(2025-08-22); xml2 1.4.0(2025-08-20); yaml 2.3.10(2024-07-26); zip 2.3.3(2025-05-13)
[2025-10-16 21:18:47] [INFO]    [OmnipathR] CURL: version: 8.13.0; headers: 8.13.0; ssl_version: OpenSSL/3.5.0; libz_version: 1.3.1; libssh_version: libssh2/1.11.1; libidn_version: NA; host: aarch64-conda-linux-gnu; protocols: dict, file, ftp, ftps, gopher, gophers, http, https, imap, imaps, mqtt, pop3, pop3s, rtsp, scp, sftp, smb, smbs, smtp, smtps, telnet, tftp, ws, wss; ipv6: TRUE; http2: TRUE; idn: FALSE; url_parser: TRUE
[2025-10-16 21:18:47] [TRACE]   [OmnipathR] Running on a build server, wiping cache.
[2025-10-16 21:18:47] [TRACE]   [OmnipathR] Cache is at `/home/biocbuild/.cache/OmnipathR`.
[2025-10-16 21:18:47] [TRACE]   [OmnipathR] Contains 1 files.
[2025-10-16 21:18:47] [TRACE]   [OmnipathR] Cache is locked: FALSE.
[2025-10-16 21:18:47] [TRACE]   [OmnipathR] Reading JSON from `/home/biocbuild/.cache/OmnipathR/cache.json` (encoding: UTF-8).
[2025-10-16 21:18:47] [TRACE]   [OmnipathR] JSON validation successful: TRUE
[2025-10-16 21:18:47] [SUCCESS] [OmnipathR] Removing all cache contents from `/home/biocbuild/.cache/OmnipathR`.
[2025-10-16 21:18:47] [TRACE]   [OmnipathR] Pandoc version: `2.12`.
[2025-10-16 21:18:47] [TRACE]   [OmnipathR] Reading JSON from `/home/biocbuild/R/R-4.5.0/site-library/OmnipathR/db/db_def.json` (encoding: UTF-8).
[2025-10-16 21:18:47] [TRACE]   [OmnipathR] JSON validation successful: TRUE
[2025-10-16 21:18:47] [TRACE]   [OmnipathR] Reading JSON from `/home/biocbuild/R/R-4.5.0/site-library/OmnipathR/internal/magic_bytes.json` (encoding: UTF-8).
[2025-10-16 21:18:47] [TRACE]   [OmnipathR] JSON validation successful: TRUE
[2025-10-16 21:18:47] [TRACE]   [OmnipathR] Reading JSON from `/home/biocbuild/R/R-4.5.0/site-library/OmnipathR/internal/urls.json` (encoding: UTF-8).
[2025-10-16 21:18:47] [TRACE]   [OmnipathR] JSON validation successful: TRUE
[2025-10-16 21:18:47] [TRACE]   [OmnipathR] Reading JSON from `/home/biocbuild/R/R-4.5.0/site-library/OmnipathR/internal/id_types.json` (encoding: UTF-8).
[2025-10-16 21:18:47] [TRACE]   [OmnipathR] JSON validation successful: TRUE
[2025-10-16 21:18:47] [TRACE]   [OmnipathR] Cache locked: FALSE
** testing if installed package keeps a record of temporary installation path
* DONE (OmnipathR)

Tests output

OmnipathR.Rcheck/tests/testthat.Rout


R version 4.5.0 (2025-04-11) -- "How About a Twenty-Six"
Copyright (C) 2025 The R Foundation for Statistical Computing
Platform: aarch64-unknown-linux-gnu

R is free software and comes with ABSOLUTELY NO WARRANTY.
You are welcome to redistribute it under certain conditions.
Type 'license()' or 'licence()' for distribution details.

R is a collaborative project with many contributors.
Type 'contributors()' for more information and
'citation()' on how to cite R or R packages in publications.

Type 'demo()' for some demos, 'help()' for on-line help, or
'help.start()' for an HTML browser interface to help.
Type 'q()' to quit R.

> #!/usr/bin/env Rscript
> 
> #
> #  This file is part of the `OmnipathR` R package
> #
> #  Copyright
> #  2018-2024
> #  Saez Lab, Uniklinik RWTH Aachen, Heidelberg University
> #
> #  File author(s): Alberto Valdeolivas
> #                  Dénes Türei (turei.denes@gmail.com)
> #                  Attila Gábor
> #
> #  Distributed under the MIT (Expat) License.
> #  See accompanying file `LICENSE` or find a copy at
> #      https://directory.fsf.org/wiki/License:Expat
> #
> #  Website: https://r.omnipathdb.org/
> #  Git repo: https://github.com/saezlab/OmnipathR
> #
> 
> 
> library(testthat)
> library(OmnipathR)
[2025-10-17 12:10:06] [TRACE]   [OmnipathR] Reading JSON from `/home/biocbuild/.cache/OmnipathR/cache.json` (encoding: UTF-8).
[2025-10-17 12:10:06] [TRACE]   [OmnipathR] JSON validation successful: TRUE
[2025-10-17 12:10:06] [INFO]    [OmnipathR] Initialized cache: `/home/biocbuild/.cache/OmnipathR`.
[2025-10-17 12:10:06] [INFO]    [OmnipathR] Package `OmnipathR` packaged: NA
[2025-10-17 12:10:06] [INFO]    [OmnipathR] Package `OmnipathR` date/publication: 2025-10-16
[2025-10-17 12:10:06] [INFO]    [OmnipathR] Package `OmnipathR` built: R 4.5.0; ; 2025-10-16 21:18:23 UTC; unix
[2025-10-17 12:10:06] [INFO]    [OmnipathR] Package `OmnipathR` version: 3.17.6
[2025-10-17 12:10:06] [INFO]    [OmnipathR] Package `OmnipathR` repository: Bioconductor 3.22
[2025-10-17 12:10:07] [INFO]    [OmnipathR] Session info: [version=R version 4.5.0 (2025-04-11); os=openEuler 24.03 (LTS); system=aarch64, linux-gnu; ui=X11; language=C; collate=C; ctype=en_US.UTF-8; tz=UTC; date=2025-10-17; pandoc=2.12 @ /home/biocbuild/bin/ (via rmarkdown); quarto=1.7.32 @ /home/biocbuild/bioconductor/quarto-1.7.32/bin/quarto]
[2025-10-17 12:10:07] [INFO]    [OmnipathR] External libraries: [cairo=1.18.0; cairoFT=; pango=1.51.0; png=1.6.47; jpeg=6.2; tiff=LIBTIFF, Version 4.7.0; tcl=8.6.14; curl=8.13.0; zlib=1.3.1; bzlib=1.0.8, 13-Jul-2019; xz=5.8.1; deflate=; PCRE=10.44 2024-06-07; ICU=74.1; TRE=TRE 0.8.0 R_fixes (BSD); iconv=glibc 2.38; readline=8.2; BLAS=/usr/lib64/libopenblas-r0.3.25.so; lapack=/usr/lib64/libopenblas-r0.3.25.so; lapack_version=3.11.0]
[2025-10-17 12:10:07] [INFO]    [OmnipathR] Loaded packages: backports 1.5.0(2024-05-23); bit 4.6.0(2025-03-06); bit64 4.6.0-1(2025-01-16); blob 1.2.4(2023-03-17); brio 1.1.5(2024-04-24); cachem 1.1.0(2024-05-16); cellranger 1.1.0(2016-07-27); checkmate 2.3.3(2025-08-18); cli 3.6.5(2025-04-23); crayon 1.5.3(2024-06-20); curl 7.0.0(2025-08-19); DBI 1.2.3(2024-06-02); digest 0.6.37(2024-08-19); dplyr 1.1.4(2023-11-17); evaluate 1.0.5(2025-08-27); fastmap 1.2.0(2024-05-15); fs 1.6.6(2025-04-12); generics 0.1.4(2025-05-09); glue 1.8.0(2024-09-30); hms 1.1.3(2023-03-21); htmltools 0.5.8.1(2024-04-04); httr 1.4.7(2023-08-15); httr2 1.2.1(2025-07-22); igraph 2.2.0(2025-10-13); jsonlite 2.0.0(2025-03-27); knitr 1.50(2025-03-16); later 1.4.4(2025-08-27); lifecycle 1.0.4(2023-11-07); logger 0.4.1(2025-09-11); lubridate 1.9.4(2024-12-08); magrittr 2.0.4(2025-09-12); memoise 2.0.1(2021-11-26); OmnipathR 3.17.6(2025-10-16); pillar 1.11.1(2025-09-17); pkgconfig 2.0.3(2019-09-22); prettyunits 1.2.0(2023-09-24); progress 1.2.3(2023-12-06); purrr 1.1.0(2025-07-10); R.methodsS3 1.8.2(2022-06-13); R.oo 1.27.1(2025-05-02); R.utils 2.13.0(2025-02-24); R6 2.6.1(2025-02-15); rappdirs 0.3.3(2021-01-31); Rcpp 1.1.0(2025-07-02); readr 2.1.5(2024-01-10); readxl 1.4.5(2025-03-07); rlang 1.1.6(2025-04-11); rmarkdown 2.30(2025-09-28); RSQLite 2.4.3(2025-08-20); rvest 1.0.5(2025-08-29); sessioninfo 1.2.3(2025-02-05); stringi 1.8.7(2025-03-27); stringr 1.5.2(2025-09-08); testthat 3.2.3(2025-01-13); tibble 3.3.0(2025-06-08); tidyr 1.3.1(2024-01-24); tidyselect 1.2.1(2024-03-11); timechange 0.3.0(2024-01-18); tzdb 0.5.0(2025-03-15); vctrs 0.6.5(2023-12-01); withr 3.0.2(2024-10-28); xfun 0.53(2025-08-19); XML 3.99-0.19(2025-08-22); xml2 1.4.0(2025-08-20); yaml 2.3.10(2024-07-26); zip 2.3.3(2025-05-13)
[2025-10-17 12:10:07] [INFO]    [OmnipathR] CURL: version: 8.13.0; headers: 8.13.0; ssl_version: OpenSSL/3.5.0; libz_version: 1.3.1; libssh_version: libssh2/1.11.1; libidn_version: NA; host: aarch64-conda-linux-gnu; protocols: dict, file, ftp, ftps, gopher, gophers, http, https, imap, imaps, mqtt, pop3, pop3s, rtsp, scp, sftp, smb, smbs, smtp, smtps, telnet, tftp, ws, wss; ipv6: TRUE; http2: TRUE; idn: FALSE; url_parser: TRUE
[2025-10-17 12:10:07] [TRACE]   [OmnipathR] Running on a build server, wiping cache.
[2025-10-17 12:10:07] [TRACE]   [OmnipathR] Cache is at `/home/biocbuild/.cache/OmnipathR`.
[2025-10-17 12:10:07] [TRACE]   [OmnipathR] Contains 12 files.
[2025-10-17 12:10:07] [TRACE]   [OmnipathR] Cache is locked: FALSE.
[2025-10-17 12:10:07] [TRACE]   [OmnipathR] Reading JSON from `/home/biocbuild/.cache/OmnipathR/cache.json` (encoding: UTF-8).
[2025-10-17 12:10:07] [TRACE]   [OmnipathR] JSON validation successful: TRUE
[2025-10-17 12:10:07] [SUCCESS] [OmnipathR] Removing all cache contents from `/home/biocbuild/.cache/OmnipathR`.
[2025-10-17 12:10:07] [TRACE]   [OmnipathR] Pandoc version: `2.12`.
[2025-10-17 12:10:07] [TRACE]   [OmnipathR] Reading JSON from `/home/biocbuild/R/R-4.5.0/site-library/OmnipathR/db/db_def.json` (encoding: UTF-8).
[2025-10-17 12:10:07] [TRACE]   [OmnipathR] JSON validation successful: TRUE
[2025-10-17 12:10:07] [TRACE]   [OmnipathR] Reading JSON from `/home/biocbuild/R/R-4.5.0/site-library/OmnipathR/internal/magic_bytes.json` (encoding: UTF-8).
[2025-10-17 12:10:07] [TRACE]   [OmnipathR] JSON validation successful: TRUE
[2025-10-17 12:10:07] [TRACE]   [OmnipathR] Reading JSON from `/home/biocbuild/R/R-4.5.0/site-library/OmnipathR/internal/urls.json` (encoding: UTF-8).
[2025-10-17 12:10:07] [TRACE]   [OmnipathR] JSON validation successful: TRUE
[2025-10-17 12:10:07] [TRACE]   [OmnipathR] Reading JSON from `/home/biocbuild/R/R-4.5.0/site-library/OmnipathR/internal/id_types.json` (encoding: UTF-8).
[2025-10-17 12:10:07] [TRACE]   [OmnipathR] JSON validation successful: TRUE
[2025-10-17 12:10:07] [TRACE]   [OmnipathR] Cache locked: FALSE
> 
> test_check('OmnipathR')
[ FAIL 0 | WARN 12 | SKIP 0 | PASS 38 ]

[ FAIL 0 | WARN 12 | SKIP 0 | PASS 38 ]
> 
> proc.time()
   user  system elapsed 
 58.976   3.678 217.003 

Example timings

OmnipathR.Rcheck/OmnipathR-Ex.timings

nameusersystemelapsed
OmnipathR000
all_uniprot_acs0.0240.0000.024
all_uniprots32.967 2.92250.930
ancestors0.0080.0040.012
annotated_network1.4850.1365.553
annotation_categories107.323 0.157108.992
annotation_resources0.0790.0230.918
annotations0.7410.1042.467
biomart_query1.3210.0713.428
bioplex10.0120.0000.012
bioplex20.0120.0000.012
bioplex30.0120.0000.012
bioplex_all0.0120.0000.012
bioplex_hct116_10.0120.0000.012
bma_motif_es0.8060.0472.509
bma_motif_vs0.2670.0041.265
chalmers_gem0.0130.0000.014
chalmers_gem_id_mapping_table0.0130.0000.013
chalmers_gem_id_type0.0030.0000.003
chalmers_gem_metabolites0.0100.0040.014
chalmers_gem_network0.0130.0000.013
chalmers_gem_raw0.0080.0040.012
chalmers_gem_reactions0.0460.0000.046
common_name0.1500.0040.154
complex_genes0.7540.0683.141
complex_resources0.0850.0326.258
complexes0.2130.0391.090
consensuspathdb_download000
consensuspathdb_raw_table0.0410.0440.086
cosmos_pkn000
curated_ligand_receptor_interactions 7.900 1.26225.096
curated_ligrec_stats 44.035 3.994168.589
database_summary1.9160.0913.328
descendants0.0120.0000.011
ensembl_dataset0.0550.0000.055
ensembl_id_mapping_table 2.643 0.05221.465
ensembl_id_type0.0030.0000.003
ensembl_name0.3770.0120.391
ensembl_organisms0.1660.0080.175
ensembl_organisms_raw0.1970.0200.974
ensembl_orthology0.0010.0000.001
enzsub_graph2.8430.1247.722
enzsub_resources0.0860.0091.180
enzyme_substrate1.4370.0402.890
evex_download0.0110.0040.014
evidences0.0010.0000.000
extra_attr_values18.345 1.69029.243
extra_attrs11.057 1.33913.817
extra_attrs_to_cols21.183 1.86938.605
filter_by_resource11.651 0.64319.153
filter_extra_attrs37.818 6.34955.987
filter_intercell 6.425 0.30616.550
filter_intercell_network0.0280.0000.028
find_all_paths6.7690.2387.021
from_evidences000
get_db000
get_ontology_db0.0150.0000.014
giant_component12.264 0.51917.713
go_annot_download13.204 0.84324.209
go_annot_slim000
go_ontology_download0.0140.0000.014
guide2pharma_download0.0140.0000.014
harmonizome_download0.0140.0000.014
has_extra_attrs 9.799 1.26411.086
hmdb_id_mapping_table0.0130.0000.013
hmdb_id_type0.0020.0000.003
hmdb_metabolite_fields0.0000.0000.001
hmdb_protein_fields000
hmdb_table0.0100.0030.013
homologene_download0.0130.0000.014
homologene_raw0.0650.0040.069
homologene_uniprot_orthology0.0130.0000.012
hpo_download 3.094 0.49421.487
htridb_download0.0150.0000.015
id_translation_resources000
id_types0.0570.0080.065
inbiomap_download000
inbiomap_raw000
interaction_datasets0.8060.0561.377
interaction_graph0.4880.0441.528
interaction_resources0.0910.0031.087
interaction_types0.0980.0000.098
intercell0.8650.0792.002
intercell_categories0.7270.0361.289
intercell_consensus_filter1.5230.0683.551
intercell_generic_categories0.0940.0080.102
intercell_network0.0100.0040.014
intercell_resources0.0750.0121.081
intercell_summary0.0930.0120.107
is_ontology_id0.0000.0000.001
is_swissprot0.0730.0000.074
is_trembl0.0690.0030.074
is_uniprot0.0140.0010.014
kegg_api_templates0.0020.0000.001
kegg_conv1.5250.1154.289
kegg_databases000
kegg_ddi0.7500.1011.722
kegg_find0.6680.0351.799
kegg_info0.0120.0000.013
kegg_link0.8190.0802.459
kegg_list0.7450.0281.144
kegg_open0.0130.0000.013
kegg_operations0.0010.0000.000
kegg_organism_codes0.0130.0120.025
kegg_organisms0.0260.0040.030
kegg_pathway_annotations000
kegg_pathway_download0.0140.0000.014
kegg_pathway_list0.0140.0000.014
kegg_pathways_download0.0000.0000.001
kegg_picture1.0430.0591.938
kegg_process0.0250.0000.025
kegg_query0.010.000.01
kegg_request0.0750.0080.082
kegg_rm_prefix0.8160.0392.167
kinasephos1.0010.1143.752
latin_name0.3050.0000.307
load_db0.1030.0110.116
metalinksdb_sqlite 1.044 0.15212.694
metalinksdb_table0.2540.0560.311
metalinksdb_tables0.0200.0090.028
ncbi_taxid0.3070.0080.316
nichenet_build_model000
nichenet_expression_data0.0130.0000.013
nichenet_gr_network0.0210.0160.037
nichenet_gr_network_evex0.0090.0030.013
nichenet_gr_network_harmonizome0.0140.0000.014
nichenet_gr_network_htridb0.0100.0040.014
nichenet_gr_network_omnipath20.027 1.04225.315
nichenet_gr_network_pathwaycommons0.0130.0000.013
nichenet_gr_network_regnetwork0.0130.0000.013
nichenet_gr_network_remap0.0120.0000.012
nichenet_gr_network_trrust0.0120.0000.012
nichenet_ligand_activities000
nichenet_ligand_target_links000
nichenet_ligand_target_matrix000
nichenet_lr_network0.0320.0040.036
nichenet_lr_network_guide2pharma0.0120.0000.012
nichenet_lr_network_omnipath0.0350.0000.035
nichenet_lr_network_ramilowski0.0110.0000.011
nichenet_main000
nichenet_networks0.0570.0000.057
nichenet_optimization000
nichenet_remove_orphan_ligands0.0310.0040.035
nichenet_results_dir000
nichenet_signaling_network0.0330.0040.037
nichenet_signaling_network_cpdb0.0120.0000.012
nichenet_signaling_network_evex0.0110.0000.011
nichenet_signaling_network_harmonizome0.0110.0000.011
nichenet_signaling_network_inbiomap000
nichenet_signaling_network_omnipath14.229 0.52318.284
nichenet_signaling_network_pathwaycommons0.0140.0010.014
nichenet_signaling_network_vinayagam0.0100.0040.013
nichenet_test000
nichenet_workarounds0.0000.0000.001
obo_parser0.1350.0040.913
oma_code0.1580.0000.158
oma_organisms0.0770.0080.087
oma_pairwise0.0140.0000.013
oma_pairwise_genesymbols0.0130.0000.012
oma_pairwise_translated0.0130.0000.013
omnipath-interactions35.944 3.12986.679
omnipath_cache_autoclean000
omnipath_cache_clean0.0030.0120.015
omnipath_cache_clean_db0.1330.0280.161
omnipath_cache_download_ready0.7490.0990.900
omnipath_cache_filter_versions0.1290.0040.142
omnipath_cache_get0.0960.0210.119
omnipath_cache_key0.0010.0000.001
omnipath_cache_latest_or_new0.0820.0040.088
omnipath_cache_load0.5130.0404.322
omnipath_cache_move_in0.2310.0240.266
omnipath_cache_remove0.1110.0280.146
omnipath_cache_save0.1870.0642.022
omnipath_cache_search0.0010.0000.001
omnipath_cache_set_ext0.090.020.26
omnipath_cache_update_status0.0970.0320.131
omnipath_cache_wipe000
omnipath_config_path0.0010.0000.001
omnipath_for_cosmos12.162 0.70632.030
omnipath_load_config000
omnipath_log000
omnipath_logfile0.0020.0000.001
omnipath_msg0.0070.0000.007
omnipath_query4.8750.2135.102
omnipath_reset_config000
omnipath_save_config000
omnipath_set_cachedir0.0330.0040.038
omnipath_set_console_loglevel0.0050.0000.005
omnipath_set_logfile_loglevel0.0050.0000.005
omnipath_set_loglevel0.0030.0000.002
omnipath_show_db0.1430.0040.147
omnipath_unlock_cache_db0.0000.0000.001
only_from000
ontology_ensure_id0.0010.0000.000
ontology_ensure_name0.0010.0000.000
ontology_name_id0.0020.0000.001
organism_for0.1960.0120.208
pathwaycommons_download0.0010.0000.001
pivot_annotations 9.754 0.49787.136
preppi_download0.0010.0000.001
preppi_filter0.0010.0000.002
print_bma_motif_es0.5970.0512.307
print_bma_motif_vs0.1810.0231.198
print_interactions 7.693 0.54914.616
print_path_es0.8510.0683.165
print_path_vs 2.796 0.15310.903
pubmed_open5.0780.1405.242
query_info0.4390.0080.938
ramilowski_download0.0010.0000.001
ramp_id_mapping_table0.0010.0000.001
ramp_id_type0.0030.0000.003
ramp_sqlite0.0010.0000.001
ramp_table000
ramp_tables0.0010.0000.001