Back to Multiple platform build/check report for BioC 3.22:   simplified   long
ABCDEFGHIJKLMN[O]PQRSTUVWXYZ

This page was generated on 2025-10-18 12:04 -0400 (Sat, 18 Oct 2025).

HostnameOSArch (*)R versionInstalled pkgs
nebbiolo2Linux (Ubuntu 24.04.3 LTS)x86_644.5.1 Patched (2025-08-23 r88802) -- "Great Square Root" 4887
lconwaymacOS 12.7.6 Montereyx86_644.5.1 Patched (2025-09-10 r88807) -- "Great Square Root" 4677
kjohnson3macOS 13.7.7 Venturaarm644.5.1 Patched (2025-09-10 r88807) -- "Great Square Root" 4622
taishanLinux (openEuler 24.03 LTS)aarch644.5.0 (2025-04-11) -- "How About a Twenty-Six" 4632
Click on any hostname to see more info about the system (e.g. compilers)      (*) as reported by 'uname -p', except on Windows and Mac OS X

Package 1497/2353HostnameOS / ArchINSTALLBUILDCHECKBUILD BIN
OmnipathR 3.17.6  (landing page)
Denes Turei
Snapshot Date: 2025-10-17 13:45 -0400 (Fri, 17 Oct 2025)
git_url: https://git.bioconductor.org/packages/OmnipathR
git_branch: devel
git_last_commit: 69ba6ef
git_last_commit_date: 2025-09-24 06:19:47 -0400 (Wed, 24 Sep 2025)
nebbiolo2Linux (Ubuntu 24.04.3 LTS) / x86_64  OK    OK    ERROR  
lconwaymacOS 12.7.6 Monterey / x86_64  OK    ERROR  skippedskipped
kjohnson3macOS 13.7.7 Ventura / arm64  OK    OK    ERROR    OK  
taishanLinux (openEuler 24.03 LTS) / aarch64  OK    OK    ERROR  


CHECK results for OmnipathR on nebbiolo2

To the developers/maintainers of the OmnipathR package:
- Allow up to 24 hours (and sometimes 48 hours) for your latest push to git@git.bioconductor.org:packages/OmnipathR.git to reflect on this report. See Troubleshooting Build Report for more information.
- Use the following Renviron settings to reproduce errors and warnings.
- If 'R CMD check' started to fail recently on the Linux builder(s) over a missing dependency, add the missing dependency to 'Suggests:' in your DESCRIPTION file. See Renviron.bioc for more information.

raw results


Summary

Package: OmnipathR
Version: 3.17.6
Command: /home/biocbuild/bbs-3.22-bioc/R/bin/R CMD check --install=check:OmnipathR.install-out.txt --library=/home/biocbuild/bbs-3.22-bioc/R/site-library --timings OmnipathR_3.17.6.tar.gz
StartedAt: 2025-10-18 02:46:50 -0400 (Sat, 18 Oct 2025)
EndedAt: 2025-10-18 03:21:13 -0400 (Sat, 18 Oct 2025)
EllapsedTime: 2063.0 seconds
RetCode: 1
Status:   ERROR  
CheckDir: OmnipathR.Rcheck
Warnings: NA

Command output

##############################################################################
##############################################################################
###
### Running command:
###
###   /home/biocbuild/bbs-3.22-bioc/R/bin/R CMD check --install=check:OmnipathR.install-out.txt --library=/home/biocbuild/bbs-3.22-bioc/R/site-library --timings OmnipathR_3.17.6.tar.gz
###
##############################################################################
##############################################################################


* using log directory ‘/home/biocbuild/bbs-3.22-bioc/meat/OmnipathR.Rcheck’
* using R version 4.5.1 Patched (2025-08-23 r88802)
* using platform: x86_64-pc-linux-gnu
* R was compiled by
    gcc (Ubuntu 13.3.0-6ubuntu2~24.04) 13.3.0
    GNU Fortran (Ubuntu 13.3.0-6ubuntu2~24.04) 13.3.0
* running under: Ubuntu 24.04.3 LTS
* using session charset: UTF-8
* checking for file ‘OmnipathR/DESCRIPTION’ ... OK
* checking extension type ... Package
* this is package ‘OmnipathR’ version ‘3.17.6’
* package encoding: UTF-8
* checking package namespace information ... OK
* checking package dependencies ... INFO
Imports includes 35 non-default packages.
Importing from so many packages makes the package vulnerable to any of
them becoming unavailable.  Move as many as possible to Suggests and
use conditionally.
* checking if this is a source package ... OK
* checking if there is a namespace ... OK
* checking for hidden files and directories ... OK
* checking for portable file names ... OK
* checking for sufficient/correct file permissions ... OK
* checking whether package ‘OmnipathR’ can be installed ... OK
* checking installed package size ... OK
* checking package directory ... OK
* checking DESCRIPTION meta-information ... OK
* checking top-level files ... OK
* checking for left-over files ... OK
* checking index information ... OK
* checking package subdirectories ... OK
* checking code files for non-ASCII characters ... OK
* checking R files for syntax errors ... OK
* checking whether the package can be loaded ... OK
* checking whether the package can be loaded with stated dependencies ... OK
* checking whether the package can be unloaded cleanly ... OK
* checking whether the namespace can be loaded with stated dependencies ... OK
* checking whether the namespace can be unloaded cleanly ... OK
* checking loading without being on the library search path ... OK
* checking whether startup messages can be suppressed ... NOTE
[2025-10-18 02:47:19] [TRACE]   [OmnipathR] Reading JSON from `/home/biocbuild/.cache/OmnipathR/cache.json` (encoding: UTF-8).
[2025-10-18 02:47:19] [TRACE]   [OmnipathR] JSON validation successful: TRUE
[2025-10-18 02:47:19] [INFO]    [OmnipathR] Initialized cache: `/home/biocbuild/.cache/OmnipathR`.
[2025-10-18 02:47:19] [INFO]    [OmnipathR] Package `OmnipathR` packaged: NA
[2025-10-18 02:47:19] [INFO]    [OmnipathR] Package `OmnipathR` date/publication: 2025-10-17
[2025-10-18 02:47:19] [INFO]    [OmnipathR] Package `OmnipathR` built: R 4.5.1; ; 2025-10-17 19:08:11 UTC; unix
[2025-10-18 02:47:19] [INFO]    [OmnipathR] Package `OmnipathR` version: 3.17.6
[2025-10-18 02:47:19] [INFO]    [OmnipathR] Package `OmnipathR` repository: Bioconductor 3.22
[2025-10-18 02:47:19] [INFO]    [OmnipathR] Session info: [version=R version 4.5.1 Patched (2025-08-23 r88802); os=Ubuntu 24.04.3 LTS; system=x86_64, linux-gnu; ui=X11; language=(EN); collate=C; ctype=en_US.UTF-8; tz=America/New_York; date=2025-10-18; pandoc=2.7.3 @ /usr/bin/ (via rmarkdown); quarto=1.7.32 @ /usr/local/bin/quarto]
[2025-10-18 02:47:19] [INFO]    [OmnipathR] External libraries: [cairo=1.18.0; cairoFT=; pango=1.52.1; png=1.6.43; jpeg=8.0; tiff=LIBTIFF, Version 4.5.1; tcl=8.6.14; curl=8.5.0; zlib=1.3; bzlib=1.0.8, 13-Jul-2019; xz=5.4.5; deflate=1.19; PCRE=10.42 2022-12-11; ICU=74.2; TRE=TRE 0.8.0 R_fixes (BSD); iconv=glibc 2.39; readline=8.2; BLAS=/home/biocbuild/bbs-3.22-bioc/R/lib/libRblas.so; lapack=/usr/lib/x86_64-linux-gnu/lapack/liblapack.so.3.12.0; lapack_version=3.12.0]
[2025-10-18 02:47:20] [INFO]    [OmnipathR] Loaded packages: backports 1.5.0(2024-05-23); bit 4.6.0(2025-03-06); bit64 4.6.0-1(2025-01-16); blob 1.2.4(2023-03-17); cachem 1.1.0(2024-05-16); cellranger 1.1.0(2016-07-27); checkmate 2.3.3(2025-08-18); chromote 0.5.1(2025-04-24); cli 3.6.5(2025-04-23); crayon 1.5.3(2024-06-20); curl 7.0.0(2025-08-19); DBI 1.2.3(2024-06-02); digest 0.6.37(2024-08-19); dplyr 1.1.4(2023-11-17); evaluate 1.0.5(2025-08-27); fastmap 1.2.0(2024-05-15); fs 1.6.6(2025-04-12); generics 0.1.4(2025-05-09); glue 1.8.0(2024-09-30); hms 1.1.4(2025-10-17); htmltools 0.5.8.1(2024-04-04); httr 1.4.7(2023-08-15); httr2 1.2.1(2025-07-22); igraph 2.2.0(2025-10-13); jsonlite 2.0.0(2025-03-27); knitr 1.50(2025-03-16); later 1.4.4(2025-08-27); lifecycle 1.0.4(2023-11-07); logger 0.4.1(2025-09-11); lubridate 1.9.4(2024-12-08); magrittr 2.0.4(2025-09-12); memoise 2.0.1(2021-11-26); OmnipathR 3.17.6(2025-10-17); pillar 1.11.1(2025-09-17); pkgconfig 2.0.3(2019-09-22); prettyunits 1.2.0(2023-09-24); processx 3.8.6(2025-02-21); progress 1.2.3(2023-12-06); promises 1.3.3(2025-05-29); ps 1.9.1(2025-04-12); purrr 1.1.0(2025-07-10); R.methodsS3 1.8.2(2022-06-13); R.oo 1.27.1(2025-05-02); R.utils 2.13.0(2025-02-24); R6 2.6.1(2025-02-15); rappdirs 0.3.3(2021-01-31); Rcpp 1.1.0(2025-07-02); readr 2.1.5(2024-01-10); readxl 1.4.5(2025-03-07); rlang 1.1.6(2025-04-11); rmarkdown 2.30(2025-09-28); RSQLite 2.4.3(2025-08-20); rvest 1.0.5(2025-08-29); sessioninfo 1.2.3(2025-02-05); stringi 1.8.7(2025-03-27); stringr 1.5.2(2025-09-08); tibble 3.3.0(2025-06-08); tidyr 1.3.1(2024-01-24); tidyselect 1.2.1(2024-03-11); timechange 0.3.0(2024-01-18); tzdb 0.5.0(2025-03-15); vctrs 0.6.5(2023-12-01); websocket 1.4.4(2025-04-10); withr 3.0.2(2024-10-28); xfun 0.53(2025-08-19); XML 3.99-0.19(2025-08-22); xml2 1.4.0(2025-08-20); yaml 2.3.10(2024-07-26); zip 2.3.3(2025-05-13)
[2025-10-18 02:47:20] [INFO]    [OmnipathR] CURL: version: 8.5.0; headers: 8.5.0; ssl_version: GnuTLS/3.8.3; libz_version: 1.3; libssh_version: libssh/0.10.6/openssl/zlib; libidn_version: 2.3.7; host: x86_64-pc-linux-gnu; protocols: dict, file, ftp, ftps, gopher, gophers, http, https, imap, imaps, ldap, ldaps, mqtt, pop3, pop3s, rtmp, rtmpe, rtmps, rtmpt, rtmpte, rtmpts, rtsp, scp, sftp, smb, smbs, smtp, smtps, telnet, tftp; ipv6: TRUE; http2: TRUE; idn: TRUE; url_parser: TRUE
[2025-10-18 02:47:20] [TRACE]   [OmnipathR] Running on a build server, wiping cache.
[2025-10-18 02:47:20] [TRACE]   [OmnipathR] Cache is at `/home/biocbuild/.cache/OmnipathR`.
[2025-10-18 02:47:20] [TRACE]   [OmnipathR] Contains 1 files.
[2025-10-18 02:47:20] [TRACE]   [OmnipathR] Cache is locked: FALSE.
[2025-10-18 02:47:20] [TRACE]   [OmnipathR] Reading JSON from `/home/biocbuild/.cache/OmnipathR/cache.json` (encoding: UTF-8).
[2025-10-18 02:47:20] [TRACE]   [OmnipathR] JSON validation successful: TRUE
[2025-10-18 02:47:20] [SUCCESS] [OmnipathR] Removing all cache contents from `/home/biocbuild/.cache/OmnipathR`.
[2025-10-18 02:47:20] [TRACE]   [OmnipathR] Pandoc version: `2.7.3`.
[2025-10-18 02:47:20] [TRACE]   [OmnipathR] Reading JSON from `/home/biocbuild/bbs-3.22-bioc/R/site-library/OmnipathR/db/db_def.json` (encoding: UTF-8).
[2025-10-18 02:47:20] [TRACE]   [OmnipathR] JSON validation successful: TRUE
[2025-10-18 02:47:20] [TRACE]   [OmnipathR] Reading JSON from `/home/biocbuild/bbs-3.22-bioc/R/site-library/OmnipathR/internal/magic_bytes.json` (encoding: UTF-8).
[2025-10-18 02:47:20] [TRACE]   [OmnipathR] JSON validation successful: TRUE
[2025-10-18 02:47:20] [TRACE]   [OmnipathR] Reading JSON from `/home/biocbuild/bbs-3.22-bioc/R/site-library/OmnipathR/internal/urls.json` (encoding: UTF-8).
[2025-10-18 02:47:20] [TRACE]   [OmnipathR] JSON validation successful: TRUE
[2025-10-18 02:47:20] [TRACE]   [OmnipathR] Reading JSON from `/home/biocbuild/bbs-3.22-bioc/R/site-library/OmnipathR/internal/id_types.json` (encoding: UTF-8).
[2025-10-18 02:47:20] [TRACE]   [OmnipathR] JSON validation successful: TRUE
[2025-10-18 02:47:20] [TRACE]   [OmnipathR] Cache locked: FALSE

It looks like this package (or a package it requires) has a startup
message which cannot be suppressed: see ?packageStartupMessage.
* checking dependencies in R code ... OK
* checking S3 generic/method consistency ... OK
* checking replacement functions ... OK
* checking foreign function calls ... OK
* checking R code for possible problems ... NOTE
[2025-10-18 02:47:36] [TRACE]   [OmnipathR] Reading JSON from `/home/biocbuild/.cache/OmnipathR/cache.json` (encoding: UTF-8).
[2025-10-18 02:47:36] [TRACE]   [OmnipathR] JSON validation successful: TRUE
[2025-10-18 02:47:36] [INFO]    [OmnipathR] Initialized cache: `/home/biocbuild/.cache/OmnipathR`.
[2025-10-18 02:47:36] [INFO]    [OmnipathR] Package `OmnipathR` packaged: NA
[2025-10-18 02:47:36] [INFO]    [OmnipathR] Package `OmnipathR` date/publication: 2025-10-17
[2025-10-18 02:47:36] [INFO]    [OmnipathR] Package `OmnipathR` built: R 4.5.1; ; 2025-10-17 19:08:11 UTC; unix
[2025-10-18 02:47:36] [INFO]    [OmnipathR] Package `OmnipathR` version: 3.17.6
[2025-10-18 02:47:36] [INFO]    [OmnipathR] Package `OmnipathR` repository: Bioconductor 3.22
[2025-10-18 02:47:36] [INFO]    [OmnipathR] Session info: [version=R version 4.5.1 Patched (2025-08-23 r88802); os=Ubuntu 24.04.3 LTS; system=x86_64, linux-gnu; ui=X11; language=(EN); collate=C; ctype=en_US.UTF-8; tz=America/New_York; date=2025-10-18; pandoc=2.7.3 @ /usr/bin/ (via rmarkdown); quarto=1.7.32 @ /usr/local/bin/quarto]
[2025-10-18 02:47:36] [INFO]    [OmnipathR] External libraries: [cairo=1.18.0; cairoFT=; pango=1.52.1; png=1.6.43; jpeg=8.0; tiff=LIBTIFF, Version 4.5.1; tcl=8.6.14; curl=8.5.0; zlib=1.3; bzlib=1.0.8, 13-Jul-2019; xz=5.4.5; deflate=1.19; PCRE=10.42 2022-12-11; ICU=74.2; TRE=TRE 0.8.0 R_fixes (BSD); iconv=glibc 2.39; readline=8.2; BLAS=/home/biocbuild/bbs-3.22-bioc/R/lib/libRblas.so; lapack=/usr/lib/x86_64-linux-gnu/lapack/liblapack.so.3.12.0; lapack_version=3.12.0]
[2025-10-18 02:47:36] [INFO]    [OmnipathR] Loaded packages: backports 1.5.0(2024-05-23); bit 4.6.0(2025-03-06); bit64 4.6.0-1(2025-01-16); blob 1.2.4(2023-03-17); cachem 1.1.0(2024-05-16); cellranger 1.1.0(2016-07-27); checkmate 2.3.3(2025-08-18); chromote 0.5.1(2025-04-24); cli 3.6.5(2025-04-23); crayon 1.5.3(2024-06-20); curl 7.0.0(2025-08-19); DBI 1.2.3(2024-06-02); digest 0.6.37(2024-08-19); dplyr 1.1.4(2023-11-17); evaluate 1.0.5(2025-08-27); fastmap 1.2.0(2024-05-15); fs 1.6.6(2025-04-12); generics 0.1.4(2025-05-09); glue 1.8.0(2024-09-30); hms 1.1.4(2025-10-17); htmltools 0.5.8.1(2024-04-04); httr 1.4.7(2023-08-15); httr2 1.2.1(2025-07-22); igraph 2.2.0(2025-10-13); jsonlite 2.0.0(2025-03-27); knitr 1.50(2025-03-16); later 1.4.4(2025-08-27); lifecycle 1.0.4(2023-11-07); logger 0.4.1(2025-09-11); lubridate 1.9.4(2024-12-08); magrittr 2.0.4(2025-09-12); memoise 2.0.1(2021-11-26); OmnipathR 3.17.6(2025-10-17); pillar 1.11.1(2025-09-17); pkgconfig 2.0.3(2019-09-22); prettyunits 1.2.0(2023-09-24); processx 3.8.6(2025-02-21); progress 1.2.3(2023-12-06); promises 1.3.3(2025-05-29); ps 1.9.1(2025-04-12); purrr 1.1.0(2025-07-10); R.methodsS3 1.8.2(2022-06-13); R.oo 1.27.1(2025-05-02); R.utils 2.13.0(2025-02-24); R6 2.6.1(2025-02-15); rappdirs 0.3.3(2021-01-31); Rcpp 1.1.0(2025-07-02); readr 2.1.5(2024-01-10); readxl 1.4.5(2025-03-07); rlang 1.1.6(2025-04-11); rmarkdown 2.30(2025-09-28); RSQLite 2.4.3(2025-08-20); rvest 1.0.5(2025-08-29); sessioninfo 1.2.3(2025-02-05); stringi 1.8.7(2025-03-27); stringr 1.5.2(2025-09-08); tibble 3.3.0(2025-06-08); tidyr 1.3.1(2024-01-24); tidyselect 1.2.1(2024-03-11); timechange 0.3.0(2024-01-18); tzdb 0.5.0(2025-03-15); vctrs 0.6.5(2023-12-01); websocket 1.4.4(2025-04-10); withr 3.0.2(2024-10-28); xfun 0.53(2025-08-19); XML 3.99-0.19(2025-08-22); xml2 1.4.0(2025-08-20); yaml 2.3.10(2024-07-26); zip 2.3.3(2025-05-13)
[2025-10-18 02:47:36] [INFO]    [OmnipathR] CURL: version: 8.5.0; headers: 8.5.0; ssl_version: GnuTLS/3.8.3; libz_version: 1.3; libssh_version: libssh/0.10.6/openssl/zlib; libidn_version: 2.3.7; host: x86_64-pc-linux-gnu; protocols: dict, file, ftp, ftps, gopher, gophers, http, https, imap, imaps, ldap, ldaps, mqtt, pop3, pop3s, rtmp, rtmpe, rtmps, rtmpt, rtmpte, rtmpts, rtsp, scp, sftp, smb, smbs, smtp, smtps, telnet, tftp; ipv6: TRUE; http2: TRUE; idn: TRUE; url_parser: TRUE
[2025-10-18 02:47:36] [TRACE]   [OmnipathR] Running on a build server, wiping cache.
[2025-10-18 02:47:36] [TRACE]   [OmnipathR] Cache is at `/home/biocbuild/.cache/OmnipathR`.
[2025-10-18 02:47:36] [TRACE]   [OmnipathR] Contains 1 files.
[2025-10-18 02:47:36] [TRACE]   [OmnipathR] Cache is locked: FALSE.
[2025-10-18 02:47:36] [TRACE]   [OmnipathR] Reading JSON from `/home/biocbuild/.cache/OmnipathR/cache.json` (encoding: UTF-8).
[2025-10-18 02:47:36] [TRACE]   [OmnipathR] JSON validation successful: TRUE
[2025-10-18 02:47:36] [SUCCESS] [OmnipathR] Removing all cache contents from `/home/biocbuild/.cache/OmnipathR`.
[2025-10-18 02:47:36] [TRACE]   [OmnipathR] Pandoc version: `2.7.3`.
[2025-10-18 02:47:36] [TRACE]   [OmnipathR] Reading JSON from `/home/biocbuild/bbs-3.22-bioc/R/site-library/OmnipathR/db/db_def.json` (encoding: UTF-8).
[2025-10-18 02:47:36] [TRACE]   [OmnipathR] JSON validation successful: TRUE
[2025-10-18 02:47:36] [TRACE]   [OmnipathR] Reading JSON from `/home/biocbuild/bbs-3.22-bioc/R/site-library/OmnipathR/internal/magic_bytes.json` (encoding: UTF-8).
[2025-10-18 02:47:36] [TRACE]   [OmnipathR] JSON validation successful: TRUE
[2025-10-18 02:47:36] [TRACE]   [OmnipathR] Reading JSON from `/home/biocbuild/bbs-3.22-bioc/R/site-library/OmnipathR/internal/urls.json` (encoding: UTF-8).
[2025-10-18 02:47:36] [TRACE]   [OmnipathR] JSON validation successful: TRUE
[2025-10-18 02:47:36] [TRACE]   [OmnipathR] Reading JSON from `/home/biocbuild/bbs-3.22-bioc/R/site-library/OmnipathR/internal/id_types.json` (encoding: UTF-8).
[2025-10-18 02:47:36] [TRACE]   [OmnipathR] JSON validation successful: TRUE
[2025-10-18 02:47:36] [TRACE]   [OmnipathR] Cache locked: FALSE
.cosmos_pkn: no visible global function definition for
  ‘metabolite_idsc’
cosmos_ksn: no visible binding for global variable
  ‘substrate_genesymbol’
cosmos_ksn: no visible binding for global variable ‘residue_type’
cosmos_ksn: no visible binding for global variable ‘residue_offset’
cosmos_ksn: no visible binding for global variable ‘enzyme_genesymbol’
cosmos_ksn: no visible binding for global variable ‘mor’
recon3d_genes: no visible binding for global variable ‘notes’
recon3d_genes: no visible binding for global variable ‘annotation’
recon3d_genes: no visible binding for global variable
  ‘original_bigg_ids’
recon3d_metabolites: no visible binding for global variable ‘notes’
recon3d_metabolites: no visible binding for global variable
  ‘original_bigg_ids’
recon3d_metabolites: no visible binding for global variable
  ‘annotation’
recon3d_metabolites: no visible global function definition for
  ‘chalmers_gem_matlab_tibble’
recon3d_metabolites: no visible binding for global variable ‘hmdb’
recon3d_metabolites: no visible binding for global variable ‘metHMDBID’
recon3d_reactions: no visible binding for global variable ‘notes’
recon3d_reactions: no visible binding for global variable ‘metabolites’
recon3d_reactions: no visible binding for global variable
  ‘original_bigg_ids’
taxon_names_table: no visible binding for global variable
  ‘latin_name_uniprot’
taxon_names_table: no visible binding for global variable
  ‘latin_name_ensembl’
taxon_names_table: no visible binding for global variable
  ‘latin_name_oma’
taxon_names_table: no visible binding for global variable
  ‘common_name_ensembl’
taxon_names_table: no visible binding for global variable
  ‘common_name_uniprot’
Undefined global functions or variables:
  annotation chalmers_gem_matlab_tibble common_name_ensembl
  common_name_uniprot enzyme_genesymbol hmdb latin_name_ensembl
  latin_name_oma latin_name_uniprot metHMDBID metabolite_idsc
  metabolites mor notes original_bigg_ids residue_offset residue_type
  substrate_genesymbol
* checking Rd files ... OK
* checking Rd metadata ... OK
* checking Rd cross-references ... OK
* checking for missing documentation entries ... WARNING
Undocumented code objects:
  ‘recon3d_raw’ ‘recon3d_raw_vmh’
All user-level objects in a package should have documentation entries.
See chapter ‘Writing R documentation files’ in the ‘Writing R
Extensions’ manual.
* checking for code/documentation mismatches ... OK
* checking Rd \usage sections ... WARNING
Undocumented arguments in Rd file 'recon3d.Rd'
  ‘extra_hmdb’

Undocumented arguments in Rd file 'translate_ids_multi.Rd'
  ‘ramp’ ‘expand’

Functions with \usage entries need to have the appropriate \alias
entries, and all their arguments documented.
The \usage entries must correspond to syntactically valid R code.
See chapter ‘Writing R documentation files’ in the ‘Writing R
Extensions’ manual.
* checking Rd contents ... OK
* checking for unstated dependencies in examples ... OK
* checking R/sysdata.rda ... OK
* checking files in ‘vignettes’ ... OK
* checking examples ... ERROR
Running examples in ‘OmnipathR-Ex.R’ failed
The error most likely occurred in:

> base::assign(".ptime", proc.time(), pos = "CheckExEnv")
> ### Name: recon3d_metabolites
> ### Title: Metabolites from Recon-3D
> ### Aliases: recon3d_metabolites recon3d_reactions recon3d_genes
> ###   recon3d_compartments
> 
> ### ** Examples
> 
> recon3d_metabolites()
Warning in readLines(con = path, encoding = encoding) :
  incomplete final line found on '/home/biocbuild/.cache/OmnipathR/be81cd1c9a119b749e4206f26272806591e8fb4c-1.gz'
Error in chalmers_gem_matlab_tibble(., "mets", "metHMDBID") : 
  could not find function "chalmers_gem_matlab_tibble"
Calls: recon3d_metabolites ... same_src.data.frame -> is.data.frame -> %>% -> unnest -> unnest
Execution halted
Examples with CPU (user + system) or elapsed time > 5s
                                       user system elapsed
annotation_categories                79.878  0.049  81.388
omnipath-interactions                44.523  3.015  79.183
curated_ligrec_stats                 44.049  3.310 120.961
filter_extra_attrs                   26.787  5.258  35.020
nichenet_gr_network_omnipath         28.907  1.079  35.481
all_uniprots                         23.006  1.415  39.797
giant_component                      20.496  0.895  24.601
go_annot_download                    19.538  0.790  27.663
nichenet_signaling_network_omnipath  17.021  1.016  21.918
has_extra_attrs                      15.357  1.495  21.856
extra_attrs_to_cols                  13.400  1.521  14.931
extra_attr_values                    11.980  1.505  16.160
pivot_annotations                    11.539  0.939  21.032
filter_intercell                     11.248  0.450  17.153
omnipath_for_cosmos                  10.411  0.768  33.720
extra_attrs                           7.364  1.093   8.491
filter_by_resource                    7.964  0.329  10.204
print_interactions                    7.664  0.397  12.368
curated_ligand_receptor_interactions  7.067  0.690  18.039
pubmed_open                           6.978  0.267   7.409
find_all_paths                        6.909  0.121   7.020
print_path_vs                         3.711  0.226   6.632
kegg_conv                             2.884  0.227  17.089
kinasephos                            2.571  0.246  53.022
ensembl_id_mapping_table              2.378  0.228  21.292
metalinksdb_sqlite                    1.641  0.214  11.147
kegg_link                             1.651  0.086   7.139
kegg_picture                          1.234  0.086   6.437
kegg_rm_prefix                        1.223  0.053   6.254
* checking for unstated dependencies in ‘tests’ ... OK
* checking tests ...
  Running ‘testthat.R’
 OK
* checking for unstated dependencies in vignettes ... OK
* checking package vignettes ... OK
* checking re-building of vignette outputs ... OK
* checking PDF version of manual ... OK
* DONE

Status: 1 ERROR, 2 WARNINGs, 2 NOTEs
See
  ‘/home/biocbuild/bbs-3.22-bioc/meat/OmnipathR.Rcheck/00check.log’
for details.


Installation output

OmnipathR.Rcheck/00install.out

##############################################################################
##############################################################################
###
### Running command:
###
###   /home/biocbuild/bbs-3.22-bioc/R/bin/R CMD INSTALL OmnipathR
###
##############################################################################
##############################################################################


* installing to library ‘/home/biocbuild/bbs-3.22-bioc/R/site-library’
* installing *source* package ‘OmnipathR’ ...
** this is package ‘OmnipathR’ version ‘3.17.6’
** using staged installation
** R
** inst
** byte-compile and prepare package for lazy loading
** help
*** installing help indices
*** copying figures
** building package indices
** installing vignettes
** testing if installed package can be loaded from temporary location
[2025-10-17 15:08:25] [TRACE]   [OmnipathR] Reading JSON from `/home/biocbuild/.cache/OmnipathR/cache.json` (encoding: UTF-8).
[2025-10-17 15:08:25] [TRACE]   [OmnipathR] JSON validation successful: TRUE
[2025-10-17 15:08:25] [INFO]    [OmnipathR] Initialized cache: `/home/biocbuild/.cache/OmnipathR`.
[2025-10-17 15:08:25] [INFO]    [OmnipathR] Package `OmnipathR` packaged: NA
[2025-10-17 15:08:25] [INFO]    [OmnipathR] Package `OmnipathR` date/publication: 2025-10-17
[2025-10-17 15:08:25] [INFO]    [OmnipathR] Package `OmnipathR` built: R 4.5.1; ; 2025-10-17 19:08:11 UTC; unix
[2025-10-17 15:08:25] [INFO]    [OmnipathR] Package `OmnipathR` version: 3.17.6
[2025-10-17 15:08:25] [INFO]    [OmnipathR] Package `OmnipathR` repository: Bioconductor 3.22
[2025-10-17 15:08:25] [INFO]    [OmnipathR] Session info: [version=R version 4.5.1 Patched (2025-08-23 r88802); os=Ubuntu 24.04.3 LTS; system=x86_64, linux-gnu; ui=X11; language=(EN); collate=C; ctype=en_US.UTF-8; tz=America/New_York; date=2025-10-17; pandoc=2.7.3 @ /usr/bin/ (via rmarkdown); quarto=1.7.32 @ /usr/local/bin/quarto]
[2025-10-17 15:08:25] [INFO]    [OmnipathR] External libraries: [cairo=1.18.0; cairoFT=; pango=1.52.1; png=1.6.43; jpeg=8.0; tiff=LIBTIFF, Version 4.5.1; tcl=8.6.14; curl=8.5.0; zlib=1.3; bzlib=1.0.8, 13-Jul-2019; xz=5.4.5; deflate=1.19; PCRE=10.42 2022-12-11; ICU=74.2; TRE=TRE 0.8.0 R_fixes (BSD); iconv=glibc 2.39; readline=8.2; BLAS=/home/biocbuild/bbs-3.22-bioc/R/lib/libRblas.so; lapack=/usr/lib/x86_64-linux-gnu/lapack/liblapack.so.3.12.0; lapack_version=3.12.0]
[2025-10-17 15:08:25] [INFO]    [OmnipathR] Loaded packages: backports 1.5.0(2024-05-23); bit 4.6.0(2025-03-06); bit64 4.6.0-1(2025-01-16); blob 1.2.4(2023-03-17); cachem 1.1.0(2024-05-16); cellranger 1.1.0(2016-07-27); checkmate 2.3.3(2025-08-18); chromote 0.5.1(2025-04-24); cli 3.6.5(2025-04-23); crayon 1.5.3(2024-06-20); curl 7.0.0(2025-08-19); DBI 1.2.3(2024-06-02); digest 0.6.37(2024-08-19); dplyr 1.1.4(2023-11-17); evaluate 1.0.5(2025-08-27); fastmap 1.2.0(2024-05-15); fs 1.6.6(2025-04-12); generics 0.1.4(2025-05-09); glue 1.8.0(2024-09-30); hms 1.1.4(2025-10-17); htmltools 0.5.8.1(2024-04-04); httr 1.4.7(2023-08-15); httr2 1.2.1(2025-07-22); igraph 2.2.0(2025-10-13); jsonlite 2.0.0(2025-03-27); knitr 1.50(2025-03-16); later 1.4.4(2025-08-27); lifecycle 1.0.4(2023-11-07); logger 0.4.1(2025-09-11); lubridate 1.9.4(2024-12-08); magrittr 2.0.4(2025-09-12); memoise 2.0.1(2021-11-26); OmnipathR 3.17.6(2025-10-17); pillar 1.11.1(2025-09-17); pkgconfig 2.0.3(2019-09-22); prettyunits 1.2.0(2023-09-24); processx 3.8.6(2025-02-21); progress 1.2.3(2023-12-06); promises 1.3.3(2025-05-29); ps 1.9.1(2025-04-12); purrr 1.1.0(2025-07-10); R.methodsS3 1.8.2(2022-06-13); R.oo 1.27.1(2025-05-02); R.utils 2.13.0(2025-02-24); R6 2.6.1(2025-02-15); rappdirs 0.3.3(2021-01-31); Rcpp 1.1.0(2025-07-02); readr 2.1.5(2024-01-10); readxl 1.4.5(2025-03-07); rlang 1.1.6(2025-04-11); rmarkdown 2.30(2025-09-28); RSQLite 2.4.3(2025-08-20); rvest 1.0.5(2025-08-29); sessioninfo 1.2.3(2025-02-05); stringi 1.8.7(2025-03-27); stringr 1.5.2(2025-09-08); tibble 3.3.0(2025-06-08); tidyr 1.3.1(2024-01-24); tidyselect 1.2.1(2024-03-11); timechange 0.3.0(2024-01-18); tzdb 0.5.0(2025-03-15); vctrs 0.6.5(2023-12-01); websocket 1.4.4(2025-04-10); withr 3.0.2(2024-10-28); xfun 0.53(2025-08-19); XML 3.99-0.19(2025-08-22); xml2 1.4.0(2025-08-20); yaml 2.3.10(2024-07-26); zip 2.3.3(2025-05-13)
[2025-10-17 15:08:25] [INFO]    [OmnipathR] CURL: version: 8.5.0; headers: 8.5.0; ssl_version: GnuTLS/3.8.3; libz_version: 1.3; libssh_version: libssh/0.10.6/openssl/zlib; libidn_version: 2.3.7; host: x86_64-pc-linux-gnu; protocols: dict, file, ftp, ftps, gopher, gophers, http, https, imap, imaps, ldap, ldaps, mqtt, pop3, pop3s, rtmp, rtmpe, rtmps, rtmpt, rtmpte, rtmpts, rtsp, scp, sftp, smb, smbs, smtp, smtps, telnet, tftp; ipv6: TRUE; http2: TRUE; idn: TRUE; url_parser: TRUE
[2025-10-17 15:08:25] [TRACE]   [OmnipathR] Running on a build server, wiping cache.
[2025-10-17 15:08:25] [TRACE]   [OmnipathR] Cache is at `/home/biocbuild/.cache/OmnipathR`.
[2025-10-17 15:08:25] [TRACE]   [OmnipathR] Contains 9 files.
[2025-10-17 15:08:25] [TRACE]   [OmnipathR] Cache is locked: FALSE.
[2025-10-17 15:08:25] [TRACE]   [OmnipathR] Reading JSON from `/home/biocbuild/.cache/OmnipathR/cache.json` (encoding: UTF-8).
[2025-10-17 15:08:25] [TRACE]   [OmnipathR] JSON validation successful: TRUE
[2025-10-17 15:08:25] [SUCCESS] [OmnipathR] Removing all cache contents from `/home/biocbuild/.cache/OmnipathR`.
[2025-10-17 15:08:25] [TRACE]   [OmnipathR] Pandoc version: `2.7.3`.
[2025-10-17 15:08:25] [TRACE]   [OmnipathR] Reading JSON from `/home/biocbuild/bbs-3.22-bioc/R/site-library/00LOCK-OmnipathR/00new/OmnipathR/db/db_def.json` (encoding: UTF-8).
[2025-10-17 15:08:25] [TRACE]   [OmnipathR] JSON validation successful: TRUE
[2025-10-17 15:08:25] [TRACE]   [OmnipathR] Reading JSON from `/home/biocbuild/bbs-3.22-bioc/R/site-library/00LOCK-OmnipathR/00new/OmnipathR/internal/magic_bytes.json` (encoding: UTF-8).
[2025-10-17 15:08:25] [TRACE]   [OmnipathR] JSON validation successful: TRUE
[2025-10-17 15:08:25] [TRACE]   [OmnipathR] Reading JSON from `/home/biocbuild/bbs-3.22-bioc/R/site-library/00LOCK-OmnipathR/00new/OmnipathR/internal/urls.json` (encoding: UTF-8).
[2025-10-17 15:08:25] [TRACE]   [OmnipathR] JSON validation successful: TRUE
[2025-10-17 15:08:25] [TRACE]   [OmnipathR] Reading JSON from `/home/biocbuild/bbs-3.22-bioc/R/site-library/00LOCK-OmnipathR/00new/OmnipathR/internal/id_types.json` (encoding: UTF-8).
[2025-10-17 15:08:25] [TRACE]   [OmnipathR] JSON validation successful: TRUE
[2025-10-17 15:08:25] [TRACE]   [OmnipathR] Cache locked: FALSE
** testing if installed package can be loaded from final location
[2025-10-17 15:08:27] [TRACE]   [OmnipathR] Reading JSON from `/home/biocbuild/.cache/OmnipathR/cache.json` (encoding: UTF-8).
[2025-10-17 15:08:27] [TRACE]   [OmnipathR] JSON validation successful: TRUE
[2025-10-17 15:08:27] [INFO]    [OmnipathR] Initialized cache: `/home/biocbuild/.cache/OmnipathR`.
[2025-10-17 15:08:27] [INFO]    [OmnipathR] Package `OmnipathR` packaged: NA
[2025-10-17 15:08:27] [INFO]    [OmnipathR] Package `OmnipathR` date/publication: 2025-10-17
[2025-10-17 15:08:27] [INFO]    [OmnipathR] Package `OmnipathR` built: R 4.5.1; ; 2025-10-17 19:08:11 UTC; unix
[2025-10-17 15:08:27] [INFO]    [OmnipathR] Package `OmnipathR` version: 3.17.6
[2025-10-17 15:08:27] [INFO]    [OmnipathR] Package `OmnipathR` repository: Bioconductor 3.22
[2025-10-17 15:08:28] [INFO]    [OmnipathR] Session info: [version=R version 4.5.1 Patched (2025-08-23 r88802); os=Ubuntu 24.04.3 LTS; system=x86_64, linux-gnu; ui=X11; language=(EN); collate=C; ctype=en_US.UTF-8; tz=America/New_York; date=2025-10-17; pandoc=2.7.3 @ /usr/bin/ (via rmarkdown); quarto=1.7.32 @ /usr/local/bin/quarto]
[2025-10-17 15:08:28] [INFO]    [OmnipathR] External libraries: [cairo=1.18.0; cairoFT=; pango=1.52.1; png=1.6.43; jpeg=8.0; tiff=LIBTIFF, Version 4.5.1; tcl=8.6.14; curl=8.5.0; zlib=1.3; bzlib=1.0.8, 13-Jul-2019; xz=5.4.5; deflate=1.19; PCRE=10.42 2022-12-11; ICU=74.2; TRE=TRE 0.8.0 R_fixes (BSD); iconv=glibc 2.39; readline=8.2; BLAS=/home/biocbuild/bbs-3.22-bioc/R/lib/libRblas.so; lapack=/usr/lib/x86_64-linux-gnu/lapack/liblapack.so.3.12.0; lapack_version=3.12.0]
[2025-10-17 15:08:28] [INFO]    [OmnipathR] Loaded packages: backports 1.5.0(2024-05-23); bit 4.6.0(2025-03-06); bit64 4.6.0-1(2025-01-16); blob 1.2.4(2023-03-17); cachem 1.1.0(2024-05-16); cellranger 1.1.0(2016-07-27); checkmate 2.3.3(2025-08-18); chromote 0.5.1(2025-04-24); cli 3.6.5(2025-04-23); crayon 1.5.3(2024-06-20); curl 7.0.0(2025-08-19); DBI 1.2.3(2024-06-02); digest 0.6.37(2024-08-19); dplyr 1.1.4(2023-11-17); evaluate 1.0.5(2025-08-27); fastmap 1.2.0(2024-05-15); fs 1.6.6(2025-04-12); generics 0.1.4(2025-05-09); glue 1.8.0(2024-09-30); hms 1.1.4(2025-10-17); htmltools 0.5.8.1(2024-04-04); httr 1.4.7(2023-08-15); httr2 1.2.1(2025-07-22); igraph 2.2.0(2025-10-13); jsonlite 2.0.0(2025-03-27); knitr 1.50(2025-03-16); later 1.4.4(2025-08-27); lifecycle 1.0.4(2023-11-07); logger 0.4.1(2025-09-11); lubridate 1.9.4(2024-12-08); magrittr 2.0.4(2025-09-12); memoise 2.0.1(2021-11-26); OmnipathR 3.17.6(2025-10-17); pillar 1.11.1(2025-09-17); pkgconfig 2.0.3(2019-09-22); prettyunits 1.2.0(2023-09-24); processx 3.8.6(2025-02-21); progress 1.2.3(2023-12-06); promises 1.3.3(2025-05-29); ps 1.9.1(2025-04-12); purrr 1.1.0(2025-07-10); R.methodsS3 1.8.2(2022-06-13); R.oo 1.27.1(2025-05-02); R.utils 2.13.0(2025-02-24); R6 2.6.1(2025-02-15); rappdirs 0.3.3(2021-01-31); Rcpp 1.1.0(2025-07-02); readr 2.1.5(2024-01-10); readxl 1.4.5(2025-03-07); rlang 1.1.6(2025-04-11); rmarkdown 2.30(2025-09-28); RSQLite 2.4.3(2025-08-20); rvest 1.0.5(2025-08-29); sessioninfo 1.2.3(2025-02-05); stringi 1.8.7(2025-03-27); stringr 1.5.2(2025-09-08); tibble 3.3.0(2025-06-08); tidyr 1.3.1(2024-01-24); tidyselect 1.2.1(2024-03-11); timechange 0.3.0(2024-01-18); tzdb 0.5.0(2025-03-15); vctrs 0.6.5(2023-12-01); websocket 1.4.4(2025-04-10); withr 3.0.2(2024-10-28); xfun 0.53(2025-08-19); XML 3.99-0.19(2025-08-22); xml2 1.4.0(2025-08-20); yaml 2.3.10(2024-07-26); zip 2.3.3(2025-05-13)
[2025-10-17 15:08:28] [INFO]    [OmnipathR] CURL: version: 8.5.0; headers: 8.5.0; ssl_version: GnuTLS/3.8.3; libz_version: 1.3; libssh_version: libssh/0.10.6/openssl/zlib; libidn_version: 2.3.7; host: x86_64-pc-linux-gnu; protocols: dict, file, ftp, ftps, gopher, gophers, http, https, imap, imaps, ldap, ldaps, mqtt, pop3, pop3s, rtmp, rtmpe, rtmps, rtmpt, rtmpte, rtmpts, rtsp, scp, sftp, smb, smbs, smtp, smtps, telnet, tftp; ipv6: TRUE; http2: TRUE; idn: TRUE; url_parser: TRUE
[2025-10-17 15:08:28] [TRACE]   [OmnipathR] Running on a build server, wiping cache.
[2025-10-17 15:08:28] [TRACE]   [OmnipathR] Cache is at `/home/biocbuild/.cache/OmnipathR`.
[2025-10-17 15:08:28] [TRACE]   [OmnipathR] Contains 1 files.
[2025-10-17 15:08:28] [TRACE]   [OmnipathR] Cache is locked: FALSE.
[2025-10-17 15:08:28] [TRACE]   [OmnipathR] Reading JSON from `/home/biocbuild/.cache/OmnipathR/cache.json` (encoding: UTF-8).
[2025-10-17 15:08:28] [TRACE]   [OmnipathR] JSON validation successful: TRUE
[2025-10-17 15:08:28] [SUCCESS] [OmnipathR] Removing all cache contents from `/home/biocbuild/.cache/OmnipathR`.
[2025-10-17 15:08:28] [TRACE]   [OmnipathR] Pandoc version: `2.7.3`.
[2025-10-17 15:08:28] [TRACE]   [OmnipathR] Reading JSON from `/home/biocbuild/bbs-3.22-bioc/R/site-library/OmnipathR/db/db_def.json` (encoding: UTF-8).
[2025-10-17 15:08:28] [TRACE]   [OmnipathR] JSON validation successful: TRUE
[2025-10-17 15:08:28] [TRACE]   [OmnipathR] Reading JSON from `/home/biocbuild/bbs-3.22-bioc/R/site-library/OmnipathR/internal/magic_bytes.json` (encoding: UTF-8).
[2025-10-17 15:08:28] [TRACE]   [OmnipathR] JSON validation successful: TRUE
[2025-10-17 15:08:28] [TRACE]   [OmnipathR] Reading JSON from `/home/biocbuild/bbs-3.22-bioc/R/site-library/OmnipathR/internal/urls.json` (encoding: UTF-8).
[2025-10-17 15:08:28] [TRACE]   [OmnipathR] JSON validation successful: TRUE
[2025-10-17 15:08:28] [TRACE]   [OmnipathR] Reading JSON from `/home/biocbuild/bbs-3.22-bioc/R/site-library/OmnipathR/internal/id_types.json` (encoding: UTF-8).
[2025-10-17 15:08:28] [TRACE]   [OmnipathR] JSON validation successful: TRUE
[2025-10-17 15:08:28] [TRACE]   [OmnipathR] Cache locked: FALSE
** testing if installed package keeps a record of temporary installation path
* DONE (OmnipathR)

Tests output

OmnipathR.Rcheck/tests/testthat.Rout


R version 4.5.1 Patched (2025-08-23 r88802) -- "Great Square Root"
Copyright (C) 2025 The R Foundation for Statistical Computing
Platform: x86_64-pc-linux-gnu

R is free software and comes with ABSOLUTELY NO WARRANTY.
You are welcome to redistribute it under certain conditions.
Type 'license()' or 'licence()' for distribution details.

R is a collaborative project with many contributors.
Type 'contributors()' for more information and
'citation()' on how to cite R or R packages in publications.

Type 'demo()' for some demos, 'help()' for on-line help, or
'help.start()' for an HTML browser interface to help.
Type 'q()' to quit R.

> #!/usr/bin/env Rscript
> 
> #
> #  This file is part of the `OmnipathR` R package
> #
> #  Copyright
> #  2018-2024
> #  Saez Lab, Uniklinik RWTH Aachen, Heidelberg University
> #
> #  File author(s): Alberto Valdeolivas
> #                  Dénes Türei (turei.denes@gmail.com)
> #                  Attila Gábor
> #
> #  Distributed under the MIT (Expat) License.
> #  See accompanying file `LICENSE` or find a copy at
> #      https://directory.fsf.org/wiki/License:Expat
> #
> #  Website: https://r.omnipathdb.org/
> #  Git repo: https://github.com/saezlab/OmnipathR
> #
> 
> 
> library(testthat)
> library(OmnipathR)
[2025-10-18 03:03:12] [TRACE]   [OmnipathR] Reading JSON from `/home/biocbuild/.cache/OmnipathR/cache.json` (encoding: UTF-8).
[2025-10-18 03:03:12] [TRACE]   [OmnipathR] JSON validation successful: TRUE
[2025-10-18 03:03:12] [INFO]    [OmnipathR] Initialized cache: `/home/biocbuild/.cache/OmnipathR`.
[2025-10-18 03:03:12] [INFO]    [OmnipathR] Package `OmnipathR` packaged: NA
[2025-10-18 03:03:12] [INFO]    [OmnipathR] Package `OmnipathR` date/publication: 2025-10-17
[2025-10-18 03:03:12] [INFO]    [OmnipathR] Package `OmnipathR` built: R 4.5.1; ; 2025-10-17 19:08:11 UTC; unix
[2025-10-18 03:03:12] [INFO]    [OmnipathR] Package `OmnipathR` version: 3.17.6
[2025-10-18 03:03:12] [INFO]    [OmnipathR] Package `OmnipathR` repository: Bioconductor 3.22
[2025-10-18 03:03:13] [INFO]    [OmnipathR] Session info: [version=R version 4.5.1 Patched (2025-08-23 r88802); os=Ubuntu 24.04.3 LTS; system=x86_64, linux-gnu; ui=X11; language=C; collate=C; ctype=en_US.UTF-8; tz=America/New_York; date=2025-10-18; pandoc=2.7.3 @ /usr/bin/ (via rmarkdown); quarto=1.7.32 @ /usr/local/bin/quarto]
[2025-10-18 03:03:13] [INFO]    [OmnipathR] External libraries: [cairo=1.18.0; cairoFT=; pango=1.52.1; png=1.6.43; jpeg=8.0; tiff=LIBTIFF, Version 4.5.1; tcl=8.6.14; curl=8.5.0; zlib=1.3; bzlib=1.0.8, 13-Jul-2019; xz=5.4.5; deflate=1.19; PCRE=10.42 2022-12-11; ICU=74.2; TRE=TRE 0.8.0 R_fixes (BSD); iconv=glibc 2.39; readline=8.2; BLAS=/home/biocbuild/bbs-3.22-bioc/R/lib/libRblas.so; lapack=/usr/lib/x86_64-linux-gnu/lapack/liblapack.so.3.12.0; lapack_version=3.12.0]
[2025-10-18 03:03:13] [INFO]    [OmnipathR] Loaded packages: backports 1.5.0(2024-05-23); bit 4.6.0(2025-03-06); bit64 4.6.0-1(2025-01-16); blob 1.2.4(2023-03-17); brio 1.1.5(2024-04-24); cachem 1.1.0(2024-05-16); cellranger 1.1.0(2016-07-27); checkmate 2.3.3(2025-08-18); cli 3.6.5(2025-04-23); crayon 1.5.3(2024-06-20); curl 7.0.0(2025-08-19); DBI 1.2.3(2024-06-02); digest 0.6.37(2024-08-19); dplyr 1.1.4(2023-11-17); evaluate 1.0.5(2025-08-27); fastmap 1.2.0(2024-05-15); fs 1.6.6(2025-04-12); generics 0.1.4(2025-05-09); glue 1.8.0(2024-09-30); hms 1.1.4(2025-10-17); htmltools 0.5.8.1(2024-04-04); httr 1.4.7(2023-08-15); httr2 1.2.1(2025-07-22); igraph 2.2.0(2025-10-13); jsonlite 2.0.0(2025-03-27); knitr 1.50(2025-03-16); later 1.4.4(2025-08-27); lifecycle 1.0.4(2023-11-07); logger 0.4.1(2025-09-11); lubridate 1.9.4(2024-12-08); magrittr 2.0.4(2025-09-12); memoise 2.0.1(2021-11-26); OmnipathR 3.17.6(2025-10-17); pillar 1.11.1(2025-09-17); pkgconfig 2.0.3(2019-09-22); prettyunits 1.2.0(2023-09-24); progress 1.2.3(2023-12-06); purrr 1.1.0(2025-07-10); R.methodsS3 1.8.2(2022-06-13); R.oo 1.27.1(2025-05-02); R.utils 2.13.0(2025-02-24); R6 2.6.1(2025-02-15); rappdirs 0.3.3(2021-01-31); Rcpp 1.1.0(2025-07-02); readr 2.1.5(2024-01-10); readxl 1.4.5(2025-03-07); rlang 1.1.6(2025-04-11); rmarkdown 2.30(2025-09-28); RSQLite 2.4.3(2025-08-20); rvest 1.0.5(2025-08-29); sessioninfo 1.2.3(2025-02-05); stringi 1.8.7(2025-03-27); stringr 1.5.2(2025-09-08); testthat 3.2.3(2025-01-13); tibble 3.3.0(2025-06-08); tidyr 1.3.1(2024-01-24); tidyselect 1.2.1(2024-03-11); timechange 0.3.0(2024-01-18); tzdb 0.5.0(2025-03-15); vctrs 0.6.5(2023-12-01); withr 3.0.2(2024-10-28); xfun 0.53(2025-08-19); XML 3.99-0.19(2025-08-22); xml2 1.4.0(2025-08-20); yaml 2.3.10(2024-07-26); zip 2.3.3(2025-05-13)
[2025-10-18 03:03:14] [INFO]    [OmnipathR] CURL: version: 8.5.0; headers: 8.5.0; ssl_version: GnuTLS/3.8.3; libz_version: 1.3; libssh_version: libssh/0.10.6/openssl/zlib; libidn_version: 2.3.7; host: x86_64-pc-linux-gnu; protocols: dict, file, ftp, ftps, gopher, gophers, http, https, imap, imaps, ldap, ldaps, mqtt, pop3, pop3s, rtmp, rtmpe, rtmps, rtmpt, rtmpte, rtmpts, rtsp, scp, sftp, smb, smbs, smtp, smtps, telnet, tftp; ipv6: TRUE; http2: TRUE; idn: TRUE; url_parser: TRUE
[2025-10-18 03:03:14] [TRACE]   [OmnipathR] Running on a build server, wiping cache.
[2025-10-18 03:03:14] [TRACE]   [OmnipathR] Cache is at `/home/biocbuild/.cache/OmnipathR`.
[2025-10-18 03:03:14] [TRACE]   [OmnipathR] Contains 12 files.
[2025-10-18 03:03:14] [TRACE]   [OmnipathR] Cache is locked: FALSE.
[2025-10-18 03:03:14] [TRACE]   [OmnipathR] Reading JSON from `/home/biocbuild/.cache/OmnipathR/cache.json` (encoding: UTF-8).
[2025-10-18 03:03:14] [TRACE]   [OmnipathR] JSON validation successful: TRUE
[2025-10-18 03:03:14] [SUCCESS] [OmnipathR] Removing all cache contents from `/home/biocbuild/.cache/OmnipathR`.
[2025-10-18 03:03:14] [TRACE]   [OmnipathR] Pandoc version: `2.7.3`.
[2025-10-18 03:03:14] [TRACE]   [OmnipathR] Reading JSON from `/home/biocbuild/bbs-3.22-bioc/R/site-library/OmnipathR/db/db_def.json` (encoding: UTF-8).
[2025-10-18 03:03:14] [TRACE]   [OmnipathR] JSON validation successful: TRUE
[2025-10-18 03:03:14] [TRACE]   [OmnipathR] Reading JSON from `/home/biocbuild/bbs-3.22-bioc/R/site-library/OmnipathR/internal/magic_bytes.json` (encoding: UTF-8).
[2025-10-18 03:03:14] [TRACE]   [OmnipathR] JSON validation successful: TRUE
[2025-10-18 03:03:14] [TRACE]   [OmnipathR] Reading JSON from `/home/biocbuild/bbs-3.22-bioc/R/site-library/OmnipathR/internal/urls.json` (encoding: UTF-8).
[2025-10-18 03:03:14] [TRACE]   [OmnipathR] JSON validation successful: TRUE
[2025-10-18 03:03:14] [TRACE]   [OmnipathR] Reading JSON from `/home/biocbuild/bbs-3.22-bioc/R/site-library/OmnipathR/internal/id_types.json` (encoding: UTF-8).
[2025-10-18 03:03:14] [TRACE]   [OmnipathR] JSON validation successful: TRUE
[2025-10-18 03:03:14] [TRACE]   [OmnipathR] Cache locked: FALSE
> 
> test_check('OmnipathR')
[ FAIL 0 | WARN 12 | SKIP 0 | PASS 38 ]

[ FAIL 0 | WARN 12 | SKIP 0 | PASS 38 ]
> 
> proc.time()
   user  system elapsed 
 48.223   2.863  86.867 

Example timings

OmnipathR.Rcheck/OmnipathR-Ex.timings

nameusersystemelapsed
OmnipathR000
all_uniprot_acs0.0180.0000.018
all_uniprots23.006 1.41539.797
ancestors0.0070.0010.008
annotated_network1.5650.1784.645
annotation_categories79.878 0.04981.388
annotation_resources0.1570.0180.859
annotations0.6580.0441.642
biomart_query1.2640.0654.139
bioplex10.0090.0000.009
bioplex20.0080.0010.008
bioplex30.0080.0010.009
bioplex_all0.0080.0000.008
bioplex_hct116_10.0070.0010.008
bma_motif_es0.8460.0651.795
bma_motif_vs0.2470.0171.004
chalmers_gem0.0080.0010.009
chalmers_gem_id_mapping_table0.0080.0000.007
chalmers_gem_id_type0.0020.0000.002
chalmers_gem_metabolites0.0080.0000.008
chalmers_gem_network0.0080.0000.009
chalmers_gem_raw0.0080.0000.008
chalmers_gem_reactions0.0280.0000.028
common_name0.1340.0020.135
complex_genes0.8740.0332.799
complex_resources0.1860.0041.000
complexes0.2630.0181.068
consensuspathdb_download000
consensuspathdb_raw_table0.0260.0000.026
cosmos_pkn000
curated_ligand_receptor_interactions 7.067 0.69018.039
curated_ligrec_stats 44.049 3.310120.961
database_summary1.6010.0782.900
descendants0.0060.0030.009
ensembl_dataset0.0460.0010.047
ensembl_id_mapping_table 2.378 0.22821.292
ensembl_id_type0.0020.0000.002
ensembl_name0.2810.0070.288
ensembl_organisms0.1100.0070.116
ensembl_organisms_raw0.0970.0110.108
ensembl_orthology000
enzsub_graph2.2210.1094.685
enzsub_resources0.1770.0090.923
enzyme_substrate1.1240.0221.884
evex_download0.0080.0000.008
evidences000
extra_attr_values11.980 1.50516.160
extra_attrs7.3641.0938.491
extra_attrs_to_cols13.400 1.52114.931
filter_by_resource 7.964 0.32910.204
filter_extra_attrs26.787 5.25835.020
filter_intercell11.248 0.45017.153
filter_intercell_network0.0340.0010.035
find_all_paths6.9090.1217.020
from_evidences0.0000.0000.001
get_db000
get_ontology_db0.0130.0030.015
giant_component20.496 0.89524.601
go_annot_download19.538 0.79027.663
go_annot_slim0.0000.0000.001
go_ontology_download0.0180.0010.036
guide2pharma_download0.0180.0010.035
harmonizome_download0.0190.0010.045
has_extra_attrs15.357 1.49521.856
hmdb_id_mapping_table0.0110.0100.021
hmdb_id_type0.0040.0000.004
hmdb_metabolite_fields0.0010.0000.001
hmdb_protein_fields0.0010.0000.001
hmdb_table0.010.000.01
homologene_download0.0060.0030.009
homologene_raw0.0600.0110.072
homologene_uniprot_orthology0.0620.0220.084
hpo_download3.5420.2454.448
htridb_download0.0140.0010.016
id_translation_resources000
id_types0.0620.0140.110
inbiomap_download000
inbiomap_raw000
interaction_datasets0.9330.0741.537
interaction_graph0.5050.0221.441
interaction_resources0.1250.0160.879
interaction_types0.0770.0000.077
intercell0.8780.0811.862
intercell_categories0.6200.0210.874
intercell_consensus_filter1.4600.1783.165
intercell_generic_categories0.0760.0010.077
intercell_network0.0090.0000.009
intercell_resources0.1830.0050.855
intercell_summary0.0940.0050.099
is_ontology_id000
is_swissprot0.0570.0050.063
is_trembl0.0610.0010.061
is_uniprot0.0080.0080.017
kegg_api_templates0.0010.0000.001
kegg_conv 2.884 0.22717.089
kegg_databases0.0010.0000.000
kegg_ddi1.4900.0884.017
kegg_find1.3750.0643.345
kegg_info0.0220.0010.023
kegg_link1.6510.0867.139
kegg_list1.2570.0462.326
kegg_open0.0150.0020.017
kegg_operations000
kegg_organism_codes0.0200.0130.033
kegg_organisms0.0360.0040.040
kegg_pathway_annotations000
kegg_pathway_download0.0150.0020.017
kegg_pathway_list0.0160.0000.016
kegg_pathways_download000
kegg_picture1.2340.0866.437
kegg_process0.0150.0010.017
kegg_query0.0070.0000.007
kegg_request0.0580.0030.061
kegg_rm_prefix1.2230.0536.254
kinasephos 2.571 0.24653.022
latin_name0.4870.0140.568
load_db0.1840.0170.362
metalinksdb_sqlite 1.641 0.21411.147
metalinksdb_table0.3050.0250.330
metalinksdb_tables0.0280.0010.029
ncbi_taxid0.3810.0030.384
nichenet_build_model000
nichenet_expression_data0.0160.0000.017
nichenet_gr_network0.0390.0040.044
nichenet_gr_network_evex0.0130.0000.013
nichenet_gr_network_harmonizome0.0120.0010.013
nichenet_gr_network_htridb0.0110.0010.012
nichenet_gr_network_omnipath28.907 1.07935.481
nichenet_gr_network_pathwaycommons0.0150.0030.018
nichenet_gr_network_regnetwork0.0150.0020.017
nichenet_gr_network_remap0.0130.0020.016
nichenet_gr_network_trrust0.0150.0000.015
nichenet_ligand_activities000
nichenet_ligand_target_links0.0010.0000.000
nichenet_ligand_target_matrix000
nichenet_lr_network0.0430.0020.045
nichenet_lr_network_guide2pharma0.0160.0000.018
nichenet_lr_network_omnipath0.0420.0050.047
nichenet_lr_network_ramilowski0.0150.0000.015
nichenet_main000
nichenet_networks0.0740.0050.079
nichenet_optimization000
nichenet_remove_orphan_ligands0.0440.0020.046
nichenet_results_dir000
nichenet_signaling_network0.0440.0040.048
nichenet_signaling_network_cpdb0.0130.0020.015
nichenet_signaling_network_evex0.0150.0000.015
nichenet_signaling_network_harmonizome0.0140.0000.014
nichenet_signaling_network_inbiomap000
nichenet_signaling_network_omnipath17.021 1.01621.918
nichenet_signaling_network_pathwaycommons0.0180.0010.019
nichenet_signaling_network_vinayagam0.0180.0000.018
nichenet_test000
nichenet_workarounds0.0010.0000.000
obo_parser0.3590.0110.925
oma_code0.2720.0020.550
oma_organisms0.1370.0160.306
oma_pairwise0.0230.0000.044
oma_pairwise_genesymbols0.0250.0010.052
oma_pairwise_translated0.0230.0020.042
omnipath-interactions44.523 3.01579.183
omnipath_cache_autoclean000
omnipath_cache_clean0.0070.0010.008
omnipath_cache_clean_db0.0810.0120.094
omnipath_cache_download_ready0.4750.0640.570
omnipath_cache_filter_versions0.0810.0080.108
omnipath_cache_get0.0710.0010.073
omnipath_cache_key0.0010.0000.001
omnipath_cache_latest_or_new0.0510.0040.055
omnipath_cache_load0.8720.0393.030
omnipath_cache_move_in0.1200.0080.132
omnipath_cache_remove0.0710.0080.083
omnipath_cache_save0.2220.0170.354
omnipath_cache_search0.0000.0000.001
omnipath_cache_set_ext0.0690.0050.078
omnipath_cache_update_status0.1170.0070.124
omnipath_cache_wipe000
omnipath_config_path000
omnipath_for_cosmos10.411 0.76833.720
omnipath_load_config000
omnipath_log000
omnipath_logfile0.0010.0000.001
omnipath_msg0.0040.0010.005
omnipath_query3.4050.1803.584
omnipath_reset_config000
omnipath_save_config000
omnipath_set_cachedir0.0220.0010.024
omnipath_set_console_loglevel0.0030.0000.004
omnipath_set_logfile_loglevel0.0040.0000.003
omnipath_set_loglevel0.0010.0000.001
omnipath_show_db0.0570.0070.064
omnipath_unlock_cache_db000
only_from000
ontology_ensure_id0.0010.0000.000
ontology_ensure_name0.0010.0000.000
ontology_name_id0.0010.0000.001
organism_for0.1750.0080.183
pathwaycommons_download0.0010.0000.001
pivot_annotations11.539 0.93921.032
preppi_download0.0010.0010.004
preppi_filter0.0030.0000.006
print_bma_motif_es1.1750.1412.976
print_bma_motif_vs0.2900.0170.948
print_interactions 7.664 0.39712.368
print_path_es0.9170.1262.689
print_path_vs3.7110.2266.632
pubmed_open6.9780.2677.409
query_info0.5020.0130.743
ramilowski_download000
ramp_id_mapping_table000
ramp_id_type0.0020.0000.002
ramp_sqlite000
ramp_table000
ramp_tables000