Back to Multiple platform build/check report for BioC 3.21: simplified long |
|
This page was generated on 2025-10-16 11:38 -0400 (Thu, 16 Oct 2025).
Hostname | OS | Arch (*) | R version | Installed pkgs |
---|---|---|---|---|
nebbiolo1 | Linux (Ubuntu 24.04.3 LTS) | x86_64 | 4.5.1 (2025-06-13) -- "Great Square Root" | 4833 |
merida1 | macOS 12.7.6 Monterey | x86_64 | 4.5.1 RC (2025-06-05 r88288) -- "Great Square Root" | 4614 |
kjohnson1 | macOS 13.7.5 Ventura | arm64 | 4.5.1 Patched (2025-06-14 r88325) -- "Great Square Root" | 4555 |
kunpeng2 | Linux (openEuler 24.03 LTS) | aarch64 | R Under development (unstable) (2025-02-19 r87757) -- "Unsuffered Consequences" | 4586 |
Click on any hostname to see more info about the system (e.g. compilers) (*) as reported by 'uname -p', except on Windows and Mac OS X |
Package 1289/2341 | Hostname | OS / Arch | INSTALL | BUILD | CHECK | BUILD BIN | ||||||||
mina 1.16.0 (landing page) Rui Guan
| nebbiolo1 | Linux (Ubuntu 24.04.3 LTS) / x86_64 | OK | OK | WARNINGS | ![]() | ||||||||
merida1 | macOS 12.7.6 Monterey / x86_64 | OK | OK | WARNINGS | OK | ![]() | ||||||||
kjohnson1 | macOS 13.7.5 Ventura / arm64 | OK | OK | WARNINGS | OK | ![]() | ||||||||
kunpeng2 | Linux (openEuler 24.03 LTS) / aarch64 | OK | OK | ERROR | ||||||||||
To the developers/maintainers of the mina package: - Allow up to 24 hours (and sometimes 48 hours) for your latest push to git@git.bioconductor.org:packages/mina.git to reflect on this report. See Troubleshooting Build Report for more information. - Use the following Renviron settings to reproduce errors and warnings. - If 'R CMD check' started to fail recently on the Linux builder(s) over a missing dependency, add the missing dependency to 'Suggests:' in your DESCRIPTION file. See Renviron.bioc for more information. |
Package: mina |
Version: 1.16.0 |
Command: /home/biocbuild/bbs-3.21-bioc/R/bin/R CMD check --install=check:mina.install-out.txt --library=/home/biocbuild/bbs-3.21-bioc/R/site-library --timings mina_1.16.0.tar.gz |
StartedAt: 2025-10-16 01:04:36 -0400 (Thu, 16 Oct 2025) |
EndedAt: 2025-10-16 01:09:15 -0400 (Thu, 16 Oct 2025) |
EllapsedTime: 279.3 seconds |
RetCode: 0 |
Status: WARNINGS |
CheckDir: mina.Rcheck |
Warnings: 1 |
############################################################################## ############################################################################## ### ### Running command: ### ### /home/biocbuild/bbs-3.21-bioc/R/bin/R CMD check --install=check:mina.install-out.txt --library=/home/biocbuild/bbs-3.21-bioc/R/site-library --timings mina_1.16.0.tar.gz ### ############################################################################## ############################################################################## * using log directory ‘/home/biocbuild/bbs-3.21-bioc/meat/mina.Rcheck’ * using R version 4.5.1 (2025-06-13) * using platform: x86_64-pc-linux-gnu * R was compiled by gcc (Ubuntu 13.3.0-6ubuntu2~24.04) 13.3.0 GNU Fortran (Ubuntu 13.3.0-6ubuntu2~24.04) 13.3.0 * running under: Ubuntu 24.04.3 LTS * using session charset: UTF-8 * checking for file ‘mina/DESCRIPTION’ ... OK * this is package ‘mina’ version ‘1.16.0’ * package encoding: UTF-8 * checking package namespace information ... OK * checking package dependencies ... OK * checking if this is a source package ... OK * checking if there is a namespace ... OK * checking for hidden files and directories ... OK * checking for portable file names ... OK * checking for sufficient/correct file permissions ... OK * checking whether package ‘mina’ can be installed ... OK * used C++ compiler: ‘g++ (Ubuntu 13.3.0-6ubuntu2~24.04) 13.3.0’ * checking installed package size ... INFO installed size is 8.6Mb sub-directories of 1Mb or more: data 7.6Mb * checking package directory ... OK * checking ‘build’ directory ... OK * checking DESCRIPTION meta-information ... OK * checking top-level files ... OK * checking for left-over files ... OK * checking index information ... OK * checking package subdirectories ... OK * checking code files for non-ASCII characters ... OK * checking R files for syntax errors ... OK * checking whether the package can be loaded ... OK * checking whether the package can be loaded with stated dependencies ... OK * checking whether the package can be unloaded cleanly ... OK * checking whether the namespace can be loaded with stated dependencies ... OK * checking whether the namespace can be unloaded cleanly ... OK * checking loading without being on the library search path ... OK * checking dependencies in R code ... OK * checking S3 generic/method consistency ... OK * checking replacement functions ... OK * checking foreign function calls ... OK * checking R code for possible problems ... NOTE sparcc: no visible binding for global variable ‘i’ net_dis_pcoa,character: no visible binding for global variable ‘y’ net_dis_pcoa,character: no visible binding for global variable ‘Group’ net_dis_plot,mina: no visible binding for global variable ‘Group1’ net_dis_plot,mina: no visible binding for global variable ‘Group2’ net_dis_plot,mina: no visible binding for global variable ‘Distance’ net_dis_plot,mina: no visible binding for global variable ‘Sig’ Undefined global functions or variables: Distance Group Group1 Group2 Sig i y * checking Rd files ... NOTE checkRd: (-1) re_format_AP.Rd:10: Lost braces; missing escapes or markup? 10 | \item{x}{an {APResult} object from \pkg{apcluster}.} | ^ * checking Rd metadata ... OK * checking Rd cross-references ... OK * checking for missing documentation entries ... OK * checking for code/documentation mismatches ... OK * checking Rd \usage sections ... OK * checking Rd contents ... OK * checking for unstated dependencies in examples ... OK * checking contents of ‘data’ directory ... OK * checking data for non-ASCII characters ... OK * checking LazyData ... WARNING LazyData DB of 7.6 MB without LazyDataCompression set See §1.1.6 of 'Writing R Extensions' * checking data for ASCII and uncompressed saves ... OK * checking line endings in C/C++/Fortran sources/headers ... OK * checking compiled code ... NOTE Note: information on .o files is not available * checking files in ‘vignettes’ ... OK * checking examples ... OK Examples with CPU (user + system) or elapsed time > 5s user system elapsed net_dis_plot 37.417 2.687 26.286 net_dis-mina 20.052 1.345 13.708 dis_stat_accessor 15.749 1.520 11.349 com_plot-mina 16.345 0.095 1.832 net_cls-mina 13.335 0.120 12.942 bs_pm-mina 10.687 0.979 5.830 net_cls-matrix 6.494 0.158 5.987 net_cls 6.337 0.098 5.998 * checking for unstated dependencies in vignettes ... OK * checking package vignettes ... OK * checking re-building of vignette outputs ... OK * checking PDF version of manual ... OK * DONE Status: 1 WARNING, 3 NOTEs See ‘/home/biocbuild/bbs-3.21-bioc/meat/mina.Rcheck/00check.log’ for details.
mina.Rcheck/00install.out
############################################################################## ############################################################################## ### ### Running command: ### ### /home/biocbuild/bbs-3.21-bioc/R/bin/R CMD INSTALL mina ### ############################################################################## ############################################################################## * installing to library ‘/home/biocbuild/bbs-3.21-bioc/R/site-library’ * installing *source* package ‘mina’ ... ** this is package ‘mina’ version ‘1.16.0’ ** using staged installation ** libs using C++ compiler: ‘g++ (Ubuntu 13.3.0-6ubuntu2~24.04) 13.3.0’ g++ -std=gnu++17 -I"/home/biocbuild/bbs-3.21-bioc/R/include" -DNDEBUG -I'/home/biocbuild/bbs-3.21-bioc/R/site-library/Rcpp/include' -I'/home/biocbuild/bbs-3.21-bioc/R/site-library/RcppParallel/include' -I'/home/biocbuild/bbs-3.21-bioc/R/site-library/RcppArmadillo/include' -I/usr/local/include -fpic -g -O2 -Wall -Werror=format-security -c RcppExports.cpp -o RcppExports.o g++ -std=gnu++17 -I"/home/biocbuild/bbs-3.21-bioc/R/include" -DNDEBUG -I'/home/biocbuild/bbs-3.21-bioc/R/site-library/Rcpp/include' -I'/home/biocbuild/bbs-3.21-bioc/R/site-library/RcppParallel/include' -I'/home/biocbuild/bbs-3.21-bioc/R/site-library/RcppArmadillo/include' -I/usr/local/include -fpic -g -O2 -Wall -Werror=format-security -c cp_cor.cpp -o cp_cor.o g++ -std=gnu++17 -shared -L/home/biocbuild/bbs-3.21-bioc/R/lib -L/usr/local/lib -o mina.so RcppExports.o cp_cor.o -L/home/biocbuild/bbs-3.21-bioc/R/lib -lR installing to /home/biocbuild/bbs-3.21-bioc/R/site-library/00LOCK-mina/00new/mina/libs ** R ** data *** moving datasets to lazyload DB ** byte-compile and prepare package for lazy loading Creating a new generic function for ‘norm’ in package ‘mina’ ** help *** installing help indices ** building package indices ** installing vignettes ** testing if installed package can be loaded from temporary location ** checking absolute paths in shared objects and dynamic libraries ** testing if installed package can be loaded from final location ** testing if installed package keeps a record of temporary installation path * DONE (mina)
mina.Rcheck/mina-Ex.timings
name | user | system | elapsed | |
adj-matrix | 0.650 | 0.044 | 0.333 | |
adj-mina | 0.991 | 0.013 | 0.616 | |
adj | 0.706 | 0.015 | 0.318 | |
adj_method_list | 0.057 | 0.012 | 0.072 | |
bs_pm-mina | 10.687 | 0.979 | 5.830 | |
bs_pm | 3.010 | 0.168 | 1.725 | |
check_mina | 0.061 | 0.008 | 0.068 | |
check_mina_de | 0.058 | 0.008 | 0.065 | |
check_mina_qu | 0.057 | 0.009 | 0.067 | |
cls_tab | 0.062 | 0.000 | 0.061 | |
com_dis-matrix | 0.543 | 0.006 | 0.213 | |
com_dis-mina | 0.374 | 0.009 | 0.052 | |
com_dis | 0.524 | 0.011 | 0.213 | |
com_dis_list | 0.088 | 0.013 | 0.100 | |
com_plot-mina | 16.345 | 0.095 | 1.832 | |
com_plot | 0.196 | 0.002 | 0.175 | |
com_r2-mina | 0.672 | 0.003 | 0.384 | |
com_r2 | 0.867 | 0.020 | 0.475 | |
data-hmp | 0.001 | 0.000 | 0.001 | |
data-maize | 0.000 | 0.000 | 0.001 | |
des_accessor | 0.002 | 0.000 | 0.002 | |
dis_accessor | 0.583 | 0.018 | 0.311 | |
dis_stat_accessor | 15.749 | 1.520 | 11.349 | |
dmr-matrix | 0.627 | 0.019 | 0.288 | |
dmr-mina | 0.641 | 0.013 | 0.273 | |
dmr | 0.628 | 0.003 | 0.279 | |
dmr_accessor | 0.623 | 0.004 | 0.278 | |
fit_tabs-mina | 0.798 | 0.020 | 0.819 | |
fit_tabs | 0.764 | 0.001 | 0.765 | |
get_net_cls_tab-matrix-data.frame-method | 2.163 | 0.032 | 1.744 | |
get_net_cls_tab | 2.401 | 0.070 | 1.954 | |
get_r2-mat | 0.643 | 0.005 | 0.353 | |
get_r2 | 0.672 | 0.012 | 0.342 | |
get_rep-matrix | 0.259 | 0.001 | 0.260 | |
get_rep-mima | 0.574 | 0.026 | 0.601 | |
hmp_des | 0.001 | 0.000 | 0.001 | |
hmp_otu | 0.000 | 0.001 | 0.001 | |
maize_asv | 0.001 | 0.000 | 0.001 | |
maize_asv2 | 0.000 | 0.001 | 0.001 | |
maize_des | 0.001 | 0.000 | 0.001 | |
maize_des2 | 0.000 | 0.001 | 0.000 | |
mina-class | 0.000 | 0.000 | 0.001 | |
net_cls-matrix | 6.494 | 0.158 | 5.987 | |
net_cls-mina | 13.335 | 0.120 | 12.942 | |
net_cls | 6.337 | 0.098 | 5.998 | |
net_cls_tab-mina-method | 1.730 | 0.030 | 1.314 | |
net_cls_tab | 2.204 | 0.083 | 1.803 | |
net_dis-mina | 20.052 | 1.345 | 13.708 | |
net_dis | 3.028 | 0.235 | 1.858 | |
net_dis_indi | 0.000 | 0.001 | 0.001 | |
net_dis_pcoa | 0 | 0 | 0 | |
net_dis_plot | 37.417 | 2.687 | 26.286 | |
net_grp_cmp | 0.000 | 0.001 | 0.000 | |
net_node_cmp | 0 | 0 | 0 | |
norm_accessor | 0.023 | 0.000 | 0.025 | |
norm_tab-matrix | 0.587 | 0.002 | 0.589 | |
norm_tab-mina | 0.561 | 0.000 | 0.561 | |
norm_tab | 0.024 | 0.001 | 0.024 | |
norm_tab_method_list | 0.051 | 0.011 | 0.061 | |
pcoa_plot | 1.444 | 0.004 | 0.756 | |
sim_par | 0.000 | 0.001 | 0.000 | |
sparcc | 0 | 0 | 0 | |
tab_accessor | 0.001 | 0.000 | 0.000 | |
tina-matrix-method | 0 | 0 | 0 | |
tina | 0 | 0 | 0 | |