Back to Multiple platform build/check report for BioC 3.21: simplified long |
|
This page was generated on 2025-10-16 11:40 -0400 (Thu, 16 Oct 2025).
Hostname | OS | Arch (*) | R version | Installed pkgs |
---|---|---|---|---|
nebbiolo1 | Linux (Ubuntu 24.04.3 LTS) | x86_64 | 4.5.1 (2025-06-13) -- "Great Square Root" | 4833 |
merida1 | macOS 12.7.6 Monterey | x86_64 | 4.5.1 RC (2025-06-05 r88288) -- "Great Square Root" | 4614 |
kjohnson1 | macOS 13.7.5 Ventura | arm64 | 4.5.1 Patched (2025-06-14 r88325) -- "Great Square Root" | 4555 |
kunpeng2 | Linux (openEuler 24.03 LTS) | aarch64 | R Under development (unstable) (2025-02-19 r87757) -- "Unsuffered Consequences" | 4586 |
Click on any hostname to see more info about the system (e.g. compilers) (*) as reported by 'uname -p', except on Windows and Mac OS X |
Package 1289/2341 | Hostname | OS / Arch | INSTALL | BUILD | CHECK | BUILD BIN | ||||||||
mina 1.16.0 (landing page) Rui Guan
| nebbiolo1 | Linux (Ubuntu 24.04.3 LTS) / x86_64 | OK | OK | WARNINGS | ![]() | ||||||||
merida1 | macOS 12.7.6 Monterey / x86_64 | OK | OK | WARNINGS | OK | ![]() | ||||||||
kjohnson1 | macOS 13.7.5 Ventura / arm64 | OK | OK | WARNINGS | OK | ![]() | ||||||||
kunpeng2 | Linux (openEuler 24.03 LTS) / aarch64 | OK | OK | ERROR | ||||||||||
To the developers/maintainers of the mina package: - Allow up to 24 hours (and sometimes 48 hours) for your latest push to git@git.bioconductor.org:packages/mina.git to reflect on this report. See Troubleshooting Build Report for more information. - Use the following Renviron settings to reproduce errors and warnings. - If 'R CMD check' started to fail recently on the Linux builder(s) over a missing dependency, add the missing dependency to 'Suggests:' in your DESCRIPTION file. See Renviron.bioc for more information. |
Package: mina |
Version: 1.16.0 |
Command: /Library/Frameworks/R.framework/Resources/bin/R CMD check --install=check:mina.install-out.txt --library=/Library/Frameworks/R.framework/Resources/library --no-vignettes --timings mina_1.16.0.tar.gz |
StartedAt: 2025-10-15 03:47:00 -0400 (Wed, 15 Oct 2025) |
EndedAt: 2025-10-15 03:51:48 -0400 (Wed, 15 Oct 2025) |
EllapsedTime: 288.1 seconds |
RetCode: 0 |
Status: WARNINGS |
CheckDir: mina.Rcheck |
Warnings: 1 |
############################################################################## ############################################################################## ### ### Running command: ### ### /Library/Frameworks/R.framework/Resources/bin/R CMD check --install=check:mina.install-out.txt --library=/Library/Frameworks/R.framework/Resources/library --no-vignettes --timings mina_1.16.0.tar.gz ### ############################################################################## ############################################################################## * using log directory ‘/Users/biocbuild/bbs-3.21-bioc/meat/mina.Rcheck’ * using R version 4.5.1 Patched (2025-06-14 r88325) * using platform: aarch64-apple-darwin20 * R was compiled by Apple clang version 16.0.0 (clang-1600.0.26.6) GNU Fortran (GCC) 14.2.0 * running under: macOS Ventura 13.7.5 * using session charset: UTF-8 * using option ‘--no-vignettes’ * checking for file ‘mina/DESCRIPTION’ ... OK * this is package ‘mina’ version ‘1.16.0’ * package encoding: UTF-8 * checking package namespace information ... OK * checking package dependencies ... OK * checking if this is a source package ... OK * checking if there is a namespace ... OK * checking for hidden files and directories ... OK * checking for portable file names ... OK * checking for sufficient/correct file permissions ... OK * checking whether package ‘mina’ can be installed ... OK * used C++ compiler: ‘Apple clang version 15.0.0 (clang-1500.0.40.1)’ * used SDK: ‘MacOSX11.3.sdk’ * checking installed package size ... INFO installed size is 8.2Mb sub-directories of 1Mb or more: data 7.6Mb * checking package directory ... OK * checking ‘build’ directory ... OK * checking DESCRIPTION meta-information ... OK * checking top-level files ... OK * checking for left-over files ... OK * checking index information ... OK * checking package subdirectories ... OK * checking code files for non-ASCII characters ... OK * checking R files for syntax errors ... OK * checking whether the package can be loaded ... OK * checking whether the package can be loaded with stated dependencies ... OK * checking whether the package can be unloaded cleanly ... OK * checking whether the namespace can be loaded with stated dependencies ... OK * checking whether the namespace can be unloaded cleanly ... OK * checking dependencies in R code ... OK * checking S3 generic/method consistency ... OK * checking replacement functions ... OK * checking foreign function calls ... OK * checking R code for possible problems ... NOTE sparcc: no visible binding for global variable ‘i’ net_dis_pcoa,character: no visible binding for global variable ‘y’ net_dis_pcoa,character: no visible binding for global variable ‘Group’ net_dis_plot,mina: no visible binding for global variable ‘Group1’ net_dis_plot,mina: no visible binding for global variable ‘Group2’ net_dis_plot,mina: no visible binding for global variable ‘Distance’ net_dis_plot,mina: no visible binding for global variable ‘Sig’ Undefined global functions or variables: Distance Group Group1 Group2 Sig i y * checking Rd files ... NOTE checkRd: (-1) re_format_AP.Rd:10: Lost braces; missing escapes or markup? 10 | \item{x}{an {APResult} object from \pkg{apcluster}.} | ^ * checking Rd metadata ... OK * checking Rd cross-references ... OK * checking for missing documentation entries ... OK * checking for code/documentation mismatches ... OK * checking Rd \usage sections ... OK * checking Rd contents ... OK * checking for unstated dependencies in examples ... OK * checking contents of ‘data’ directory ... OK * checking data for non-ASCII characters ... OK * checking LazyData ... WARNING LazyData DB of 7.6 MB without LazyDataCompression set See §1.1.6 of 'Writing R Extensions' * checking data for ASCII and uncompressed saves ... OK * checking line endings in C/C++/Fortran sources/headers ... OK * checking compiled code ... NOTE Note: information on .o files is not available * checking files in ‘vignettes’ ... OK * checking examples ... OK Examples with CPU (user + system) or elapsed time > 5s user system elapsed net_dis_plot 37.408 10.668 45.005 net_dis-mina 19.120 5.727 23.217 net_cls-mina 21.216 1.584 22.944 dis_stat_accessor 15.183 3.112 17.240 net_cls 16.474 0.898 17.165 net_cls-matrix 16.581 0.743 17.045 com_plot-mina 7.976 1.536 2.976 bs_pm-mina 7.772 0.722 7.423 * checking for unstated dependencies in vignettes ... OK * checking package vignettes ... OK * checking running R code from vignettes ... SKIPPED * checking re-building of vignette outputs ... SKIPPED * checking PDF version of manual ... OK * DONE Status: 1 WARNING, 3 NOTEs See ‘/Users/biocbuild/bbs-3.21-bioc/meat/mina.Rcheck/00check.log’ for details.
mina.Rcheck/00install.out
############################################################################## ############################################################################## ### ### Running command: ### ### /Library/Frameworks/R.framework/Resources/bin/R CMD INSTALL mina ### ############################################################################## ############################################################################## * installing to library ‘/Library/Frameworks/R.framework/Versions/4.5-arm64/Resources/library’ * installing *source* package ‘mina’ ... ** this is package ‘mina’ version ‘1.16.0’ ** using staged installation ** libs using C++ compiler: ‘Apple clang version 15.0.0 (clang-1500.0.40.1)’ using SDK: ‘MacOSX11.3.sdk’ clang++ -arch arm64 -std=gnu++17 -I"/Library/Frameworks/R.framework/Resources/include" -DNDEBUG -I'/Library/Frameworks/R.framework/Versions/4.5-arm64/Resources/library/Rcpp/include' -I'/Library/Frameworks/R.framework/Versions/4.5-arm64/Resources/library/RcppParallel/include' -I'/Library/Frameworks/R.framework/Versions/4.5-arm64/Resources/library/RcppArmadillo/include' -I/opt/R/arm64/include -fPIC -falign-functions=64 -Wall -g -O2 -c RcppExports.cpp -o RcppExports.o clang++ -arch arm64 -std=gnu++17 -I"/Library/Frameworks/R.framework/Resources/include" -DNDEBUG -I'/Library/Frameworks/R.framework/Versions/4.5-arm64/Resources/library/Rcpp/include' -I'/Library/Frameworks/R.framework/Versions/4.5-arm64/Resources/library/RcppParallel/include' -I'/Library/Frameworks/R.framework/Versions/4.5-arm64/Resources/library/RcppArmadillo/include' -I/opt/R/arm64/include -fPIC -falign-functions=64 -Wall -g -O2 -c cp_cor.cpp -o cp_cor.o clang++ -arch arm64 -std=gnu++17 -dynamiclib -Wl,-headerpad_max_install_names -undefined dynamic_lookup -L/Library/Frameworks/R.framework/Resources/lib -L/opt/R/arm64/lib -o mina.so RcppExports.o cp_cor.o -F/Library/Frameworks/R.framework/.. -framework R installing to /Library/Frameworks/R.framework/Versions/4.5-arm64/Resources/library/00LOCK-mina/00new/mina/libs ** R ** data *** moving datasets to lazyload DB ** byte-compile and prepare package for lazy loading Creating a new generic function for ‘norm’ in package ‘mina’ ** help *** installing help indices ** building package indices ** installing vignettes ** testing if installed package can be loaded from temporary location ** checking absolute paths in shared objects and dynamic libraries ** testing if installed package can be loaded from final location ** testing if installed package keeps a record of temporary installation path * DONE (mina)
mina.Rcheck/mina-Ex.timings
name | user | system | elapsed | |
adj-matrix | 0.779 | 0.033 | 0.474 | |
adj-mina | 1.153 | 0.045 | 0.871 | |
adj | 1.105 | 0.043 | 0.821 | |
adj_method_list | 0.074 | 0.038 | 0.129 | |
bs_pm-mina | 7.772 | 0.722 | 7.423 | |
bs_pm | 2.223 | 0.268 | 2.295 | |
check_mina | 0.056 | 0.021 | 0.077 | |
check_mina_de | 0.053 | 0.019 | 0.072 | |
check_mina_qu | 0.051 | 0.018 | 0.071 | |
cls_tab | 0.057 | 0.026 | 0.084 | |
com_dis-matrix | 0.640 | 0.015 | 0.303 | |
com_dis-mina | 0.462 | 0.010 | 0.132 | |
com_dis | 0.619 | 0.020 | 0.306 | |
com_dis_list | 0.101 | 0.035 | 0.141 | |
com_plot-mina | 7.976 | 1.536 | 2.976 | |
com_plot | 0.237 | 0.033 | 0.263 | |
com_r2-mina | 0.875 | 0.027 | 0.556 | |
com_r2 | 0.886 | 0.157 | 0.750 | |
data-hmp | 0.002 | 0.002 | 0.004 | |
data-maize | 0.001 | 0.001 | 0.002 | |
des_accessor | 0.002 | 0.000 | 0.003 | |
dis_accessor | 0.446 | 0.009 | 0.124 | |
dis_stat_accessor | 15.183 | 3.112 | 17.240 | |
dmr-matrix | 0.747 | 0.010 | 0.416 | |
dmr-mina | 0.764 | 0.044 | 0.475 | |
dmr | 0.745 | 0.021 | 0.428 | |
dmr_accessor | 0.739 | 0.024 | 0.426 | |
fit_tabs-mina | 0.670 | 0.221 | 0.908 | |
fit_tabs | 1.290 | 0.279 | 1.580 | |
get_net_cls_tab-matrix-data.frame-method | 2.205 | 0.210 | 2.091 | |
get_net_cls_tab | 2.045 | 0.258 | 2.107 | |
get_r2-mat | 0.849 | 0.044 | 0.557 | |
get_r2 | 0.857 | 0.037 | 0.583 | |
get_rep-matrix | 0.242 | 0.036 | 0.283 | |
get_rep-mima | 0.749 | 0.137 | 0.937 | |
hmp_des | 0.001 | 0.001 | 0.002 | |
hmp_otu | 0.000 | 0.001 | 0.002 | |
maize_asv | 0.000 | 0.002 | 0.002 | |
maize_asv2 | 0.001 | 0.001 | 0.002 | |
maize_des | 0.001 | 0.001 | 0.001 | |
maize_des2 | 0.001 | 0.002 | 0.002 | |
mina-class | 0.001 | 0.000 | 0.001 | |
net_cls-matrix | 16.581 | 0.743 | 17.045 | |
net_cls-mina | 21.216 | 1.584 | 22.944 | |
net_cls | 16.474 | 0.898 | 17.165 | |
net_cls_tab-mina-method | 4.012 | 0.175 | 3.838 | |
net_cls_tab | 2.200 | 0.177 | 2.030 | |
net_dis-mina | 19.120 | 5.727 | 23.217 | |
net_dis | 2.419 | 0.294 | 2.546 | |
net_dis_indi | 0 | 0 | 0 | |
net_dis_pcoa | 0.000 | 0.000 | 0.001 | |
net_dis_plot | 37.408 | 10.668 | 45.005 | |
net_grp_cmp | 0.000 | 0.000 | 0.001 | |
net_node_cmp | 0.000 | 0.001 | 0.000 | |
norm_accessor | 0.034 | 0.004 | 0.039 | |
norm_tab-matrix | 0.698 | 0.041 | 0.739 | |
norm_tab-mina | 0.704 | 0.101 | 0.810 | |
norm_tab | 0.034 | 0.005 | 0.039 | |
norm_tab_method_list | 0.063 | 0.034 | 0.103 | |
pcoa_plot | 1.742 | 0.081 | 1.168 | |
sim_par | 0.000 | 0.001 | 0.000 | |
sparcc | 0 | 0 | 0 | |
tab_accessor | 0 | 0 | 0 | |
tina-matrix-method | 0.000 | 0.001 | 0.000 | |
tina | 0 | 0 | 0 | |