| Back to Multiple platform build/check report for BioC 3.20: simplified long |
|
This page was generated on 2025-04-02 19:35 -0400 (Wed, 02 Apr 2025).
| Hostname | OS | Arch (*) | R version | Installed pkgs |
|---|---|---|---|---|
| nebbiolo2 | Linux (Ubuntu 24.04.1 LTS) | x86_64 | 4.4.3 (2025-02-28) -- "Trophy Case" | 4764 |
| palomino8 | Windows Server 2022 Datacenter | x64 | 4.4.3 (2025-02-28 ucrt) -- "Trophy Case" | 4495 |
| merida1 | macOS 12.7.5 Monterey | x86_64 | 4.4.3 (2025-02-28) -- "Trophy Case" | 4522 |
| kjohnson1 | macOS 13.6.6 Ventura | arm64 | 4.4.3 (2025-02-28) -- "Trophy Case" | 4449 |
| taishan | Linux (openEuler 24.03 LTS) | aarch64 | 4.4.3 (2025-02-28) -- "Trophy Case" | 4426 |
| Click on any hostname to see more info about the system (e.g. compilers) (*) as reported by 'uname -p', except on Windows and Mac OS X | ||||
| Package 1263/2289 | Hostname | OS / Arch | INSTALL | BUILD | CHECK | BUILD BIN | ||||||||
| mina 1.14.0 (landing page) Rui Guan
| nebbiolo2 | Linux (Ubuntu 24.04.1 LTS) / x86_64 | OK | OK | WARNINGS | |||||||||
| palomino8 | Windows Server 2022 Datacenter / x64 | OK | OK | WARNINGS | OK | |||||||||
| merida1 | macOS 12.7.5 Monterey / x86_64 | OK | OK | WARNINGS | OK | |||||||||
| kjohnson1 | macOS 13.6.6 Ventura / arm64 | OK | OK | WARNINGS | OK | |||||||||
| taishan | Linux (openEuler 24.03 LTS) / aarch64 | OK | OK | WARNINGS | ||||||||||
|
To the developers/maintainers of the mina package: - Allow up to 24 hours (and sometimes 48 hours) for your latest push to git@git.bioconductor.org:packages/mina.git to reflect on this report. See Troubleshooting Build Report for more information. - Use the following Renviron settings to reproduce errors and warnings. - If 'R CMD check' started to fail recently on the Linux builder(s) over a missing dependency, add the missing dependency to 'Suggests:' in your DESCRIPTION file. See Renviron.bioc for more information. - See Martin Grigorov's blog post for how to debug Linux ARM64 related issues on a x86_64 host. |
| Package: mina |
| Version: 1.14.0 |
| Command: /home/biocbuild/R/R/bin/R CMD check --install=check:mina.install-out.txt --library=/home/biocbuild/R/R/site-library --no-vignettes --timings mina_1.14.0.tar.gz |
| StartedAt: 2025-04-01 08:19:17 -0000 (Tue, 01 Apr 2025) |
| EndedAt: 2025-04-01 08:23:27 -0000 (Tue, 01 Apr 2025) |
| EllapsedTime: 250.3 seconds |
| RetCode: 0 |
| Status: WARNINGS |
| CheckDir: mina.Rcheck |
| Warnings: 1 |
##############################################################################
##############################################################################
###
### Running command:
###
### /home/biocbuild/R/R/bin/R CMD check --install=check:mina.install-out.txt --library=/home/biocbuild/R/R/site-library --no-vignettes --timings mina_1.14.0.tar.gz
###
##############################################################################
##############################################################################
* using log directory ‘/home/biocbuild/bbs-3.20-bioc/meat/mina.Rcheck’
* using R version 4.4.3 (2025-02-28)
* using platform: aarch64-unknown-linux-gnu
* R was compiled by
aarch64-unknown-linux-gnu-gcc (GCC) 14.2.0
GNU Fortran (GCC) 14.2.0
* running under: openEuler 24.03 (LTS)
* using session charset: UTF-8
* using option ‘--no-vignettes’
* checking for file ‘mina/DESCRIPTION’ ... OK
* this is package ‘mina’ version ‘1.14.0’
* package encoding: UTF-8
* checking package namespace information ... OK
* checking package dependencies ... OK
* checking if this is a source package ... OK
* checking if there is a namespace ... OK
* checking for hidden files and directories ... OK
* checking for portable file names ... OK
* checking for sufficient/correct file permissions ... OK
* checking whether package ‘mina’ can be installed ... OK
* used C++ compiler: ‘aarch64-unknown-linux-gnu-g++ (GCC) 14.2.0’
* checking installed package size ... NOTE
installed size is 9.1Mb
sub-directories of 1Mb or more:
data 7.4Mb
libs 1.2Mb
* checking package directory ... OK
* checking ‘build’ directory ... OK
* checking DESCRIPTION meta-information ... OK
* checking top-level files ... OK
* checking for left-over files ... OK
* checking index information ... OK
* checking package subdirectories ... OK
* checking code files for non-ASCII characters ... OK
* checking R files for syntax errors ... OK
* checking whether the package can be loaded ... OK
* checking whether the package can be loaded with stated dependencies ... OK
* checking whether the package can be unloaded cleanly ... OK
* checking whether the namespace can be loaded with stated dependencies ... OK
* checking whether the namespace can be unloaded cleanly ... OK
* checking loading without being on the library search path ... OK
* checking dependencies in R code ... OK
* checking S3 generic/method consistency ... OK
* checking replacement functions ... OK
* checking foreign function calls ... OK
* checking R code for possible problems ... NOTE
sparcc: no visible binding for global variable ‘i’
net_dis_pcoa,character: no visible binding for global variable ‘y’
net_dis_pcoa,character: no visible binding for global variable ‘Group’
net_dis_plot,mina: no visible binding for global variable ‘Group1’
net_dis_plot,mina: no visible binding for global variable ‘Group2’
net_dis_plot,mina: no visible binding for global variable ‘Distance’
net_dis_plot,mina: no visible binding for global variable ‘Sig’
Undefined global functions or variables:
Distance Group Group1 Group2 Sig i y
* checking Rd files ... NOTE
checkRd: (-1) re_format_AP.Rd:10: Lost braces; missing escapes or markup?
10 | \item{x}{an {APResult} object from \pkg{apcluster}.}
| ^
* checking Rd metadata ... OK
* checking Rd cross-references ... OK
* checking for missing documentation entries ... OK
* checking for code/documentation mismatches ... OK
* checking Rd \usage sections ... OK
* checking Rd contents ... OK
* checking for unstated dependencies in examples ... OK
* checking contents of ‘data’ directory ... OK
* checking data for non-ASCII characters ... OK
* checking LazyData ... WARNING
LazyData DB of 7.4 MB without LazyDataCompression set
See §1.1.6 of 'Writing R Extensions'
* checking data for ASCII and uncompressed saves ... OK
* checking line endings in C/C++/Fortran sources/headers ... OK
* checking compiled code ... NOTE
Note: information on .o files is not available
* checking files in ‘vignettes’ ... OK
* checking examples ... OK
Examples with CPU (user + system) or elapsed time > 5s
user system elapsed
net_dis_plot 54.107 1.599 51.380
net_dis-mina 27.291 0.780 25.893
com_plot-mina 24.284 0.046 3.264
dis_stat_accessor 20.189 0.853 19.502
net_cls-mina 18.052 0.019 17.695
bs_pm-mina 7.998 0.630 7.082
* checking for unstated dependencies in vignettes ... OK
* checking package vignettes ... OK
* checking running R code from vignettes ... SKIPPED
* checking re-building of vignette outputs ... SKIPPED
* checking PDF version of manual ... OK
* DONE
Status: 1 WARNING, 4 NOTEs
See
‘/home/biocbuild/bbs-3.20-bioc/meat/mina.Rcheck/00check.log’
for details.
mina.Rcheck/00install.out
##############################################################################
##############################################################################
###
### Running command:
###
### /home/biocbuild/R/R/bin/R CMD INSTALL mina
###
##############################################################################
##############################################################################
* installing to library ‘/home/biocbuild/R/R-4.4.3/site-library’
* installing *source* package ‘mina’ ...
** using staged installation
** libs
using C++ compiler: ‘aarch64-unknown-linux-gnu-g++ (GCC) 14.2.0’
/opt/ohpc/pub/compiler/gcc/14.2.0/bin/aarch64-unknown-linux-gnu-g++ -std=gnu++17 -I"/home/biocbuild/R/R-4.4.3/include" -DNDEBUG -I'/home/biocbuild/R/R-4.4.3/site-library/Rcpp/include' -I'/home/biocbuild/R/R-4.4.3/site-library/RcppParallel/include' -I'/home/biocbuild/R/R-4.4.3/site-library/RcppArmadillo/include' -I/usr/local/include -fPIC -g -O2 -Wall -c RcppExports.cpp -o RcppExports.o
/opt/ohpc/pub/compiler/gcc/14.2.0/bin/aarch64-unknown-linux-gnu-g++ -std=gnu++17 -I"/home/biocbuild/R/R-4.4.3/include" -DNDEBUG -I'/home/biocbuild/R/R-4.4.3/site-library/Rcpp/include' -I'/home/biocbuild/R/R-4.4.3/site-library/RcppParallel/include' -I'/home/biocbuild/R/R-4.4.3/site-library/RcppArmadillo/include' -I/usr/local/include -fPIC -g -O2 -Wall -c cp_cor.cpp -o cp_cor.o
In file included from /home/biocbuild/R/R-4.4.3/site-library/RcppParallel/include/tbb/tbb.h:32,
from /home/biocbuild/R/R-4.4.3/site-library/RcppParallel/include/RcppParallel/TBB.h:10,
from /home/biocbuild/R/R-4.4.3/site-library/RcppParallel/include/RcppParallel.h:24,
from cp_cor.cpp:6:
/home/biocbuild/R/R-4.4.3/site-library/RcppParallel/include/tbb/atomic.h: In instantiation of ‘tbb::atomic<T>& tbb::internal::as_atomic(T&) [with T = long unsigned int]’:
/home/biocbuild/R/R-4.4.3/site-library/RcppParallel/include/tbb/tbb_thread.h:251:29: required from here
251 | return as_atomic(location.my_id).compare_and_swap(value.my_id, comparand.my_id);
| ~~~~~~~~~^~~~~~~~~~~~~~~~
/home/biocbuild/R/R-4.4.3/site-library/RcppParallel/include/tbb/atomic.h:544:12: warning: casting ‘long unsigned int’ to ‘tbb::atomic<long unsigned int>&’ does not use ‘constexpr tbb::atomic<long unsigned int>::atomic(long unsigned int)’ [-Wcast-user-defined]
544 | return (atomic<T>&)t;
| ^~~~~~~~~~~~~
/home/biocbuild/R/R-4.4.3/site-library/RcppParallel/include/tbb/atomic.h: In instantiation of ‘tbb::atomic<T>& tbb::internal::as_atomic(T&) [with T = tbb::interface5::internal::hash_map_base::bucket*]’:
/home/biocbuild/R/R-4.4.3/site-library/RcppParallel/include/tbb/concurrent_hash_map.h:291:31: required from here
291 | && as_atomic(my_table[new_seg]).compare_and_swap(is_allocating, NULL) == NULL )
| ~~~~~~~~~^~~~~~~~~~~~~~~~~~~
/home/biocbuild/R/R-4.4.3/site-library/RcppParallel/include/tbb/atomic.h:544:12: warning: casting ‘tbb::interface5::internal::hash_map_base::bucket*’ to ‘tbb::atomic<tbb::interface5::internal::hash_map_base::bucket*>&’ does not use ‘constexpr tbb::atomic<T*>::atomic(T*) [with T = tbb::interface5::internal::hash_map_base::bucket]’ [-Wcast-user-defined]
544 | return (atomic<T>&)t;
| ^~~~~~~~~~~~~
/opt/ohpc/pub/compiler/gcc/14.2.0/bin/aarch64-unknown-linux-gnu-g++ -std=gnu++17 -shared -L/home/biocbuild/R/R-4.4.3/lib -L/usr/local/lib -o mina.so RcppExports.o cp_cor.o -L/home/biocbuild/R/R-4.4.3/lib -lR
installing to /home/biocbuild/R/R-4.4.3/site-library/00LOCK-mina/00new/mina/libs
** R
** data
*** moving datasets to lazyload DB
** byte-compile and prepare package for lazy loading
Creating a new generic function for ‘norm’ in package ‘mina’
** help
*** installing help indices
** building package indices
** installing vignettes
** testing if installed package can be loaded from temporary location
** checking absolute paths in shared objects and dynamic libraries
** testing if installed package can be loaded from final location
** testing if installed package keeps a record of temporary installation path
* DONE (mina)
mina.Rcheck/mina-Ex.timings
| name | user | system | elapsed | |
| adj-matrix | 0.832 | 0.026 | 0.432 | |
| adj-mina | 1.006 | 0.008 | 0.641 | |
| adj | 1.171 | 0.005 | 0.772 | |
| adj_method_list | 0.076 | 0.007 | 0.092 | |
| bs_pm-mina | 7.998 | 0.630 | 7.082 | |
| bs_pm | 1.706 | 0.266 | 1.667 | |
| check_mina | 0.085 | 0.016 | 0.102 | |
| check_mina_de | 0.095 | 0.000 | 0.096 | |
| check_mina_qu | 0.096 | 0.004 | 0.099 | |
| cls_tab | 0.102 | 0.000 | 0.102 | |
| com_dis-matrix | 0.615 | 0.009 | 0.390 | |
| com_dis-mina | 0.333 | 0.001 | 0.110 | |
| com_dis | 0.590 | 0.005 | 0.346 | |
| com_dis_list | 0.108 | 0.004 | 0.113 | |
| com_plot-mina | 24.284 | 0.046 | 3.264 | |
| com_plot | 0.196 | 0.000 | 0.192 | |
| com_r2-mina | 0.938 | 0.000 | 0.591 | |
| com_r2 | 1.778 | 0.012 | 1.094 | |
| data-hmp | 0.001 | 0.000 | 0.001 | |
| data-maize | 0.001 | 0.000 | 0.001 | |
| des_accessor | 0.003 | 0.000 | 0.004 | |
| dis_accessor | 0.332 | 0.004 | 0.098 | |
| dis_stat_accessor | 20.189 | 0.853 | 19.502 | |
| dmr-matrix | 0.785 | 0.017 | 0.470 | |
| dmr-mina | 0.705 | 0.004 | 0.436 | |
| dmr | 0.636 | 0.012 | 0.419 | |
| dmr_accessor | 0.752 | 0.009 | 0.454 | |
| fit_tabs-mina | 0.938 | 0.020 | 0.960 | |
| fit_tabs | 1.633 | 0.040 | 1.676 | |
| get_net_cls_tab-matrix-data.frame-method | 2.318 | 0.008 | 1.915 | |
| get_net_cls_tab | 2.472 | 0.005 | 2.065 | |
| get_r2-mat | 0.888 | 0.000 | 0.559 | |
| get_r2 | 0.925 | 0.004 | 0.604 | |
| get_rep-matrix | 0.487 | 0.000 | 0.488 | |
| get_rep-mima | 1.081 | 0.000 | 1.083 | |
| hmp_des | 0.001 | 0.000 | 0.001 | |
| hmp_otu | 0.001 | 0.000 | 0.000 | |
| maize_asv | 0.001 | 0.000 | 0.001 | |
| maize_asv2 | 0.000 | 0.000 | 0.001 | |
| maize_des | 0.001 | 0.000 | 0.001 | |
| maize_des2 | 0.001 | 0.000 | 0.001 | |
| mina-class | 0.001 | 0.000 | 0.001 | |
| net_cls-matrix | 3.073 | 0.011 | 2.695 | |
| net_cls-mina | 18.052 | 0.019 | 17.695 | |
| net_cls | 3.183 | 0.024 | 2.813 | |
| net_cls_tab-mina-method | 2.445 | 0.005 | 2.066 | |
| net_cls_tab | 2.246 | 0.008 | 1.879 | |
| net_dis-mina | 27.291 | 0.780 | 25.893 | |
| net_dis | 1.704 | 0.245 | 1.737 | |
| net_dis_indi | 0.000 | 0.000 | 0.001 | |
| net_dis_pcoa | 0 | 0 | 0 | |
| net_dis_plot | 54.107 | 1.599 | 51.380 | |
| net_grp_cmp | 0 | 0 | 0 | |
| net_node_cmp | 0 | 0 | 0 | |
| norm_accessor | 0.038 | 0.000 | 0.037 | |
| norm_tab-matrix | 0.959 | 0.024 | 0.984 | |
| norm_tab-mina | 0.943 | 0.023 | 0.969 | |
| norm_tab | 0.039 | 0.001 | 0.038 | |
| norm_tab_method_list | 0.07 | 0.00 | 0.07 | |
| pcoa_plot | 1.453 | 0.016 | 1.017 | |
| sim_par | 0 | 0 | 0 | |
| sparcc | 0 | 0 | 0 | |
| tab_accessor | 0 | 0 | 0 | |
| tina-matrix-method | 0 | 0 | 0 | |
| tina | 0.000 | 0.000 | 0.001 | |