| Back to Multiple platform build/check report for BioC 3.20: simplified long |
|
This page was generated on 2025-04-02 19:34 -0400 (Wed, 02 Apr 2025).
| Hostname | OS | Arch (*) | R version | Installed pkgs |
|---|---|---|---|---|
| nebbiolo2 | Linux (Ubuntu 24.04.1 LTS) | x86_64 | 4.4.3 (2025-02-28) -- "Trophy Case" | 4764 |
| palomino8 | Windows Server 2022 Datacenter | x64 | 4.4.3 (2025-02-28 ucrt) -- "Trophy Case" | 4495 |
| merida1 | macOS 12.7.5 Monterey | x86_64 | 4.4.3 (2025-02-28) -- "Trophy Case" | 4522 |
| kjohnson1 | macOS 13.6.6 Ventura | arm64 | 4.4.3 (2025-02-28) -- "Trophy Case" | 4449 |
| taishan | Linux (openEuler 24.03 LTS) | aarch64 | 4.4.3 (2025-02-28) -- "Trophy Case" | 4426 |
| Click on any hostname to see more info about the system (e.g. compilers) (*) as reported by 'uname -p', except on Windows and Mac OS X | ||||
| Package 1263/2289 | Hostname | OS / Arch | INSTALL | BUILD | CHECK | BUILD BIN | ||||||||
| mina 1.14.0 (landing page) Rui Guan
| nebbiolo2 | Linux (Ubuntu 24.04.1 LTS) / x86_64 | OK | OK | WARNINGS | |||||||||
| palomino8 | Windows Server 2022 Datacenter / x64 | OK | OK | WARNINGS | OK | |||||||||
| merida1 | macOS 12.7.5 Monterey / x86_64 | OK | OK | WARNINGS | OK | |||||||||
| kjohnson1 | macOS 13.6.6 Ventura / arm64 | OK | OK | WARNINGS | OK | |||||||||
| taishan | Linux (openEuler 24.03 LTS) / aarch64 | OK | OK | WARNINGS | ||||||||||
|
To the developers/maintainers of the mina package: - Allow up to 24 hours (and sometimes 48 hours) for your latest push to git@git.bioconductor.org:packages/mina.git to reflect on this report. See Troubleshooting Build Report for more information. - Use the following Renviron settings to reproduce errors and warnings. - If 'R CMD check' started to fail recently on the Linux builder(s) over a missing dependency, add the missing dependency to 'Suggests:' in your DESCRIPTION file. See Renviron.bioc for more information. |
| Package: mina |
| Version: 1.14.0 |
| Command: /Library/Frameworks/R.framework/Resources/bin/R CMD check --install=check:mina.install-out.txt --library=/Library/Frameworks/R.framework/Resources/library --no-vignettes --timings mina_1.14.0.tar.gz |
| StartedAt: 2025-04-02 00:54:31 -0400 (Wed, 02 Apr 2025) |
| EndedAt: 2025-04-02 00:59:10 -0400 (Wed, 02 Apr 2025) |
| EllapsedTime: 278.2 seconds |
| RetCode: 0 |
| Status: WARNINGS |
| CheckDir: mina.Rcheck |
| Warnings: 1 |
##############################################################################
##############################################################################
###
### Running command:
###
### /Library/Frameworks/R.framework/Resources/bin/R CMD check --install=check:mina.install-out.txt --library=/Library/Frameworks/R.framework/Resources/library --no-vignettes --timings mina_1.14.0.tar.gz
###
##############################################################################
##############################################################################
* using log directory ‘/Users/biocbuild/bbs-3.20-bioc/meat/mina.Rcheck’
* using R version 4.4.3 (2025-02-28)
* using platform: aarch64-apple-darwin20
* R was compiled by
Apple clang version 14.0.0 (clang-1400.0.29.202)
GNU Fortran (GCC) 12.2.0
* running under: macOS Ventura 13.7.1
* using session charset: UTF-8
* using option ‘--no-vignettes’
* checking for file ‘mina/DESCRIPTION’ ... OK
* this is package ‘mina’ version ‘1.14.0’
* package encoding: UTF-8
* checking package namespace information ... OK
* checking package dependencies ... OK
* checking if this is a source package ... OK
* checking if there is a namespace ... OK
* checking for hidden files and directories ... OK
* checking for portable file names ... OK
* checking for sufficient/correct file permissions ... OK
* checking whether package ‘mina’ can be installed ... OK
* used C++ compiler: ‘Apple clang version 15.0.0 (clang-1500.0.40.1)’
* used SDK: ‘MacOSX11.3.sdk’
* checking installed package size ... NOTE
installed size is 8.2Mb
sub-directories of 1Mb or more:
data 7.6Mb
* checking package directory ... OK
* checking ‘build’ directory ... OK
* checking DESCRIPTION meta-information ... OK
* checking top-level files ... OK
* checking for left-over files ... OK
* checking index information ... OK
* checking package subdirectories ... OK
* checking code files for non-ASCII characters ... OK
* checking R files for syntax errors ... OK
* checking whether the package can be loaded ... OK
* checking whether the package can be loaded with stated dependencies ... OK
* checking whether the package can be unloaded cleanly ... OK
* checking whether the namespace can be loaded with stated dependencies ... OK
* checking whether the namespace can be unloaded cleanly ... OK
* checking dependencies in R code ... OK
* checking S3 generic/method consistency ... OK
* checking replacement functions ... OK
* checking foreign function calls ... OK
* checking R code for possible problems ... NOTE
sparcc: no visible binding for global variable ‘i’
net_dis_pcoa,character: no visible binding for global variable ‘y’
net_dis_pcoa,character: no visible binding for global variable ‘Group’
net_dis_plot,mina: no visible binding for global variable ‘Group1’
net_dis_plot,mina: no visible binding for global variable ‘Group2’
net_dis_plot,mina: no visible binding for global variable ‘Distance’
net_dis_plot,mina: no visible binding for global variable ‘Sig’
Undefined global functions or variables:
Distance Group Group1 Group2 Sig i y
* checking Rd files ... NOTE
checkRd: (-1) re_format_AP.Rd:10: Lost braces; missing escapes or markup?
10 | \item{x}{an {APResult} object from \pkg{apcluster}.}
| ^
* checking Rd metadata ... OK
* checking Rd cross-references ... OK
* checking for missing documentation entries ... OK
* checking for code/documentation mismatches ... OK
* checking Rd \usage sections ... OK
* checking Rd contents ... OK
* checking for unstated dependencies in examples ... OK
* checking contents of ‘data’ directory ... OK
* checking data for non-ASCII characters ... OK
* checking LazyData ... WARNING
LazyData DB of 7.6 MB without LazyDataCompression set
See §1.1.6 of 'Writing R Extensions'
* checking data for ASCII and uncompressed saves ... OK
* checking line endings in C/C++/Fortran sources/headers ... OK
* checking compiled code ... NOTE
Note: information on .o files is not available
* checking files in ‘vignettes’ ... OK
* checking examples ... OK
Examples with CPU (user + system) or elapsed time > 5s
user system elapsed
net_dis_plot 38.431 9.936 45.392
net_dis-mina 19.527 5.686 23.571
net_cls-mina 17.987 1.015 18.751
dis_stat_accessor 15.443 2.533 17.636
net_cls-matrix 16.642 0.796 17.321
net_cls 16.208 0.865 16.830
com_plot-mina 8.201 1.145 3.043
bs_pm-mina 7.932 0.525 8.142
* checking for unstated dependencies in vignettes ... OK
* checking package vignettes ... OK
* checking running R code from vignettes ... SKIPPED
* checking re-building of vignette outputs ... SKIPPED
* checking PDF version of manual ... OK
* DONE
Status: 1 WARNING, 4 NOTEs
See
‘/Users/biocbuild/bbs-3.20-bioc/meat/mina.Rcheck/00check.log’
for details.
mina.Rcheck/00install.out
############################################################################## ############################################################################## ### ### Running command: ### ### /Library/Frameworks/R.framework/Resources/bin/R CMD INSTALL mina ### ############################################################################## ############################################################################## * installing to library ‘/Library/Frameworks/R.framework/Versions/4.4-arm64/Resources/library’ * installing *source* package ‘mina’ ... ** using staged installation ** libs using C++ compiler: ‘Apple clang version 15.0.0 (clang-1500.0.40.1)’ using SDK: ‘MacOSX11.3.sdk’ clang++ -arch arm64 -std=gnu++17 -I"/Library/Frameworks/R.framework/Resources/include" -DNDEBUG -I'/Library/Frameworks/R.framework/Versions/4.4-arm64/Resources/library/Rcpp/include' -I'/Library/Frameworks/R.framework/Versions/4.4-arm64/Resources/library/RcppParallel/include' -I'/Library/Frameworks/R.framework/Versions/4.4-arm64/Resources/library/RcppArmadillo/include' -I/opt/R/arm64/include -fPIC -falign-functions=64 -Wall -g -O2 -c RcppExports.cpp -o RcppExports.o clang++ -arch arm64 -std=gnu++17 -I"/Library/Frameworks/R.framework/Resources/include" -DNDEBUG -I'/Library/Frameworks/R.framework/Versions/4.4-arm64/Resources/library/Rcpp/include' -I'/Library/Frameworks/R.framework/Versions/4.4-arm64/Resources/library/RcppParallel/include' -I'/Library/Frameworks/R.framework/Versions/4.4-arm64/Resources/library/RcppArmadillo/include' -I/opt/R/arm64/include -fPIC -falign-functions=64 -Wall -g -O2 -c cp_cor.cpp -o cp_cor.o clang++ -arch arm64 -std=gnu++17 -dynamiclib -Wl,-headerpad_max_install_names -undefined dynamic_lookup -L/Library/Frameworks/R.framework/Resources/lib -L/opt/R/arm64/lib -o mina.so RcppExports.o cp_cor.o -F/Library/Frameworks/R.framework/.. -framework R -Wl,-framework -Wl,CoreFoundation installing to /Library/Frameworks/R.framework/Versions/4.4-arm64/Resources/library/00LOCK-mina/00new/mina/libs ** R ** data *** moving datasets to lazyload DB ** byte-compile and prepare package for lazy loading Creating a new generic function for ‘norm’ in package ‘mina’ ** help *** installing help indices ** building package indices ** installing vignettes ** testing if installed package can be loaded from temporary location ** checking absolute paths in shared objects and dynamic libraries ** testing if installed package can be loaded from final location ** testing if installed package keeps a record of temporary installation path * DONE (mina)
mina.Rcheck/mina-Ex.timings
| name | user | system | elapsed | |
| adj-matrix | 0.744 | 0.032 | 0.489 | |
| adj-mina | 0.934 | 0.026 | 0.715 | |
| adj | 1.151 | 0.026 | 0.953 | |
| adj_method_list | 0.076 | 0.039 | 0.155 | |
| bs_pm-mina | 7.932 | 0.525 | 8.142 | |
| bs_pm | 2.141 | 0.123 | 2.261 | |
| check_mina | 0.051 | 0.019 | 0.073 | |
| check_mina_de | 0.052 | 0.015 | 0.067 | |
| check_mina_qu | 0.048 | 0.015 | 0.067 | |
| cls_tab | 0.058 | 0.025 | 0.086 | |
| com_dis-matrix | 0.699 | 0.015 | 0.406 | |
| com_dis-mina | 0.435 | 0.014 | 0.120 | |
| com_dis | 0.691 | 0.016 | 0.389 | |
| com_dis_list | 0.105 | 0.039 | 0.166 | |
| com_plot-mina | 8.201 | 1.145 | 3.043 | |
| com_plot | 0.181 | 0.004 | 0.185 | |
| com_r2-mina | 0.918 | 0.026 | 0.630 | |
| com_r2 | 0.983 | 0.125 | 0.825 | |
| data-hmp | 0.002 | 0.002 | 0.004 | |
| data-maize | 0.001 | 0.001 | 0.002 | |
| des_accessor | 0.003 | 0.000 | 0.002 | |
| dis_accessor | 0.431 | 0.011 | 0.133 | |
| dis_stat_accessor | 15.443 | 2.533 | 17.636 | |
| dmr-matrix | 0.782 | 0.019 | 0.470 | |
| dmr-mina | 0.782 | 0.022 | 0.478 | |
| dmr | 0.832 | 0.096 | 0.597 | |
| dmr_accessor | 0.797 | 0.013 | 0.493 | |
| fit_tabs-mina | 0.660 | 0.168 | 0.851 | |
| fit_tabs | 1.029 | 0.130 | 1.171 | |
| get_net_cls_tab-matrix-data.frame-method | 1.805 | 0.252 | 1.719 | |
| get_net_cls_tab | 1.758 | 0.203 | 1.614 | |
| get_r2-mat | 0.941 | 0.087 | 0.698 | |
| get_r2 | 0.855 | 0.015 | 0.543 | |
| get_rep-matrix | 0.25 | 0.03 | 0.28 | |
| get_rep-mima | 0.806 | 0.062 | 0.868 | |
| hmp_des | 0.001 | 0.001 | 0.002 | |
| hmp_otu | 0.001 | 0.002 | 0.002 | |
| maize_asv | 0.001 | 0.001 | 0.001 | |
| maize_asv2 | 0.001 | 0.001 | 0.001 | |
| maize_des | 0.001 | 0.001 | 0.002 | |
| maize_des2 | 0.001 | 0.001 | 0.002 | |
| mina-class | 0.001 | 0.000 | 0.001 | |
| net_cls-matrix | 16.642 | 0.796 | 17.321 | |
| net_cls-mina | 17.987 | 1.015 | 18.751 | |
| net_cls | 16.208 | 0.865 | 16.830 | |
| net_cls_tab-mina-method | 4.019 | 0.239 | 3.911 | |
| net_cls_tab | 1.661 | 0.225 | 1.541 | |
| net_dis-mina | 19.527 | 5.686 | 23.571 | |
| net_dis | 2.052 | 0.302 | 2.211 | |
| net_dis_indi | 0 | 0 | 0 | |
| net_dis_pcoa | 0.000 | 0.000 | 0.001 | |
| net_dis_plot | 38.431 | 9.936 | 45.392 | |
| net_grp_cmp | 0.000 | 0.000 | 0.001 | |
| net_node_cmp | 0.000 | 0.000 | 0.001 | |
| norm_accessor | 0.035 | 0.003 | 0.038 | |
| norm_tab-matrix | 0.885 | 0.108 | 0.994 | |
| norm_tab-mina | 0.828 | 0.061 | 0.889 | |
| norm_tab | 0.034 | 0.006 | 0.041 | |
| norm_tab_method_list | 0.099 | 0.069 | 0.172 | |
| pcoa_plot | 1.657 | 0.060 | 1.048 | |
| sim_par | 0 | 0 | 0 | |
| sparcc | 0.000 | 0.001 | 0.000 | |
| tab_accessor | 0.000 | 0.000 | 0.001 | |
| tina-matrix-method | 0 | 0 | 0 | |
| tina | 0.000 | 0.001 | 0.000 | |