| Back to Multiple platform build/check report for BioC 3.20: simplified long | 
 | 
This page was generated on 2024-11-09 21:30 -0500 (Sat, 09 Nov 2024).
| Hostname | OS | Arch (*) | R version | Installed pkgs | 
|---|---|---|---|---|
| teran2 | Linux (Ubuntu 24.04.1 LTS) | x86_64 | 4.4.1 (2024-06-14) -- "Race for Your Life" | 4505 | 
| palomino8 | Windows Server 2022 Datacenter | x64 | 4.4.1 (2024-06-14 ucrt) -- "Race for Your Life" | 4506 | 
| lconway | macOS 12.7.1 Monterey | x86_64 | 4.4.1 (2024-06-14) -- "Race for Your Life" | 4538 | 
| kjohnson3 | macOS 13.6.5 Ventura | arm64 | 4.4.1 (2024-06-14) -- "Race for Your Life" | 4486 | 
| kunpeng2 | Linux (openEuler 22.03 LTS-SP1) | aarch64 | 4.4.1 (2024-06-14) -- "Race for Your Life" | 4493 | 
| Click on any hostname to see more info about the system (e.g. compilers) (*) as reported by 'uname -p', except on Windows and Mac OS X | ||||
| Package 371/2289 | Hostname | OS / Arch | INSTALL | BUILD | CHECK | BUILD BIN | ||||||||
| CluMSID 1.22.0  (landing page) Tobias Depke 
 | teran2 | Linux (Ubuntu 24.04.1 LTS) / x86_64 | OK | OK | WARNINGS |  | ||||||||
| palomino8 | Windows Server 2022 Datacenter / x64 | OK | OK | WARNINGS | OK |  | ||||||||
| lconway | macOS 12.7.1 Monterey / x86_64 | OK | ERROR | skipped | skipped | |||||||||
| kjohnson3 | macOS 13.6.5 Ventura / arm64 | OK | ERROR | skipped | skipped | |||||||||
| kunpeng2 | Linux (openEuler 22.03 LTS-SP1) / aarch64 | OK | OK | WARNINGS | ||||||||||
| To the developers/maintainers of the CluMSID package: - Allow up to 24 hours (and sometimes 48 hours) for your latest push to git@git.bioconductor.org:packages/CluMSID.git to reflect on this report. See Troubleshooting Build Report for more information. - Use the following Renviron settings to reproduce errors and warnings. - If 'R CMD check' started to fail recently on the Linux builder(s) over a missing dependency, add the missing dependency to 'Suggests:' in your DESCRIPTION file. See Renviron.bioc for more information. | 
| Package: CluMSID | 
| Version: 1.22.0 | 
| Command: /Library/Frameworks/R.framework/Resources/bin/R CMD build --keep-empty-dirs --no-resave-data CluMSID | 
| StartedAt: 2024-11-08 16:30:41 -0500 (Fri, 08 Nov 2024) | 
| EndedAt: 2024-11-08 16:31:08 -0500 (Fri, 08 Nov 2024) | 
| EllapsedTime: 26.3 seconds | 
| RetCode: 1 | 
| Status: ERROR | 
| PackageFile: None | 
| PackageFileSize: NA | 
##############################################################################
##############################################################################
###
### Running command:
###
###   /Library/Frameworks/R.framework/Resources/bin/R CMD build --keep-empty-dirs --no-resave-data CluMSID
###
##############################################################################
##############################################################################
* checking for file ‘CluMSID/DESCRIPTION’ ... OK
* preparing ‘CluMSID’:
* checking DESCRIPTION meta-information ... OK
* installing the package to build vignettes
* creating vignettes ... ERROR
--- re-building ‘CluMSID_DI-MSMS.Rmd’ using rmarkdown
2024-11-08 16:31:04.088 R[85855:1466328] XType: Using static font registry.
Warning: The vignette title specified in \VignetteIndexEntry{} is different from the title in the YAML metadata. The former is "CluMSID DI-MS/MS Tutorial", and the latter is "Clustering Spectra from High Resolution DI-MS/MS Data Using CluMSID". If that is intentional, you may set options(rmarkdown.html_vignette.check_title = FALSE) to suppress this check.
--- finished re-building ‘CluMSID_DI-MSMS.Rmd’
--- re-building ‘CluMSID_GC-EI-MS.Rmd’ using rmarkdown
Quitting from lines 127-130 [runCAMERA] (CluMSID_GC-EI-MS.Rmd)
Error: processing vignette 'CluMSID_GC-EI-MS.Rmd' failed with diagnostics:
wrong args for environment subassignment
--- failed re-building ‘CluMSID_GC-EI-MS.Rmd’
--- re-building ‘CluMSID_MTBLS.Rmd’ using rmarkdown
Warning in file("", "w+b") :
  cannot open file '/var/folders/r0/l4fjk6cj5xj0j3brt4bplpl40000gt/T//RtmpFuzVpN/Rf14f5face5360': No such file or directory
Quitting from lines 14-20 [setup] (CluMSID_MTBLS.Rmd)
Error: processing vignette 'CluMSID_MTBLS.Rmd' failed with diagnostics:
cannot open the connection
--- failed re-building ‘CluMSID_MTBLS.Rmd’
--- re-building ‘CluMSID_lowres-LC-MSMS.Rmd’ using rmarkdown
Warning in file("", "w+b") :
  cannot open file '/var/folders/r0/l4fjk6cj5xj0j3brt4bplpl40000gt/T//RtmpFuzVpN/Rf14f5f1ecc1db9': No such file or directory
Quitting from lines 14-20 [setup] (CluMSID_lowres-LC-MSMS.Rmd)
Error: processing vignette 'CluMSID_lowres-LC-MSMS.Rmd' failed with diagnostics:
cannot open the connection
--- failed re-building ‘CluMSID_lowres-LC-MSMS.Rmd’
--- re-building ‘CluMSID_tutorial.Rmd’ using rmarkdown
Warning in file("", "w+b") :
  cannot open file '/var/folders/r0/l4fjk6cj5xj0j3brt4bplpl40000gt/T//RtmpFuzVpN/Rf14f5f2996f450': No such file or directory
Quitting from lines 14-19 [setup] (CluMSID_tutorial.Rmd)
Error: processing vignette 'CluMSID_tutorial.Rmd' failed with diagnostics:
cannot open the connection
--- failed re-building ‘CluMSID_tutorial.Rmd’
SUMMARY: processing the following files failed:
  ‘CluMSID_GC-EI-MS.Rmd’ ‘CluMSID_MTBLS.Rmd’
  ‘CluMSID_lowres-LC-MSMS.Rmd’ ‘CluMSID_tutorial.Rmd’
Error: Vignette re-building failed.
Execution halted