| Back to Multiple platform build/check report for BioC 3.20: simplified long |
|
This page was generated on 2025-04-02 19:29 -0400 (Wed, 02 Apr 2025).
| Hostname | OS | Arch (*) | R version | Installed pkgs |
|---|---|---|---|---|
| nebbiolo2 | Linux (Ubuntu 24.04.1 LTS) | x86_64 | 4.4.3 (2025-02-28) -- "Trophy Case" | 4764 |
| palomino8 | Windows Server 2022 Datacenter | x64 | 4.4.3 (2025-02-28 ucrt) -- "Trophy Case" | 4495 |
| merida1 | macOS 12.7.5 Monterey | x86_64 | 4.4.3 (2025-02-28) -- "Trophy Case" | 4522 |
| kjohnson1 | macOS 13.6.6 Ventura | arm64 | 4.4.3 (2025-02-28) -- "Trophy Case" | 4449 |
| taishan | Linux (openEuler 24.03 LTS) | aarch64 | 4.4.3 (2025-02-28) -- "Trophy Case" | 4426 |
| Click on any hostname to see more info about the system (e.g. compilers) (*) as reported by 'uname -p', except on Windows and Mac OS X | ||||
| Package 371/2289 | Hostname | OS / Arch | INSTALL | BUILD | CHECK | BUILD BIN | ||||||||
| CluMSID 1.22.0 (landing page) Tobias Depke
| nebbiolo2 | Linux (Ubuntu 24.04.1 LTS) / x86_64 | OK | OK | WARNINGS | |||||||||
| palomino8 | Windows Server 2022 Datacenter / x64 | OK | OK | WARNINGS | OK | |||||||||
| merida1 | macOS 12.7.5 Monterey / x86_64 | OK | ERROR | skipped | skipped | |||||||||
| kjohnson1 | macOS 13.6.6 Ventura / arm64 | OK | ERROR | skipped | skipped | |||||||||
| taishan | Linux (openEuler 24.03 LTS) / aarch64 | OK | OK | WARNINGS | ||||||||||
|
To the developers/maintainers of the CluMSID package: - Allow up to 24 hours (and sometimes 48 hours) for your latest push to git@git.bioconductor.org:packages/CluMSID.git to reflect on this report. See Troubleshooting Build Report for more information. - Use the following Renviron settings to reproduce errors and warnings. - If 'R CMD check' started to fail recently on the Linux builder(s) over a missing dependency, add the missing dependency to 'Suggests:' in your DESCRIPTION file. See Renviron.bioc for more information. |
| Package: CluMSID |
| Version: 1.22.0 |
| Command: F:\biocbuild\bbs-3.20-bioc\R\bin\R.exe CMD check --no-multiarch --install=check:CluMSID.install-out.txt --library=F:\biocbuild\bbs-3.20-bioc\R\library --no-vignettes --timings CluMSID_1.22.0.tar.gz |
| StartedAt: 2025-04-01 00:08:03 -0400 (Tue, 01 Apr 2025) |
| EndedAt: 2025-04-01 00:14:42 -0400 (Tue, 01 Apr 2025) |
| EllapsedTime: 398.6 seconds |
| RetCode: 0 |
| Status: WARNINGS |
| CheckDir: CluMSID.Rcheck |
| Warnings: 1 |
##############################################################################
##############################################################################
###
### Running command:
###
### F:\biocbuild\bbs-3.20-bioc\R\bin\R.exe CMD check --no-multiarch --install=check:CluMSID.install-out.txt --library=F:\biocbuild\bbs-3.20-bioc\R\library --no-vignettes --timings CluMSID_1.22.0.tar.gz
###
##############################################################################
##############################################################################
* using log directory 'F:/biocbuild/bbs-3.20-bioc/meat/CluMSID.Rcheck'
* using R version 4.4.3 (2025-02-28 ucrt)
* using platform: x86_64-w64-mingw32
* R was compiled by
gcc.exe (GCC) 13.3.0
GNU Fortran (GCC) 13.3.0
* running under: Windows Server 2022 x64 (build 20348)
* using session charset: UTF-8
* using option '--no-vignettes'
* checking for file 'CluMSID/DESCRIPTION' ... OK
* checking extension type ... Package
* this is package 'CluMSID' version '1.22.0'
* package encoding: UTF-8
* checking package namespace information ... OK
* checking package dependencies ... OK
* checking if this is a source package ... OK
* checking if there is a namespace ... OK
* checking for hidden files and directories ... OK
* checking for portable file names ... OK
* checking whether package 'CluMSID' can be installed ... WARNING
Found the following significant warnings:
Warning: replacing previous import 'dbscan::as.dendrogram' by 'stats::as.dendrogram' when loading 'CluMSID'
See 'F:/biocbuild/bbs-3.20-bioc/meat/CluMSID.Rcheck/00install.out' for details.
* checking installed package size ... OK
* checking package directory ... OK
* checking 'build' directory ... OK
* checking DESCRIPTION meta-information ... NOTE
License stub is invalid DCF.
* checking top-level files ... OK
* checking for left-over files ... OK
* checking index information ... OK
* checking package subdirectories ... OK
* checking code files for non-ASCII characters ... OK
* checking R files for syntax errors ... OK
* checking whether the package can be loaded ... OK
* checking whether the package can be loaded with stated dependencies ... OK
* checking whether the package can be unloaded cleanly ... OK
* checking whether the namespace can be loaded with stated dependencies ... OK
* checking whether the namespace can be unloaded cleanly ... OK
* checking dependencies in R code ... OK
* checking S3 generic/method consistency ... OK
* checking replacement functions ... OK
* checking foreign function calls ... OK
* checking R code for possible problems ... OK
* checking Rd files ... NOTE
checkRd: (-1) OPTICSplot.Rd:24: Lost braces
24 | see code{\link[dbscan:optics]{extractDBSCAN}}.
| ^
* checking Rd metadata ... OK
* checking Rd cross-references ... OK
* checking for missing documentation entries ... OK
* checking for code/documentation mismatches ... OK
* checking Rd \usage sections ... OK
* checking Rd contents ... OK
* checking for unstated dependencies in examples ... OK
* checking files in 'vignettes' ... OK
* checking examples ... OK
Examples with CPU (user + system) or elapsed time > 5s
user system elapsed
mergeMS2spectra 28.28 0.46 28.75
extractMS2spectra 23.71 0.26 24.13
splitPolarities 21.65 0.19 21.85
* checking for unstated dependencies in 'tests' ... OK
* checking tests ...
Running 'testthat.R'
OK
* checking for unstated dependencies in vignettes ... OK
* checking package vignettes ... OK
* checking running R code from vignettes ... SKIPPED
* checking re-building of vignette outputs ... SKIPPED
* checking PDF version of manual ... OK
* DONE
Status: 1 WARNING, 2 NOTEs
See
'F:/biocbuild/bbs-3.20-bioc/meat/CluMSID.Rcheck/00check.log'
for details.
CluMSID.Rcheck/00install.out
############################################################################## ############################################################################## ### ### Running command: ### ### F:\biocbuild\bbs-3.20-bioc\R\bin\R.exe CMD INSTALL CluMSID ### ############################################################################## ############################################################################## * installing to library 'F:/biocbuild/bbs-3.20-bioc/R/library' * installing *source* package 'CluMSID' ... ** using staged installation ** R ** byte-compile and prepare package for lazy loading Warning: replacing previous import 'dbscan::as.dendrogram' by 'stats::as.dendrogram' when loading 'CluMSID' ** help *** installing help indices ** building package indices ** installing vignettes ** testing if installed package can be loaded from temporary location Warning: replacing previous import 'dbscan::as.dendrogram' by 'stats::as.dendrogram' when loading 'CluMSID' ** testing if installed package can be loaded from final location Warning: replacing previous import 'dbscan::as.dendrogram' by 'stats::as.dendrogram' when loading 'CluMSID' ** testing if installed package keeps a record of temporary installation path * DONE (CluMSID)
CluMSID.Rcheck/tests/testthat.Rout
R version 4.4.3 (2025-02-28 ucrt) -- "Trophy Case"
Copyright (C) 2025 The R Foundation for Statistical Computing
Platform: x86_64-w64-mingw32/x64
R is free software and comes with ABSOLUTELY NO WARRANTY.
You are welcome to redistribute it under certain conditions.
Type 'license()' or 'licence()' for distribution details.
R is a collaborative project with many contributors.
Type 'contributors()' for more information and
'citation()' on how to cite R or R packages in publications.
Type 'demo()' for some demos, 'help()' for on-line help, or
'help.start()' for an HTML browser interface to help.
Type 'q()' to quit R.
> library(testthat)
> library(CluMSID)
Warning message:
replacing previous import 'dbscan::as.dendrogram' by 'stats::as.dendrogram' when loading 'CluMSID'
>
> test_check("CluMSID")
[ FAIL 0 | WARN 0 | SKIP 0 | PASS 16 ]
>
> proc.time()
user system elapsed
20.82 1.25 22.03
CluMSID.Rcheck/CluMSID-Ex.timings
| name | user | system | elapsed | |
| Featurelist | 0.00 | 0.00 | 0.01 | |
| HCplot | 0.25 | 0.00 | 0.27 | |
| HCtbl | 0.01 | 0.00 | 0.01 | |
| MDSplot | 0.47 | 0.03 | 0.50 | |
| OPTICSplot | 0.03 | 0.00 | 0.03 | |
| OPTICStbl | 0.03 | 0.00 | 0.04 | |
| accessors | 0.06 | 0.00 | 0.07 | |
| addAnnotations | 0.13 | 0.05 | 0.19 | |
| as.MS2spectrum | 0.14 | 0.05 | 0.22 | |
| cossim | 0.00 | 0.01 | 0.02 | |
| distanceMatrix | 0.43 | 0.10 | 0.53 | |
| extractMS2spectra | 23.71 | 0.26 | 24.13 | |
| extractPseudospectra | 2.09 | 0.69 | 2.11 | |
| findFragment | 0.05 | 0.00 | 0.04 | |
| findNL | 0.03 | 0.00 | 0.04 | |
| getSimilarities | 4.19 | 0.05 | 4.23 | |
| getSpectrum | 0.01 | 0.00 | 0.02 | |
| mergeMS2spectra | 28.28 | 0.46 | 28.75 | |
| networkplot | 0.32 | 0.02 | 0.32 | |
| specplot | 0 | 0 | 0 | |
| splitPolarities | 21.65 | 0.19 | 21.85 | |
| writeFeaturelist | 0.02 | 0.00 | 0.01 | |