| Back to First build/check report with an "external build node" |
This page was generated on 2023-06-01 18:17:19 -0400 (Thu, 01 Jun 2023).
| Hostname | OS | Arch (*) | R version | Installed pkgs |
|---|---|---|---|---|
| xps15 | Linux (Ubuntu 23.04) | x86_64 | 4.3.0 Patched (2023-05-23 r84466) -- "Already Tomorrow" | 544 |
| Click on any hostname to see more info about the system (e.g. compilers) (*) as reported by 'uname -p', except on Windows and Mac OS X | ||||
|
To the developers/maintainers of the DESeq package: Use the following Renviron settings to reproduce errors and warnings. Note: If "R CMD check" recently failed on the Linux builder over a missing dependency, add the missing dependency to "Suggests" in your DESCRIPTION file. See the Renviron.bioc for details. |
| Package 28/91 | Hostname | OS / Arch | INSTALL | BUILD | CHECK | BUILD BIN | |||||||
Simon Anders
| xps15 | Linux (Ubuntu 23.04) / x86_64 | OK | ERROR | skipped | ||||||||
| Package: DESeq |
| Version: 1.43.0 |
| Command: /home/hpages/bbs-3.18-bioc/R/bin/R CMD build --keep-empty-dirs --no-resave-data DESeq |
| StartedAt: 2023-06-01 12:39:23 -0700 (Thu, 01 Jun 2023) |
| EndedAt: 2023-06-01 12:39:47 -0700 (Thu, 01 Jun 2023) |
| EllapsedTime: 24.0 seconds |
| RetCode: 1 |
| Status: ERROR |
| PackageFile: None |
| PackageFileSize: NA |
##############################################################################
##############################################################################
###
### Running command:
###
### /home/hpages/bbs-3.18-bioc/R/bin/R CMD build --keep-empty-dirs --no-resave-data DESeq
###
##############################################################################
##############################################################################
* checking for file ‘DESeq/DESCRIPTION’ ... OK
* preparing ‘DESeq’:
* checking DESCRIPTION meta-information ... OK
* cleaning src
* installing the package to build vignettes
* creating vignettes ... ERROR
--- re-building ‘DESeq.Rnw’ using Sweave
Warning in file(file, "rt") :
file("") only supports open = "w+" and open = "w+b": using the former
Error: processing vignette 'DESeq.Rnw' failed with diagnostics:
chunk 3 (label = readTable)
Error in read.table(datafile, header = TRUE, row.names = 1) :
no lines available in input
--- failed re-building ‘DESeq.Rnw’
SUMMARY: processing the following file failed:
‘DESeq.Rnw’
Error: Vignette re-building failed.
Execution halted