| Back to Multiple platform build/check report for BioC 3.18: simplified long |
|
This page was generated on 2023-10-24 11:41:34 -0400 (Tue, 24 Oct 2023).
| Hostname | OS | Arch (*) | R version | Installed pkgs |
|---|---|---|---|---|
| nebbiolo2 | Linux (Ubuntu 22.04.2 LTS) | x86_64 | 4.3.1 (2023-06-16) -- "Beagle Scouts" | 4724 |
| palomino4 | Windows Server 2022 Datacenter | x64 | 4.3.1 (2023-06-16 ucrt) -- "Beagle Scouts" | 4459 |
| lconway | macOS 12.6.5 Monterey | x86_64 | 4.3.1 Patched (2023-06-17 r84564) -- "Beagle Scouts" | 4473 |
| kunpeng2 | Linux (openEuler 22.03 LTS-SP1) | aarch64 | 4.3.1 (2023-06-16) -- "Beagle Scouts" | 4461 |
| Click on any hostname to see more info about the system (e.g. compilers) (*) as reported by 'uname -p', except on Windows and Mac OS X | ||||
| Package 2022/2264 | Hostname | OS / Arch | INSTALL | BUILD | CHECK | BUILD BIN | ||||||||
| spicyR 1.13.3 (landing page) Ellis Patrick
| nebbiolo2 | Linux (Ubuntu 22.04.2 LTS) / x86_64 | OK | OK | WARNINGS | |||||||||
| palomino4 | Windows Server 2022 Datacenter / x64 | OK | OK | WARNINGS | OK | |||||||||
| lconway | macOS 12.6.5 Monterey / x86_64 | OK | OK | WARNINGS | OK | |||||||||
| kjohnson1 | macOS 13.3.1 Ventura / arm64 | see weekly results here | ||||||||||||
| kunpeng2 | Linux (openEuler 22.03 LTS-SP1) / aarch64 | OK | OK | WARNINGS | ||||||||||
|
To the developers/maintainers of the spicyR package: - Allow up to 24 hours (and sometimes 48 hours) for your latest push to git@git.bioconductor.org:packages/spicyR.git to reflect on this report. See Troubleshooting Build Report for more information. - Use the following Renviron settings to reproduce errors and warnings. - If 'R CMD check' started to fail recently on the Linux builder(s) over a missing dependency, add the missing dependency to 'Suggests:' in your DESCRIPTION file. See Renviron.bioc for more information. - See Martin Grigorov's blog post for how to debug Linux ARM64 related issues on a x86_64 host. |
| Package: spicyR |
| Version: 1.13.3 |
| Command: /home/biocbuild/R/R-4.3.1/bin/R CMD check --install=check:spicyR.install-out.txt --library=/home/biocbuild/R/R-4.3.1/site-library --timings spicyR_1.13.3.tar.gz |
| StartedAt: 2023-10-24 13:31:30 -0000 (Tue, 24 Oct 2023) |
| EndedAt: 2023-10-24 13:50:21 -0000 (Tue, 24 Oct 2023) |
| EllapsedTime: 1130.7 seconds |
| RetCode: 0 |
| Status: WARNINGS |
| CheckDir: spicyR.Rcheck |
| Warnings: 1 |
##############################################################################
##############################################################################
###
### Running command:
###
### /home/biocbuild/R/R-4.3.1/bin/R CMD check --install=check:spicyR.install-out.txt --library=/home/biocbuild/R/R-4.3.1/site-library --timings spicyR_1.13.3.tar.gz
###
##############################################################################
##############################################################################
* using log directory ‘/home/biocbuild/bbs-3.18-bioc/meat/spicyR.Rcheck’
* using R version 4.3.1 (2023-06-16)
* using platform: aarch64-unknown-linux-gnu (64-bit)
* R was compiled by
gcc (GCC) 10.3.1
GNU Fortran (GCC) 10.3.1
* running under: openEuler 22.03 (LTS-SP1)
* using session charset: UTF-8
* checking for file ‘spicyR/DESCRIPTION’ ... OK
* checking extension type ... Package
* this is package ‘spicyR’ version ‘1.13.3’
* package encoding: UTF-8
* checking package namespace information ... OK
* checking package dependencies ... OK
* checking if this is a source package ... OK
* checking if there is a namespace ... OK
* checking for hidden files and directories ... OK
* checking for portable file names ... OK
* checking for sufficient/correct file permissions ... OK
* checking whether package ‘spicyR’ can be installed ... OK
* checking installed package size ... NOTE
installed size is 5.8Mb
sub-directories of 1Mb or more:
data 4.1Mb
* checking package directory ... OK
* checking ‘build’ directory ... OK
* checking DESCRIPTION meta-information ... OK
* checking top-level files ... OK
* checking for left-over files ... OK
* checking index information ... OK
* checking package subdirectories ... OK
* checking R files for non-ASCII characters ... OK
* checking R files for syntax errors ... OK
* checking whether the package can be loaded ... OK
* checking whether the package can be loaded with stated dependencies ... OK
* checking whether the package can be unloaded cleanly ... OK
* checking whether the namespace can be loaded with stated dependencies ... OK
* checking whether the namespace can be unloaded cleanly ... OK
* checking loading without being on the library search path ... OK
* checking dependencies in R code ... OK
* checking S3 generic/method consistency ... OK
* checking replacement functions ... OK
* checking foreign function calls ... OK
* checking R code for possible problems ... NOTE
bubblePlot: no visible binding for global variable ‘condition’
calcWeights: no visible binding for global variable ‘pairwiseAssoc’
inhomL: no visible binding for global variable ‘j’
inhomL: no visible binding for global variable ‘value’
inhomL: no visible binding for global variable ‘i’
inhomL: no visible binding for global variable ‘d’
inhomL: no visible binding for global variable ‘cellTypeI’
inhomL: no visible binding for global variable ‘cellTypeJ’
inhomL: no visible global function definition for ‘.’
inhomL: no visible binding for global variable ‘wt’
inhomLPair: no visible binding for global variable ‘i’
spatialLMBootstrap : functionToReplicate: no visible global function
definition for ‘nrows’
spicy: no visible global function definition for ‘column_to_rownames’
spicy: no visible global function definition for ‘%>%’
spicy: no visible global function definition for ‘select’
spicy: no visible binding for global variable ‘test’
spicy: no visible binding for global variable ‘konditional’
spicy: no visible global function definition for ‘pivot_wider’
spicy: no visible global function definition for ‘mutate’
spicy: no visible global function definition for ‘separate’
spicy: no visible binding for global variable ‘fromName’
spicy: no visible binding for global variable ‘parent’
Undefined global functions or variables:
%>% . cellTypeI cellTypeJ column_to_rownames condition d fromName i j
konditional mutate nrows pairwiseAssoc parent pivot_wider select
separate test value wt
* checking Rd files ... OK
* checking Rd metadata ... OK
* checking Rd cross-references ... OK
* checking for missing documentation entries ... OK
* checking for code/documentation mismatches ... WARNING
Codoc mismatches from documentation object 'getPairwise':
getPairwise
Code: function(cells, from = NULL, to = NULL, dist = NULL, window =
"convex", window.length = NULL, Rs = c(20, 50, 100),
sigma = NULL, minLambda = 0.05, edgeCorrect = TRUE,
includeZeroCells = TRUE, BPPARAM =
BiocParallel::SerialParam(), imageID = "imageID",
cellType = "cellType", spatialCoords = c("x", "y"),
fast = TRUE)
Docs: function(cells, from = NULL, to = NULL, dist = NULL, window =
"convex", window.length = NULL, Rs = c(20, 50, 100),
sigma = NULL, minLambda = 0.05, fast = TRUE,
edgeCorrect = TRUE, includeZeroCells = TRUE, BPPARAM =
BiocParallel::SerialParam(), imageID = "imageID",
cellType = "cellType", spatialCoords = c("x", "y"))
Mismatches in argument names (first 3):
Position: 10 Code: edgeCorrect Docs: fast
Position: 11 Code: includeZeroCells Docs: edgeCorrect
Position: 12 Code: BPPARAM Docs: includeZeroCells
Codoc mismatches from documentation object 'SpicyResults-class':
spicy
Code: function(cells, condition = NULL, subject = NULL, covariates =
NULL, from = NULL, to = NULL, dist = NULL,
alternateResult = NULL, integrate = TRUE, verbose =
TRUE, weights = TRUE, weightsByPair = FALSE,
weightFactor = 1, window = "convex", window.length =
NULL, BPPARAM = BiocParallel::SerialParam(), sigma =
NULL, Rs = NULL, minLambda = 0.05, edgeCorrect = TRUE,
includeZeroCells = FALSE, imageID = "imageID",
cellType = "cellType", spatialCoords = c("x", "y"),
fast = TRUE, nsim = NULL, ...)
Docs: function(cells, condition = NULL, subject = NULL, covariates =
NULL, from = NULL, to = NULL, dist = NULL,
alternateResult = NULL, integrate = TRUE, nsim = NULL,
verbose = TRUE, weights = TRUE, weightsByPair = FALSE,
weightFactor = 1, window = "convex", window.length =
NULL, BPPARAM = BiocParallel::SerialParam(), sigma =
NULL, Rs = NULL, minLambda = 0.05, fast = TRUE,
edgeCorrect = TRUE, includeZeroCells = FALSE, imageID
= "imageID", cellType = "cellType", spatialCoords =
c("x", "y"), ...)
Mismatches in argument names (first 3):
Position: 10 Code: verbose Docs: nsim
Position: 11 Code: weights Docs: verbose
Position: 12 Code: weightsByPair Docs: weights
* checking Rd \usage sections ... OK
* checking Rd contents ... OK
* checking for unstated dependencies in examples ... OK
* checking contents of ‘data’ directory ... OK
* checking data for non-ASCII characters ... OK
* checking LazyData ... OK
* checking data for ASCII and uncompressed saves ... OK
* checking files in ‘vignettes’ ... OK
* checking examples ... OK
Examples with CPU (user + system) or elapsed time > 5s
user system elapsed
spicy 24.562 0.296 24.884
colTest 6.797 0.188 6.997
getPairwise 5.190 0.128 5.305
* checking for unstated dependencies in vignettes ... OK
* checking package vignettes in ‘inst/doc’ ... OK
* checking running R code from vignettes ...
‘spicyR.Rmd’ using ‘UTF-8’... OK
NONE
* checking re-building of vignette outputs ... OK
* checking PDF version of manual ... OK
* DONE
Status: 1 WARNING, 2 NOTEs
See
‘/home/biocbuild/bbs-3.18-bioc/meat/spicyR.Rcheck/00check.log’
for details.
spicyR.Rcheck/00install.out
############################################################################## ############################################################################## ### ### Running command: ### ### /home/biocbuild/R/R-4.3.1/bin/R CMD INSTALL spicyR ### ############################################################################## ############################################################################## * installing to library ‘/home/biocbuild/R/R-4.3.1/site-library’ * installing *source* package ‘spicyR’ ... ** using staged installation ** R ** data *** moving datasets to lazyload DB ** inst ** byte-compile and prepare package for lazy loading ** help *** installing help indices ** building package indices ** installing vignettes ** testing if installed package can be loaded from temporary location ** testing if installed package can be loaded from final location ** testing if installed package keeps a record of temporary installation path * DONE (spicyR)
spicyR.Rcheck/spicyR-Ex.timings
| name | user | system | elapsed | |
| Accessors | 0.743 | 0.012 | 0.757 | |
| SegmentedCells | 0.333 | 0.016 | 0.350 | |
| colTest | 6.797 | 0.188 | 6.997 | |
| getPairwise | 5.190 | 0.128 | 5.305 | |
| getProp | 1.702 | 0.040 | 1.745 | |
| plot-SegmentedCells | 0.311 | 0.000 | 0.312 | |
| show-SegmentedCells | 0.396 | 0.015 | 0.412 | |
| signifPlot | 1.489 | 0.031 | 1.523 | |
| spicy | 24.562 | 0.296 | 24.884 | |
| topPairs | 0.008 | 0.000 | 0.008 | |