| Back to Multiple platform build/check report for BioC 3.18: simplified long |
|
This page was generated on 2023-10-24 11:41:19 -0400 (Tue, 24 Oct 2023).
| Hostname | OS | Arch (*) | R version | Installed pkgs |
|---|---|---|---|---|
| nebbiolo2 | Linux (Ubuntu 22.04.2 LTS) | x86_64 | 4.3.1 (2023-06-16) -- "Beagle Scouts" | 4724 |
| palomino4 | Windows Server 2022 Datacenter | x64 | 4.3.1 (2023-06-16 ucrt) -- "Beagle Scouts" | 4459 |
| lconway | macOS 12.6.5 Monterey | x86_64 | 4.3.1 Patched (2023-06-17 r84564) -- "Beagle Scouts" | 4473 |
| kunpeng2 | Linux (openEuler 22.03 LTS-SP1) | aarch64 | 4.3.1 (2023-06-16) -- "Beagle Scouts" | 4461 |
| Click on any hostname to see more info about the system (e.g. compilers) (*) as reported by 'uname -p', except on Windows and Mac OS X | ||||
| Package 1564/2264 | Hostname | OS / Arch | INSTALL | BUILD | CHECK | BUILD BIN | ||||||||
| plyinteractions 0.99.8 (landing page) Jacques Serizay
| nebbiolo2 | Linux (Ubuntu 22.04.2 LTS) / x86_64 | OK | OK | ERROR | |||||||||
| palomino4 | Windows Server 2022 Datacenter / x64 | OK | OK | ERROR | OK | |||||||||
| lconway | macOS 12.6.5 Monterey / x86_64 | OK | OK | ERROR | OK | |||||||||
| kjohnson1 | macOS 13.3.1 Ventura / arm64 | see weekly results here | ||||||||||||
| kunpeng2 | Linux (openEuler 22.03 LTS-SP1) / aarch64 | OK | OK | ERROR | ||||||||||
|
To the developers/maintainers of the plyinteractions package: - Allow up to 24 hours (and sometimes 48 hours) for your latest push to git@git.bioconductor.org:packages/plyinteractions.git to reflect on this report. See Troubleshooting Build Report for more information. - Use the following Renviron settings to reproduce errors and warnings. - If 'R CMD check' started to fail recently on the Linux builder(s) over a missing dependency, add the missing dependency to 'Suggests:' in your DESCRIPTION file. See Renviron.bioc for more information. - See Martin Grigorov's blog post for how to debug Linux ARM64 related issues on a x86_64 host. |
| Package: plyinteractions |
| Version: 0.99.8 |
| Command: /home/biocbuild/R/R-4.3.1/bin/R CMD check --install=check:plyinteractions.install-out.txt --library=/home/biocbuild/R/R-4.3.1/site-library --timings plyinteractions_0.99.8.tar.gz |
| StartedAt: 2023-10-24 10:58:41 -0000 (Tue, 24 Oct 2023) |
| EndedAt: 2023-10-24 11:19:14 -0000 (Tue, 24 Oct 2023) |
| EllapsedTime: 1233.0 seconds |
| RetCode: 1 |
| Status: ERROR |
| CheckDir: plyinteractions.Rcheck |
| Warnings: NA |
##############################################################################
##############################################################################
###
### Running command:
###
### /home/biocbuild/R/R-4.3.1/bin/R CMD check --install=check:plyinteractions.install-out.txt --library=/home/biocbuild/R/R-4.3.1/site-library --timings plyinteractions_0.99.8.tar.gz
###
##############################################################################
##############################################################################
* using log directory ‘/home/biocbuild/bbs-3.18-bioc/meat/plyinteractions.Rcheck’
* using R version 4.3.1 (2023-06-16)
* using platform: aarch64-unknown-linux-gnu (64-bit)
* R was compiled by
gcc (GCC) 10.3.1
GNU Fortran (GCC) 10.3.1
* running under: openEuler 22.03 (LTS-SP1)
* using session charset: UTF-8
* checking for file ‘plyinteractions/DESCRIPTION’ ... OK
* this is package ‘plyinteractions’ version ‘0.99.8’
* package encoding: UTF-8
* checking package namespace information ... OK
* checking package dependencies ... OK
* checking if this is a source package ... OK
* checking if there is a namespace ... OK
* checking for hidden files and directories ... OK
* checking for portable file names ... OK
* checking for sufficient/correct file permissions ... OK
* checking whether package ‘plyinteractions’ can be installed ... OK
* checking installed package size ... OK
* checking package directory ... OK
* checking ‘build’ directory ... OK
* checking DESCRIPTION meta-information ... OK
* checking top-level files ... OK
* checking for left-over files ... OK
* checking index information ... OK
* checking package subdirectories ... OK
* checking R files for non-ASCII characters ... OK
* checking R files for syntax errors ... OK
* checking whether the package can be loaded ... OK
* checking whether the package can be loaded with stated dependencies ... OK
* checking whether the package can be unloaded cleanly ... OK
* checking whether the namespace can be loaded with stated dependencies ... OK
* checking whether the namespace can be unloaded cleanly ... OK
* checking loading without being on the library search path ... OK
* checking dependencies in R code ... OK
* checking S3 generic/method consistency ... OK
* checking replacement functions ... OK
* checking foreign function calls ... OK
* checking R code for possible problems ... NOTE
count.GInteractions: no visible binding for global variable ‘group’
Undefined global functions or variables:
group
* checking Rd files ... OK
* checking Rd metadata ... OK
* checking Rd cross-references ... OK
* checking for missing documentation entries ... OK
* checking for code/documentation mismatches ... OK
* checking Rd \usage sections ... OK
* checking Rd contents ... OK
* checking for unstated dependencies in examples ... OK
* checking contents of ‘data’ directory ... OK
* checking data for non-ASCII characters ... OK
* checking data for ASCII and uncompressed saves ... OK
* checking files in ‘vignettes’ ... OK
* checking examples ... ERROR
Running examples in ‘plyinteractions-Ex.R’ failed
The error most likely occurred in:
> base::assign(".ptime", proc.time(), pos = "CheckExEnv")
> ### Name: dplyr-rename
> ### Title: Rename columns from a GInteractions with tidyverse-like 'rename'
> ### Aliases: dplyr-rename rename.GInteractions
>
> ### ** Examples
>
> gi <- read.table(text = "
+ chr1 10 20 chr1 50 51
+ chr1 10 50 chr2 30 40",
+ col.names = c("chr1", "start1", "end1", "chr2", "start2", "end2")) |>
+ as_ginteractions(seqnames1 = chr1, seqnames2 = chr2) |>
+ mutate(type = c('cis', 'trans'), score = runif(2))
>
> ####################################################################
> # 1. Rename metadata columns to a GInteractions object
> ####################################################################
>
> gi |> rename(interaction_type = type, GC = score)
Error: object 'type' not found
Execution halted
* checking for unstated dependencies in ‘tests’ ... OK
* checking tests ...
Running ‘testthat.R’
OK
* checking for unstated dependencies in vignettes ... OK
* checking package vignettes in ‘inst/doc’ ... OK
* checking running R code from vignettes ...
‘plyinteractions.Rmd’ using ‘UTF-8’... OK
‘process_pairs.Rmd’ using ‘UTF-8’... OK
NONE
* checking re-building of vignette outputs ... OK
* checking PDF version of manual ... OK
* DONE
Status: 1 ERROR, 1 NOTE
See
‘/home/biocbuild/bbs-3.18-bioc/meat/plyinteractions.Rcheck/00check.log’
for details.
plyinteractions.Rcheck/00install.out
############################################################################## ############################################################################## ### ### Running command: ### ### /home/biocbuild/R/R-4.3.1/bin/R CMD INSTALL plyinteractions ### ############################################################################## ############################################################################## * installing to library ‘/home/biocbuild/R/R-4.3.1/site-library’ * installing *source* package ‘plyinteractions’ ... ** using staged installation ** R ** data ** inst ** byte-compile and prepare package for lazy loading ** help *** installing help indices *** copying figures ** building package indices ** installing vignettes ** testing if installed package can be loaded from temporary location ** testing if installed package can be loaded from final location ** testing if installed package keeps a record of temporary installation path * DONE (plyinteractions)
plyinteractions.Rcheck/tests/testthat.Rout
R version 4.3.1 (2023-06-16) -- "Beagle Scouts"
Copyright (C) 2023 The R Foundation for Statistical Computing
Platform: aarch64-unknown-linux-gnu (64-bit)
R is free software and comes with ABSOLUTELY NO WARRANTY.
You are welcome to redistribute it under certain conditions.
Type 'license()' or 'licence()' for distribution details.
R is a collaborative project with many contributors.
Type 'contributors()' for more information and
'citation()' on how to cite R or R packages in publications.
Type 'demo()' for some demos, 'help()' for on-line help, or
'help.start()' for an HTML browser interface to help.
Type 'q()' to quit R.
> # This file is part of the standard setup for testthat.
> # It is recommended that you do not modify it.
> #
> # Where should you do additional test configuration?
> # Learn more about the roles of various files in:
> # * https://r-pkgs.org/testing-design.html#sec-tests-files-overview
> # * https://testthat.r-lib.org/articles/special-files.html
>
> library(testthat)
> library(plyinteractions)
Attaching package: 'plyinteractions'
The following object is masked from 'package:stats':
filter
>
> gi <- read.table(text = "
+ chr1 11 20 chr1 21 30 + +
+ chr1 11 20 chr1 51 55 + +
+ chr1 11 30 chr1 51 55 - -
+ chr1 11 30 chr2 51 60 - -",
+ col.names = c(
+ "seqnames1", "start1", "end1",
+ "seqnames2", "start2", "end2", "strand1", "strand2")
+ ) |>
+ as_ginteractions() |>
+ mutate(score = runif(4), type = c('cis', 'cis', 'cis', 'trans'))
>
> test_check("plyinteractions")
GInteractions object with 4 interactions and 2 metadata columns:
seqnames1 ranges1 strand1 seqnames2 ranges2 strand2 | score
<Rle> <IRanges> <Rle> <Rle> <IRanges> <Rle> | <numeric>
[1] chr1 11-20 + --- chr1 21-30 + | 0.86091538
[2] chr1 11-20 + --- chr1 51-55 + | 0.64031061
[3] chr1 11-30 - --- chr1 51-55 - | 0.00949576
[4] chr1 11-30 - --- chr2 51-60 - | 0.23255051
type
<character>
[1] cis
[2] cis
[3] cis
[4] trans
-------
regions: 6 ranges and 0 metadata columns
seqinfo: 2 sequences from an unspecified genome; no seqlengths
PinnedGInteractions object with 4 interactions and 2 metadata columns:
Pinned on: anchors2
seqnames1 ranges1 strand1 seqnames2 ranges2 strand2 | score
<Rle> <IRanges> <Rle> <Rle> <IRanges> <Rle> | <numeric>
[1] chr1 11-20 + --- chr1 21-30 + | 0.86091538
[2] chr1 11-20 + --- chr1 51-55 + | 0.64031061
[3] chr1 11-30 - --- chr1 51-55 - | 0.00949576
[4] chr1 11-30 - --- chr2 51-60 - | 0.23255051
type
<character>
[1] cis
[2] cis
[3] cis
[4] trans
-------
regions: 6 ranges and 0 metadata columns
seqinfo: 2 sequences from an unspecified genome; no seqlengths
AnchoredPinnedGInteractions object with 4 interactions and 2 metadata columns:
Pinned on: anchors2 | Anchored by: 5p
seqnames1 ranges1 strand1 seqnames2 ranges2 strand2 | score
<Rle> <IRanges> <Rle> <Rle> <IRanges> <Rle> | <numeric>
[1] chr1 11-20 + --- chr1 21-30 + | 0.86091538
[2] chr1 11-20 + --- chr1 51-55 + | 0.64031061
[3] chr1 11-30 - --- chr1 51-55 - | 0.00949576
[4] chr1 11-30 - --- chr2 51-60 - | 0.23255051
type
<character>
[1] cis
[2] cis
[3] cis
[4] trans
-------
regions: 6 ranges and 0 metadata columns
seqinfo: 2 sequences from an unspecified genome; no seqlengths
GroupedGInteractions object with 4 interactions and 3 metadata columns:
Groups: group [2]
seqnames1 ranges1 strand1 seqnames2 ranges2 strand2 | score
<Rle> <IRanges> <Rle> <Rle> <IRanges> <Rle> | <numeric>
[1] chr1 11-20 + --- chr1 21-30 + | 0.86091538
[2] chr1 11-20 + --- chr1 51-55 + | 0.64031061
[3] chr1 11-30 - --- chr1 51-55 - | 0.00949576
[4] chr1 11-30 - --- chr2 51-60 - | 0.23255051
type group
<character> <numeric>
[1] cis 1
[2] cis 1
[3] cis 2
[4] trans 2
-------
regions: 6 ranges and 0 metadata columns
seqinfo: 2 sequences from an unspecified genome; no seqlengths
AnchoredPinnedGInteractions object with 4 interactions and 2 metadata columns:
Pinned on: anchors2 | Anchored by: 5p
seqnames1 ranges1 strand1 seqnames2 ranges2 strand2 | score
<Rle> <IRanges> <Rle> <Rle> <IRanges> <Rle> | <numeric>
[1] chr1 11-20 + --- chr1 21-30 + | 0.86091538
[2] chr1 11-20 + --- chr1 51-55 + | 0.64031061
[3] chr1 11-30 - --- chr1 51-55 - | 0.00949576
[4] chr1 11-30 - --- chr2 51-60 - | 0.23255051
type
<character>
[1] cis
[2] cis
[3] cis
[4] trans
-------
regions: 6 ranges and 0 metadata columns
seqinfo: 2 sequences from an unspecified genome; no seqlengths
[ FAIL 0 | WARN 0 | SKIP 0 | PASS 177 ]
>
> proc.time()
user system elapsed
29.182 0.781 30.024
plyinteractions.Rcheck/plyinteractions-Ex.timings
| name | user | system | elapsed | |
| dplyr-arrange | 1.048 | 0.040 | 1.090 | |
| dplyr-count | 2.046 | 0.020 | 2.070 | |
| dplyr-filter | 0.717 | 0.072 | 0.792 | |
| dplyr-group_by | 1.053 | 0.043 | 1.098 | |
| dplyr-mutate | 1.995 | 0.000 | 2.000 | |