| Back to Multiple platform build/check report for BioC 3.18: simplified long |
|
This page was generated on 2024-04-17 11:37:54 -0400 (Wed, 17 Apr 2024).
| Hostname | OS | Arch (*) | R version | Installed pkgs |
|---|---|---|---|---|
| nebbiolo2 | Linux (Ubuntu 22.04.3 LTS) | x86_64 | 4.3.3 (2024-02-29) -- "Angel Food Cake" | 4676 |
| palomino4 | Windows Server 2022 Datacenter | x64 | 4.3.3 (2024-02-29 ucrt) -- "Angel Food Cake" | 4414 |
| merida1 | macOS 12.7.1 Monterey | x86_64 | 4.3.3 (2024-02-29) -- "Angel Food Cake" | 4437 |
| Click on any hostname to see more info about the system (e.g. compilers) (*) as reported by 'uname -p', except on Windows and Mac OS X | ||||
| Package 1187/2266 | Hostname | OS / Arch | INSTALL | BUILD | CHECK | BUILD BIN | ||||||||
| memes 1.10.0 (landing page) Spencer Nystrom
| nebbiolo2 | Linux (Ubuntu 22.04.3 LTS) / x86_64 | OK | OK | ERROR | |||||||||
| palomino4 | Windows Server 2022 Datacenter / x64 | OK | OK | WARNINGS | OK | |||||||||
| merida1 | macOS 12.7.1 Monterey / x86_64 | OK | OK | WARNINGS | OK | |||||||||
| kjohnson1 | macOS 13.6.1 Ventura / arm64 | see weekly results here | ||||||||||||
|
To the developers/maintainers of the memes package: - Allow up to 24 hours (and sometimes 48 hours) for your latest push to git@git.bioconductor.org:packages/memes.git to reflect on this report. See Troubleshooting Build Report for more information. - Use the following Renviron settings to reproduce errors and warnings. - If 'R CMD check' started to fail recently on the Linux builder(s) over a missing dependency, add the missing dependency to 'Suggests:' in your DESCRIPTION file. See Renviron.bioc for more information. |
| Package: memes |
| Version: 1.10.0 |
| Command: /Library/Frameworks/R.framework/Resources/bin/R CMD check --install=check:memes.install-out.txt --library=/Library/Frameworks/R.framework/Resources/library --no-vignettes --timings memes_1.10.0.tar.gz |
| StartedAt: 2024-04-16 05:00:04 -0400 (Tue, 16 Apr 2024) |
| EndedAt: 2024-04-16 05:04:26 -0400 (Tue, 16 Apr 2024) |
| EllapsedTime: 261.7 seconds |
| RetCode: 0 |
| Status: WARNINGS |
| CheckDir: memes.Rcheck |
| Warnings: 1 |
##############################################################################
##############################################################################
###
### Running command:
###
### /Library/Frameworks/R.framework/Resources/bin/R CMD check --install=check:memes.install-out.txt --library=/Library/Frameworks/R.framework/Resources/library --no-vignettes --timings memes_1.10.0.tar.gz
###
##############################################################################
##############################################################################
* using log directory ‘/Users/biocbuild/bbs-3.18-bioc/meat/memes.Rcheck’
* using R version 4.3.3 (2024-02-29)
* using platform: x86_64-apple-darwin20 (64-bit)
* R was compiled by
Apple clang version 14.0.0 (clang-1400.0.29.202)
GNU Fortran (GCC) 12.2.0
* running under: macOS Monterey 12.7.1
* using session charset: UTF-8
* using option ‘--no-vignettes’
* checking for file ‘memes/DESCRIPTION’ ... OK
* checking extension type ... Package
* this is package ‘memes’ version ‘1.10.0’
* package encoding: UTF-8
* checking package namespace information ... OK
* checking package dependencies ... OK
* checking if this is a source package ... OK
* checking if there is a namespace ... OK
* checking for hidden files and directories ... OK
* checking for portable file names ... OK
* checking for sufficient/correct file permissions ... OK
* checking whether package ‘memes’ can be installed ... OK
* checking installed package size ... OK
* checking package directory ... OK
* checking ‘build’ directory ... OK
* checking DESCRIPTION meta-information ... OK
* checking top-level files ... OK
* checking for left-over files ... OK
* checking index information ... OK
* checking package subdirectories ... OK
* checking R files for non-ASCII characters ... OK
* checking R files for syntax errors ... OK
* checking whether the package can be loaded ... OK
* checking whether the package can be loaded with stated dependencies ... OK
* checking whether the package can be unloaded cleanly ... OK
* checking whether the namespace can be loaded with stated dependencies ... OK
* checking whether the namespace can be unloaded cleanly ... OK
* checking dependencies in R code ... OK
* checking S3 generic/method consistency ... WARNING
motif_input:
function(x, ...)
motif_input.universalmotif_df:
function(input, path)
motif_input:
function(x, ...)
motif_input.universalmotif:
function(input, path)
motif_input:
function(x, ...)
motif_input.list:
function(input, path)
motif_input:
function(x, ...)
motif_input.character:
function(input, path)
motif_input:
function(x, ...)
motif_input.data.frame:
function(input, path)
sequence_input:
function(x)
sequence_input.DNAStringSet:
function(input)
sequence_input:
function(x)
sequence_input.character:
function(input)
sequence_input:
function(x)
sequence_input.BStringSet:
function(input)
sequence_input:
function(x)
sequence_input.AAStringSet:
function(input)
See section ‘Generic functions and methods’ in the ‘Writing R
Extensions’ manual.
* checking replacement functions ... OK
* checking foreign function calls ... OK
* checking R code for possible problems ... OK
* checking Rd files ... OK
* checking Rd metadata ... OK
* checking Rd cross-references ... OK
* checking for missing documentation entries ... OK
* checking for code/documentation mismatches ... OK
* checking Rd \usage sections ... OK
* checking Rd contents ... OK
* checking for unstated dependencies in examples ... OK
* checking contents of ‘data’ directory ... OK
* checking data for non-ASCII characters ... OK
* checking LazyData ... OK
* checking data for ASCII and uncompressed saves ... OK
* checking files in ‘vignettes’ ... OK
* checking examples ... OK
Examples with CPU (user + system) or elapsed time > 5s
user system elapsed
add_sequence 13.598 0.497 14.908
plot_sequence_heatmap 7.841 0.135 8.574
* checking for unstated dependencies in vignettes ... OK
* checking package vignettes in ‘inst/doc’ ... OK
* checking running R code from vignettes ... SKIPPED
* checking re-building of vignette outputs ... SKIPPED
* checking PDF version of manual ... OK
* DONE
Status: 1 WARNING
See
‘/Users/biocbuild/bbs-3.18-bioc/meat/memes.Rcheck/00check.log’
for details.
memes.Rcheck/00install.out
############################################################################## ############################################################################## ### ### Running command: ### ### /Library/Frameworks/R.framework/Resources/bin/R CMD INSTALL memes ### ############################################################################## ############################################################################## * installing to library ‘/Library/Frameworks/R.framework/Versions/4.3-x86_64/Resources/library’ * installing *source* package ‘memes’ ... ** using staged installation ** R ** data *** moving datasets to lazyload DB ** inst ** byte-compile and prepare package for lazy loading ** help *** installing help indices *** copying figures ** building package indices ** installing vignettes ** testing if installed package can be loaded from temporary location ** testing if installed package can be loaded from final location ** testing if installed package keeps a record of temporary installation path * DONE (memes)
memes.Rcheck/memes-Ex.timings
| name | user | system | elapsed | |
| add_sequence | 13.598 | 0.497 | 14.908 | |
| ame_compare_heatmap_methods | 2.910 | 0.175 | 3.348 | |
| check_meme_install | 1.322 | 0.233 | 1.694 | |
| drop_best_match | 0.032 | 0.003 | 0.037 | |
| example_ame | 0.116 | 0.002 | 0.123 | |
| example_ame_large | 0.081 | 0.001 | 0.086 | |
| force_best_match | 0.109 | 0.002 | 0.120 | |
| get_sequence | 0.807 | 0.071 | 0.920 | |
| has_duplicate_motifs | 0.390 | 0.017 | 0.444 | |
| importAme | 0.466 | 0.053 | 0.624 | |
| importDremeXML | 0.425 | 0.016 | 0.489 | |
| importFimo | 0.076 | 0.011 | 0.092 | |
| importMeme | 0.202 | 0.007 | 0.217 | |
| importStremeXML | 0.319 | 0.015 | 0.352 | |
| importTomTomXML | 0.593 | 0.008 | 0.629 | |
| meme_is_installed | 0.110 | 0.002 | 0.119 | |
| nest_tomtom | 0.109 | 0.002 | 0.118 | |
| plot_ame_heatmap | 1.209 | 0.013 | 1.272 | |
| plot_sequence_heatmap | 7.841 | 0.135 | 8.574 | |
| remove_duplicate_motifs | 0.004 | 0.002 | 0.006 | |
| runAme | 0.113 | 0.003 | 0.133 | |
| runDreme | 0.112 | 0.002 | 0.130 | |
| runFimo | 0.109 | 0.002 | 0.118 | |
| runMeme | 0.112 | 0.002 | 0.119 | |
| runTomTom | 0.109 | 0.002 | 0.114 | |
| update_best_match | 0.139 | 0.003 | 0.149 | |
| view_tomtom_hits | 2.515 | 0.023 | 2.667 | |
| write_fasta | 0.003 | 0.000 | 0.005 | |