| Back to Multiple platform build/check report for BioC 3.18: simplified long |
|
This page was generated on 2024-04-17 11:36:41 -0400 (Wed, 17 Apr 2024).
| Hostname | OS | Arch (*) | R version | Installed pkgs |
|---|---|---|---|---|
| nebbiolo2 | Linux (Ubuntu 22.04.3 LTS) | x86_64 | 4.3.3 (2024-02-29) -- "Angel Food Cake" | 4676 |
| palomino4 | Windows Server 2022 Datacenter | x64 | 4.3.3 (2024-02-29 ucrt) -- "Angel Food Cake" | 4414 |
| merida1 | macOS 12.7.1 Monterey | x86_64 | 4.3.3 (2024-02-29) -- "Angel Food Cake" | 4437 |
| Click on any hostname to see more info about the system (e.g. compilers) (*) as reported by 'uname -p', except on Windows and Mac OS X | ||||
| Package 518/2266 | Hostname | OS / Arch | INSTALL | BUILD | CHECK | BUILD BIN | ||||||||
| decoupleR 2.8.2 (landing page) Pau Badia-i-Mompel
| nebbiolo2 | Linux (Ubuntu 22.04.3 LTS) / x86_64 | OK | OK | TIMEOUT | |||||||||
| palomino4 | Windows Server 2022 Datacenter / x64 | OK | OK | ERROR | ERROR | |||||||||
| merida1 | macOS 12.7.1 Monterey / x86_64 | OK | OK | TIMEOUT | ERROR | |||||||||
| kjohnson1 | macOS 13.6.1 Ventura / arm64 | see weekly results here | ||||||||||||
|
To the developers/maintainers of the decoupleR package: - Allow up to 24 hours (and sometimes 48 hours) for your latest push to git@git.bioconductor.org:packages/decoupleR.git to reflect on this report. See Troubleshooting Build Report for more information. - Use the following Renviron settings to reproduce errors and warnings. - If 'R CMD check' started to fail recently on the Linux builder(s) over a missing dependency, add the missing dependency to 'Suggests:' in your DESCRIPTION file. See Renviron.bioc for more information. |
| Package: decoupleR |
| Version: 2.8.2 |
| Command: F:\biocbuild\bbs-3.18-bioc\R\bin\R.exe CMD check --no-multiarch --install=check:decoupleR.install-out.txt --library=F:\biocbuild\bbs-3.18-bioc\R\library --no-vignettes --timings decoupleR_2.8.2.tar.gz |
| StartedAt: 2024-04-15 23:57:45 -0400 (Mon, 15 Apr 2024) |
| EndedAt: 2024-04-16 00:26:15 -0400 (Tue, 16 Apr 2024) |
| EllapsedTime: 1709.4 seconds |
| RetCode: 1 |
| Status: ERROR |
| CheckDir: decoupleR.Rcheck |
| Warnings: NA |
##############################################################################
##############################################################################
###
### Running command:
###
### F:\biocbuild\bbs-3.18-bioc\R\bin\R.exe CMD check --no-multiarch --install=check:decoupleR.install-out.txt --library=F:\biocbuild\bbs-3.18-bioc\R\library --no-vignettes --timings decoupleR_2.8.2.tar.gz
###
##############################################################################
##############################################################################
* using log directory 'F:/biocbuild/bbs-3.18-bioc/meat/decoupleR.Rcheck'
* using R version 4.3.3 (2024-02-29 ucrt)
* using platform: x86_64-w64-mingw32 (64-bit)
* R was compiled by
gcc.exe (GCC) 12.3.0
GNU Fortran (GCC) 12.3.0
* running under: Windows Server 2022 x64 (build 20348)
* using session charset: UTF-8
* using option '--no-vignettes'
* checking for file 'decoupleR/DESCRIPTION' ... OK
* checking extension type ... Package
* this is package 'decoupleR' version '2.8.2'
* package encoding: UTF-8
* checking package namespace information ... OK
* checking package dependencies ... OK
* checking if this is a source package ... OK
* checking if there is a namespace ... OK
* checking for hidden files and directories ... NOTE
Found the following hidden files and directories:
.bumpversion.cfg
These were most likely included in error. See section 'Package
structure' in the 'Writing R Extensions' manual.
* checking for portable file names ... OK
* checking whether package 'decoupleR' can be installed ... OK
* checking installed package size ... OK
* checking package directory ... OK
* checking 'build' directory ... WARNING
Output(s) listed in 'build/vignette.rds' but not in package:
'inst/doc/decoupleR.html'
'inst/doc/pw_bk.html'
'inst/doc/pw_sc.html'
'inst/doc/tf_bk.html'
'inst/doc/tf_sc.html'
* checking DESCRIPTION meta-information ... OK
* checking top-level files ... OK
* checking for left-over files ... OK
* checking index information ... OK
* checking package subdirectories ... OK
* checking R files for non-ASCII characters ... OK
* checking R files for syntax errors ... OK
* checking whether the package can be loaded ... OK
* checking whether the package can be loaded with stated dependencies ... OK
* checking whether the package can be unloaded cleanly ... OK
* checking whether the namespace can be loaded with stated dependencies ... OK
* checking whether the namespace can be unloaded cleanly ... OK
* checking dependencies in R code ... WARNING
[2024-04-15 23:58:18] [TRACE] [OmnipathR] Reading JSON from `C:\Users\biocbuild\AppData\Local\Cache\OmnipathR/cache.json` (encoding: UTF-8).
[2024-04-15 23:58:18] [TRACE] [OmnipathR] JSON validation successful: TRUE
[2024-04-15 23:58:18] [INFO] [OmnipathR] Initialized cache: `C:\Users\biocbuild\AppData\Local\Cache\OmnipathR`.
[2024-04-15 23:58:18] [TRACE] [OmnipathR] Running on a build server, wiping cache.
[2024-04-15 23:58:18] [TRACE] [OmnipathR] Cache is at `C:\Users\biocbuild\AppData\Local\Cache\OmnipathR`.
[2024-04-15 23:58:18] [TRACE] [OmnipathR] Contains 8 files.
[2024-04-15 23:58:18] [TRACE] [OmnipathR] Cache is locked: FALSE.
[2024-04-15 23:58:18] [TRACE] [OmnipathR] Reading JSON from `C:\Users\biocbuild\AppData\Local\Cache\OmnipathR/cache.json` (encoding: UTF-8).
[2024-04-15 23:58:18] [TRACE] [OmnipathR] JSON validation successful: TRUE
[2024-04-15 23:58:18] [SUCCESS] [OmnipathR] Removing all cache contents from `C:\Users\biocbuild\AppData\Local\Cache\OmnipathR`.
[2024-04-15 23:58:18] [TRACE] [OmnipathR] Pandoc version: `2.7.3`.
[2024-04-15 23:58:18] [TRACE] [OmnipathR] Reading JSON from `F:/biocbuild/bbs-3.18-bioc/R/library/OmnipathR/db/db_def.json` (encoding: UTF-8).
[2024-04-15 23:58:18] [TRACE] [OmnipathR] JSON validation successful: TRUE
[2024-04-15 23:58:18] [TRACE] [OmnipathR] Reading JSON from `F:/biocbuild/bbs-3.18-bioc/R/library/OmnipathR/internal/magic_bytes.json` (encoding: UTF-8).
[2024-04-15 23:58:18] [TRACE] [OmnipathR] JSON validation successful: TRUE
[2024-04-15 23:58:18] [TRACE] [OmnipathR] Reading JSON from `F:/biocbuild/bbs-3.18-bioc/R/library/OmnipathR/internal/urls.json` (encoding: UTF-8).
[2024-04-15 23:58:18] [TRACE] [OmnipathR] JSON validation successful: TRUE
[2024-04-15 23:58:18] [TRACE] [OmnipathR] Reading JSON from `F:/biocbuild/bbs-3.18-bioc/R/library/OmnipathR/internal/id_types.json` (encoding: UTF-8).
[2024-04-15 23:58:18] [TRACE] [OmnipathR] JSON validation successful: TRUE
[2024-04-15 23:58:18] [TRACE] [OmnipathR] Cache locked: FALSE
'::' or ':::' import not declared from: 'reshape2'
* checking S3 generic/method consistency ... OK
* checking replacement functions ... OK
* checking foreign function calls ... OK
* checking R code for possible problems ... NOTE
.ulm_analysis: no visible global function definition for 'cor'
.ulm_analysis: no visible global function definition for 'pt'
Undefined global functions or variables:
cor pt
Consider adding
importFrom("stats", "cor", "pt")
to your NAMESPACE file.
* checking Rd files ... OK
* checking Rd metadata ... OK
* checking Rd cross-references ... OK
* checking for missing documentation entries ... OK
* checking for code/documentation mismatches ... OK
* checking Rd \usage sections ... OK
* checking Rd contents ... OK
* checking for unstated dependencies in examples ... OK
* checking files in 'vignettes' ... WARNING
Files in the 'vignettes' directory but no files in 'inst/doc':
'decoupleR.Rmd' 'pw_bk.Rmd' 'pw_sc.Rmd' 'tf_bk.Rmd' 'tf_sc.Rmd'
* checking examples ... OK
Examples with CPU (user + system) or elapsed time > 5s
user system elapsed
get_dorothea 405.28 5.38 411.66
get_collectri 95.46 1.54 99.52
run_fgsea 25.33 0.20 25.56
run_aucell 9.64 0.51 10.22
get_progeny 7.14 0.43 10.13
* checking for unstated dependencies in 'tests' ... OK
* checking tests ...
Running 'testthat.R'
ERROR
Running the tests in 'tests/testthat.R' failed.
Last 13 lines of output:
4. ├─dplyr::select(., pathway, genesymbol, weight, p_value)
5. ├─dplyr::bind_rows(.)
6. │ └─rlang::list2(...)
7. ├─purrr::map(...)
8. │ └─purrr:::map_("list", .x, .f, ..., .progress = .progress)
9. │ └─purrr:::vctrs_vec_compat(.x, .purrr_user_env)
10. ├─dplyr::group_split(.)
11. ├─dplyr::group_by(., pathway)
12. ├─dplyr::select(., genesymbol, p_value, pathway, weight)
13. ├─dplyr::mutate(., weight = as.double(weight), p_value = as.double(p_value))
14. └─dplyr::distinct(., pathway, genesymbol, .keep_all = TRUE)
[ FAIL 1 | WARN 4 | SKIP 0 | PASS 34 ]
Error: Test failures
Execution halted
* checking for unstated dependencies in vignettes ... OK
* checking package vignettes in 'inst/doc' ... WARNING
Directory 'inst/doc' does not exist.
Package vignettes without corresponding single PDF/HTML:
'decoupleR.Rmd'
'pw_bk.Rmd'
'pw_sc.Rmd'
'tf_bk.Rmd'
'tf_sc.Rmd'
* checking running R code from vignettes ... SKIPPED
* checking re-building of vignette outputs ... SKIPPED
* checking PDF version of manual ... OK
* DONE
Status: 1 ERROR, 4 WARNINGs, 2 NOTEs
See
'F:/biocbuild/bbs-3.18-bioc/meat/decoupleR.Rcheck/00check.log'
for details.
decoupleR.Rcheck/00install.out
############################################################################## ############################################################################## ### ### Running command: ### ### F:\biocbuild\bbs-3.18-bioc\R\bin\R.exe CMD INSTALL decoupleR ### ############################################################################## ############################################################################## * installing to library 'F:/biocbuild/bbs-3.18-bioc/R/library' * installing *source* package 'decoupleR' ... ** using staged installation ** R ** inst ** byte-compile and prepare package for lazy loading ** help *** installing help indices *** copying figures ** building package indices ** installing vignettes ** testing if installed package can be loaded from temporary location ** testing if installed package can be loaded from final location ** testing if installed package keeps a record of temporary installation path * DONE (decoupleR)
decoupleR.Rcheck/tests/testthat.Rout.fail
R version 4.3.3 (2024-02-29 ucrt) -- "Angel Food Cake"
Copyright (C) 2024 The R Foundation for Statistical Computing
Platform: x86_64-w64-mingw32/x64 (64-bit)
R is free software and comes with ABSOLUTELY NO WARRANTY.
You are welcome to redistribute it under certain conditions.
Type 'license()' or 'licence()' for distribution details.
R is a collaborative project with many contributors.
Type 'contributors()' for more information and
'citation()' on how to cite R or R packages in publications.
Type 'demo()' for some demos, 'help()' for on-line help, or
'help.start()' for an HTML browser interface to help.
Type 'q()' to quit R.
> library(testthat)
> library(decoupleR)
>
> test_check("decoupleR")
|
| | 0%
|
|======================================================================| 100%
|
| | 0%
|
|======================================================================| 100%
|
| | 0%
|
|======================================================================| 100%
|
| | 0%
|
|======================================================================| 100%
|
| | 0%
|
|======================================================================| 100%
|
| | 0%
|
|======================================================================| 100%
|
| | 0%
|
|======================================================================| 100%
|
| | 0%
|
|======================================================================| 100%
|
| | 0%
|
|======================================================================| 100%
|
| | 0%
|
|======================================================================| 100%
|
| | 0%
|
|======================================================================| 100%
|
| | 0%
|
|======================================================================| 100%
|
| | 0%
|
|=================================== | 50%
|
|======================================================================| 100%
|
| | 0%
|
|=================================== | 50%
|
|======================================================================| 100%
|
| | 0%
|
|=================================== | 50%
|
|======================================================================| 100%
|
| | 0%
|
|=================================== | 50%
|
|======================================================================| 100%
|
| | 0%
|
|=================================== | 50%
|
|======================================================================| 100%
|
| | 0%
|
|=================================== | 50%
|
|======================================================================| 100%
|
| | 0%
|
|=================================== | 50%
|
|======================================================================| 100%
|
| | 0%
|
|=================================== | 50%
|
|======================================================================| 100%
|
| | 0%
|
|=================================== | 50%
|
|======================================================================| 100%
|
| | 0%
|
|=================================== | 50%
|
|======================================================================| 100%
|
| | 0%
|
|=================================== | 50%
|
|======================================================================| 100%
|
| | 0%
|
|=================================== | 50%
|
|======================================================================| 100%
[2024-04-16 00:11:04] [TRACE] [OmnipathR] Reading JSON from `C:\Users\biocbuild\AppData\Local\Cache\OmnipathR/cache.json` (encoding: UTF-8).
[2024-04-16 00:11:04] [TRACE] [OmnipathR] JSON validation successful: TRUE
[2024-04-16 00:11:04] [INFO] [OmnipathR] Initialized cache: `C:\Users\biocbuild\AppData\Local\Cache\OmnipathR`.
[2024-04-16 00:11:04] [TRACE] [OmnipathR] Running on a build server, wiping cache.
[2024-04-16 00:11:04] [TRACE] [OmnipathR] Cache is at `C:\Users\biocbuild\AppData\Local\Cache\OmnipathR`.
[2024-04-16 00:11:04] [TRACE] [OmnipathR] Contains 8 files.
[2024-04-16 00:11:04] [TRACE] [OmnipathR] Cache is locked: FALSE.
[2024-04-16 00:11:04] [TRACE] [OmnipathR] Reading JSON from `C:\Users\biocbuild\AppData\Local\Cache\OmnipathR/cache.json` (encoding: UTF-8).
[2024-04-16 00:11:04] [TRACE] [OmnipathR] JSON validation successful: TRUE
[2024-04-16 00:11:04] [SUCCESS] [OmnipathR] Removing all cache contents from `C:\Users\biocbuild\AppData\Local\Cache\OmnipathR`.
[2024-04-16 00:11:04] [TRACE] [OmnipathR] Pandoc version: `2.7.3`.
[2024-04-16 00:11:04] [TRACE] [OmnipathR] Reading JSON from `F:/biocbuild/bbs-3.18-bioc/R/library/OmnipathR/db/db_def.json` (encoding: UTF-8).
[2024-04-16 00:11:04] [TRACE] [OmnipathR] JSON validation successful: TRUE
[2024-04-16 00:11:04] [TRACE] [OmnipathR] Reading JSON from `F:/biocbuild/bbs-3.18-bioc/R/library/OmnipathR/internal/magic_bytes.json` (encoding: UTF-8).
[2024-04-16 00:11:04] [TRACE] [OmnipathR] JSON validation successful: TRUE
[2024-04-16 00:11:04] [TRACE] [OmnipathR] Reading JSON from `F:/biocbuild/bbs-3.18-bioc/R/library/OmnipathR/internal/urls.json` (encoding: UTF-8).
[2024-04-16 00:11:04] [TRACE] [OmnipathR] JSON validation successful: TRUE
[2024-04-16 00:11:04] [TRACE] [OmnipathR] Reading JSON from `F:/biocbuild/bbs-3.18-bioc/R/library/OmnipathR/internal/id_types.json` (encoding: UTF-8).
[2024-04-16 00:11:04] [TRACE] [OmnipathR] JSON validation successful: TRUE
[2024-04-16 00:11:04] [TRACE] [OmnipathR] Cache locked: FALSE
[2024-04-16 00:11:05] [TRACE] [OmnipathR] Reading JSON from `https://omnipathdb.org/resources` (encoding: UTF-8).
[2024-04-16 00:11:05] [TRACE] [OmnipathR] JSON validation successful: TRUE
[2024-04-16 00:11:05] [TRACE] [OmnipathR] Reading JSON from `https://omnipathdb.org/resources` (encoding: UTF-8).
[2024-04-16 00:11:05] [TRACE] [OmnipathR] JSON validation successful: TRUE
[2024-04-16 00:11:05] [INFO] [OmnipathR] Loading database `Ensembl and OMA organism names`.
[2024-04-16 00:11:05] [TRACE] [OmnipathR] Reading JSON from `C:\Users\biocbuild\AppData\Local\Cache\OmnipathR/cache.json` (encoding: UTF-8).
[2024-04-16 00:11:05] [TRACE] [OmnipathR] JSON validation successful: TRUE
[2024-04-16 00:11:05] [INFO] [OmnipathR] Looking up in cache `https://www.ensembl.org/info/about/species.html`: key=7332486db7400730697234bad76ca0c8e4d00799, no version available.
[2024-04-16 00:11:05] [TRACE] [OmnipathR] Reading JSON from `C:\Users\biocbuild\AppData\Local\Cache\OmnipathR/cache.json` (encoding: UTF-8).
[2024-04-16 00:11:05] [TRACE] [OmnipathR] JSON validation successful: TRUE
[2024-04-16 00:11:05] [INFO] [OmnipathR] Created new version for cache record 7332486db7400730697234bad76ca0c8e4d00799: version 1.
[2024-04-16 00:11:05] [TRACE] [OmnipathR] Cache file path: C:\Users\biocbuild\AppData\Local\Cache\OmnipathR/7332486db7400730697234bad76ca0c8e4d00799-1.html
[2024-04-16 00:11:05] [INFO] [OmnipathR] Retrieving URL: `https://www.ensembl.org/info/about/species.html`
[2024-04-16 00:11:05] [TRACE] [OmnipathR] Attempt 1/3: `https://www.ensembl.org/info/about/species.html`
[2024-04-16 00:11:06] [TRACE] [OmnipathR] HTTP 200
[2024-04-16 00:11:06] [INFO] [OmnipathR] Download ready [key=7332486db7400730697234bad76ca0c8e4d00799, version=1]
[2024-04-16 00:11:06] [TRACE] [OmnipathR] Reading JSON from `C:\Users\biocbuild\AppData\Local\Cache\OmnipathR/cache.json` (encoding: UTF-8).
[2024-04-16 00:11:06] [TRACE] [OmnipathR] JSON validation successful: TRUE
[2024-04-16 00:11:06] [INFO] [OmnipathR] Cache item `7332486db7400730697234bad76ca0c8e4d00799` version 1: status changed from `unknown` to `ready`.
[2024-04-16 00:11:07] [TRACE] [OmnipathR] Looking up in cache: `https://omabrowser.org/All/oma-species.txt`.
[2024-04-16 00:11:07] [INFO] [OmnipathR] Cache record does not exist: `https://omabrowser.org/All/oma-species.txt`
[2024-04-16 00:11:07] [TRACE] [OmnipathR] Could not find in cache, initiating download: `https://omabrowser.org/All/oma-species.txt`.
[2024-04-16 00:11:07] [TRACE] [OmnipathR] Reading JSON from `C:\Users\biocbuild\AppData\Local\Cache\OmnipathR/cache.json` (encoding: UTF-8).
[2024-04-16 00:11:07] [TRACE] [OmnipathR] JSON validation successful: TRUE
[2024-04-16 00:11:07] [TRACE] [OmnipathR] Reading JSON from `C:\Users\biocbuild\AppData\Local\Cache\OmnipathR/cache.json` (encoding: UTF-8).
[2024-04-16 00:11:07] [TRACE] [OmnipathR] JSON validation successful: TRUE
[2024-04-16 00:11:07] [INFO] [OmnipathR] Cache item `30e690cbb55dfc63b5903ab337f34ffc2f4be397` version 1: status changed from `unknown` to `started`.
[2024-04-16 00:11:07] [TRACE] [OmnipathR] Exporting object to RDS: `C:\Users\biocbuild\AppData\Local\Cache\OmnipathR/30e690cbb55dfc63b5903ab337f34ffc2f4be397-1.rds`.
[2024-04-16 00:11:07] [INFO] [OmnipathR] Retrieving URL: `https://omabrowser.org/All/oma-species.txt`
[2024-04-16 00:11:07] [TRACE] [OmnipathR] Attempt 1/3: `https://omabrowser.org/All/oma-species.txt`
[2024-04-16 00:11:08] [TRACE] [OmnipathR] Exported RDS to `C:\Users\biocbuild\AppData\Local\Cache\OmnipathR/30e690cbb55dfc63b5903ab337f34ffc2f4be397-1.rds`.
[2024-04-16 00:11:08] [INFO] [OmnipathR] Download ready [key=30e690cbb55dfc63b5903ab337f34ffc2f4be397, version=1]
[2024-04-16 00:11:08] [TRACE] [OmnipathR] Reading JSON from `C:\Users\biocbuild\AppData\Local\Cache\OmnipathR/cache.json` (encoding: UTF-8).
[2024-04-16 00:11:08] [TRACE] [OmnipathR] JSON validation successful: TRUE
[2024-04-16 00:11:08] [INFO] [OmnipathR] Cache item `30e690cbb55dfc63b5903ab337f34ffc2f4be397` version 1: status changed from `started` to `ready`.
[2024-04-16 00:11:08] [INFO] [OmnipathR] Loaded database `Ensembl and OMA organism names`.
[2024-04-16 00:11:08] [TRACE] [OmnipathR] Reading JSON from `https://omnipathdb.org/resources` (encoding: UTF-8).
[2024-04-16 00:11:08] [TRACE] [OmnipathR] JSON validation successful: TRUE
[2024-04-16 00:11:08] [TRACE] [OmnipathR] Looking up in cache: `https://omnipathdb.org/annotations?resources=TFcensus&license=academic`
[2024-04-16 00:11:08] [INFO] [OmnipathR] Cache record does not exist: `https://omnipathdb.org/annotations?resources=TFcensus&license=academic`
[2024-04-16 00:11:08] [TRACE] [OmnipathR] Looking up in cache: `http://no-tls.omnipathdb.org/annotations?resources=TFcensus&license=academic`
[2024-04-16 00:11:08] [INFO] [OmnipathR] Cache record does not exist: `http://no-tls.omnipathdb.org/annotations?resources=TFcensus&license=academic`
[2024-04-16 00:11:08] [TRACE] [OmnipathR] Attempting `https://omnipathdb.org/annotations?resources=TFcensus&license=academic`
[2024-04-16 00:11:08] [INFO] [OmnipathR] Retrieving URL: `https://omnipathdb.org/annotations?resources=TFcensus&license=academic`
[2024-04-16 00:11:08] [TRACE] [OmnipathR] Attempt 1/3: `https://omnipathdb.org/annotations?resources=TFcensus&license=academic`
[2024-04-16 00:11:09] [INFO] [OmnipathR] Successfully retrieved: `https://omnipathdb.org/annotations?resources=TFcensus&license=academic`
[2024-04-16 00:11:09] [TRACE] [OmnipathR] Reading JSON from `C:\Users\biocbuild\AppData\Local\Cache\OmnipathR/cache.json` (encoding: UTF-8).
[2024-04-16 00:11:09] [TRACE] [OmnipathR] JSON validation successful: TRUE
[2024-04-16 00:11:09] [TRACE] [OmnipathR] Reading JSON from `C:\Users\biocbuild\AppData\Local\Cache\OmnipathR/cache.json` (encoding: UTF-8).
[2024-04-16 00:11:09] [TRACE] [OmnipathR] JSON validation successful: TRUE
[2024-04-16 00:11:09] [INFO] [OmnipathR] Cache item `6f000d9b5edd9832b1c28754d1c3d9449c1c7490` version 1: status changed from `unknown` to `started`.
[2024-04-16 00:11:09] [TRACE] [OmnipathR] Exporting object to RDS: `C:\Users\biocbuild\AppData\Local\Cache\OmnipathR/6f000d9b5edd9832b1c28754d1c3d9449c1c7490-1.rds`.
[2024-04-16 00:11:09] [TRACE] [OmnipathR] Exported RDS to `C:\Users\biocbuild\AppData\Local\Cache\OmnipathR/6f000d9b5edd9832b1c28754d1c3d9449c1c7490-1.rds`.
[2024-04-16 00:11:09] [INFO] [OmnipathR] Download ready [key=6f000d9b5edd9832b1c28754d1c3d9449c1c7490, version=1]
[2024-04-16 00:11:09] [TRACE] [OmnipathR] Reading JSON from `C:\Users\biocbuild\AppData\Local\Cache\OmnipathR/cache.json` (encoding: UTF-8).
[2024-04-16 00:11:09] [TRACE] [OmnipathR] JSON validation successful: TRUE
[2024-04-16 00:11:09] [INFO] [OmnipathR] Cache item `6f000d9b5edd9832b1c28754d1c3d9449c1c7490` version 1: status changed from `started` to `ready`.
[2024-04-16 00:11:09] [SUCCESS] [OmnipathR] Downloaded 3099 annotation records.
[2024-04-16 00:11:09] [TRACE] [OmnipathR] Reading JSON from `https://omnipathdb.org/resources` (encoding: UTF-8).
[2024-04-16 00:11:09] [TRACE] [OmnipathR] JSON validation successful: TRUE
[2024-04-16 00:11:10] [TRACE] [OmnipathR] Reading JSON from `https://omnipathdb.org/resources` (encoding: UTF-8).
[2024-04-16 00:11:10] [TRACE] [OmnipathR] JSON validation successful: TRUE
[2024-04-16 00:11:10] [TRACE] [OmnipathR] Looking up in cache: `https://omnipathdb.org/annotations?resources=PROGENy&license=academic`
[2024-04-16 00:11:10] [INFO] [OmnipathR] Cache record does not exist: `https://omnipathdb.org/annotations?resources=PROGENy&license=academic`
[2024-04-16 00:11:10] [TRACE] [OmnipathR] Looking up in cache: `http://no-tls.omnipathdb.org/annotations?resources=PROGENy&license=academic`
[2024-04-16 00:11:10] [INFO] [OmnipathR] Cache record does not exist: `http://no-tls.omnipathdb.org/annotations?resources=PROGENy&license=academic`
[2024-04-16 00:11:10] [TRACE] [OmnipathR] Attempting `https://omnipathdb.org/annotations?resources=PROGENy&license=academic`
[2024-04-16 00:11:10] [INFO] [OmnipathR] Retrieving URL: `https://omnipathdb.org/annotations?resources=PROGENy&license=academic`
[2024-04-16 00:11:10] [TRACE] [OmnipathR] Attempt 1/3: `https://omnipathdb.org/annotations?resources=PROGENy&license=academic`
[2024-04-16 00:11:13] [INFO] [OmnipathR] Successfully retrieved: `https://omnipathdb.org/annotations?resources=PROGENy&license=academic`
[2024-04-16 00:11:13] [TRACE] [OmnipathR] Reading JSON from `C:\Users\biocbuild\AppData\Local\Cache\OmnipathR/cache.json` (encoding: UTF-8).
[2024-04-16 00:11:13] [TRACE] [OmnipathR] JSON validation successful: TRUE
[2024-04-16 00:11:13] [TRACE] [OmnipathR] Reading JSON from `C:\Users\biocbuild\AppData\Local\Cache\OmnipathR/cache.json` (encoding: UTF-8).
[2024-04-16 00:11:13] [TRACE] [OmnipathR] JSON validation successful: TRUE
[2024-04-16 00:11:13] [INFO] [OmnipathR] Cache item `3492392585ba05414edfae46801492076437d7e7` version 1: status changed from `unknown` to `started`.
[2024-04-16 00:11:13] [TRACE] [OmnipathR] Exporting object to RDS: `C:\Users\biocbuild\AppData\Local\Cache\OmnipathR/3492392585ba05414edfae46801492076437d7e7-1.rds`.
[2024-04-16 00:11:15] [TRACE] [OmnipathR] Exported RDS to `C:\Users\biocbuild\AppData\Local\Cache\OmnipathR/3492392585ba05414edfae46801492076437d7e7-1.rds`.
[2024-04-16 00:11:15] [INFO] [OmnipathR] Download ready [key=3492392585ba05414edfae46801492076437d7e7, version=1]
[2024-04-16 00:11:15] [TRACE] [OmnipathR] Reading JSON from `C:\Users\biocbuild\AppData\Local\Cache\OmnipathR/cache.json` (encoding: UTF-8).
[2024-04-16 00:11:15] [TRACE] [OmnipathR] JSON validation successful: TRUE
[2024-04-16 00:11:15] [INFO] [OmnipathR] Cache item `3492392585ba05414edfae46801492076437d7e7` version 1: status changed from `started` to `ready`.
[2024-04-16 00:11:15] [SUCCESS] [OmnipathR] Downloaded 700239 annotation records.
[2024-04-16 00:11:18] [TRACE] [OmnipathR] Reading JSON from `https://omnipathdb.org/resources` (encoding: UTF-8).
[2024-04-16 00:11:18] [TRACE] [OmnipathR] JSON validation successful: TRUE
[2024-04-16 00:11:19] [TRACE] [OmnipathR] Reading JSON from `https://omnipathdb.org/resources` (encoding: UTF-8).
[2024-04-16 00:11:19] [TRACE] [OmnipathR] JSON validation successful: TRUE
[2024-04-16 00:11:19] [TRACE] [OmnipathR] Looking up in cache: `https://omnipathdb.org/annotations?resources=PROGENy&license=academic`
[2024-04-16 00:11:20] [TRACE] [OmnipathR] Loaded data from RDS `C:\Users\biocbuild\AppData\Local\Cache\OmnipathR/3492392585ba05414edfae46801492076437d7e7-1.rds`.
[2024-04-16 00:11:20] [INFO] [OmnipathR] Loaded from cache: `https://omnipathdb.org/annotations?resources=PROGENy&license=academic`
[2024-04-16 00:11:20] [SUCCESS] [OmnipathR] Loaded 700239 annotation records from cache.
[2024-04-16 00:11:22] [TRACE] [OmnipathR] Bypassing call: `OmnipathR::translate_ids(., uniprot, genesymbol, organism = organism)`.
[2024-04-16 00:11:22] [TRACE] [OmnipathR] This behaviour is intended for running R CMD check within limited time and is triggered solely by the user name. Please report if you see this anywhere outside of a Bioconductor build server.
[2024-04-16 00:11:22] [TRACE] [OmnipathR] Looking up in cache: `https://omnipathdb.org/interactions?genesymbols=yes&datasets=dorothea&organisms=9606&dorothea_levels=A,B,C,D&fields=evidences,sources,references,curation_effort,dorothea_level&license=academic`
[2024-04-16 00:11:22] [INFO] [OmnipathR] Cache record does not exist: `https://omnipathdb.org/interactions?genesymbols=yes&datasets=dorothea&organisms=9606&dorothea_levels=A,B,C,D&fields=evidences,sources,references,curation_effort,dorothea_level&license=academic`
[2024-04-16 00:11:22] [TRACE] [OmnipathR] Looking up in cache: `http://no-tls.omnipathdb.org/interactions?genesymbols=yes&datasets=dorothea&organisms=9606&dorothea_levels=A,B,C,D&fields=evidences,sources,references,curation_effort,dorothea_level&license=academic`
[2024-04-16 00:11:22] [INFO] [OmnipathR] Cache record does not exist: `http://no-tls.omnipathdb.org/interactions?genesymbols=yes&datasets=dorothea&organisms=9606&dorothea_levels=A,B,C,D&fields=evidences,sources,references,curation_effort,dorothea_level&license=academic`
[2024-04-16 00:11:22] [TRACE] [OmnipathR] Attempting `https://omnipathdb.org/interactions?genesymbols=yes&datasets=dorothea&organisms=9606&dorothea_levels=A,B,C,D&fields=evidences,sources,references,curation_effort,dorothea_level&license=academic`
[2024-04-16 00:11:22] [INFO] [OmnipathR] Retrieving URL: `https://omnipathdb.org/interactions?genesymbols=yes&datasets=dorothea&organisms=9606&dorothea_levels=A,B,C,D&fields=evidences,sources,references,curation_effort,dorothea_level&license=academic`
[2024-04-16 00:11:22] [TRACE] [OmnipathR] Attempt 1/3: `https://omnipathdb.org/interactions?genesymbols=yes&datasets=dorothea&organisms=9606&dorothea_levels=A,B,C,D&fields=evidences,sources,references,curation_effort,dorothea_level&license=academic`
[2024-04-16 00:11:43] [INFO] [OmnipathR] Successfully retrieved: `https://omnipathdb.org/interactions?genesymbols=yes&datasets=dorothea&organisms=9606&dorothea_levels=A,B,C,D&fields=evidences,sources,references,curation_effort,dorothea_level&license=academic`
[2024-04-16 00:11:43] [TRACE] [OmnipathR] Reading JSON from `C:\Users\biocbuild\AppData\Local\Cache\OmnipathR/cache.json` (encoding: UTF-8).
[2024-04-16 00:11:43] [TRACE] [OmnipathR] JSON validation successful: TRUE
[2024-04-16 00:11:43] [TRACE] [OmnipathR] Reading JSON from `C:\Users\biocbuild\AppData\Local\Cache\OmnipathR/cache.json` (encoding: UTF-8).
[2024-04-16 00:11:43] [TRACE] [OmnipathR] JSON validation successful: TRUE
[2024-04-16 00:11:43] [INFO] [OmnipathR] Cache item `2acacccd183a8fe4538b649c1e593e2140fcddf6` version 1: status changed from `unknown` to `started`.
[2024-04-16 00:11:43] [TRACE] [OmnipathR] Exporting object to RDS: `C:\Users\biocbuild\AppData\Local\Cache\OmnipathR/2acacccd183a8fe4538b649c1e593e2140fcddf6-1.rds`.
[2024-04-16 00:11:45] [TRACE] [OmnipathR] Exported RDS to `C:\Users\biocbuild\AppData\Local\Cache\OmnipathR/2acacccd183a8fe4538b649c1e593e2140fcddf6-1.rds`.
[2024-04-16 00:11:45] [INFO] [OmnipathR] Download ready [key=2acacccd183a8fe4538b649c1e593e2140fcddf6, version=1]
[2024-04-16 00:11:45] [TRACE] [OmnipathR] Reading JSON from `C:\Users\biocbuild\AppData\Local\Cache\OmnipathR/cache.json` (encoding: UTF-8).
[2024-04-16 00:11:45] [TRACE] [OmnipathR] JSON validation successful: TRUE
[2024-04-16 00:11:45] [INFO] [OmnipathR] Cache item `2acacccd183a8fe4538b649c1e593e2140fcddf6` version 1: status changed from `started` to `ready`.
[2024-04-16 00:11:45] [TRACE] [OmnipathR] Converting JSON column `evidences` to list.
[2024-04-16 00:12:06] [TRACE] [OmnipathR] Restricting interaction records to datasets: dorothea; and resources: any
[2024-04-16 00:12:27] [TRACE] [OmnipathR] Filtering evidence columns: positive, negative, directed, undirected; to datasets: dorothea; and resources: any
[2024-04-16 00:17:56] [SUCCESS] [OmnipathR] Downloaded 278830 interactions.
[2024-04-16 00:18:06] [TRACE] [OmnipathR] Looking up in cache: `https://omnipathdb.org/interactions?genesymbols=yes&datasets=dorothea&organisms=10090&dorothea_levels=A,B,C,D&fields=evidences,sources,references,curation_effort,dorothea_level&license=academic`
[2024-04-16 00:18:06] [INFO] [OmnipathR] Cache record does not exist: `https://omnipathdb.org/interactions?genesymbols=yes&datasets=dorothea&organisms=10090&dorothea_levels=A,B,C,D&fields=evidences,sources,references,curation_effort,dorothea_level&license=academic`
[2024-04-16 00:18:06] [TRACE] [OmnipathR] Looking up in cache: `http://no-tls.omnipathdb.org/interactions?genesymbols=yes&datasets=dorothea&organisms=10090&dorothea_levels=A,B,C,D&fields=evidences,sources,references,curation_effort,dorothea_level&license=academic`
[2024-04-16 00:18:06] [INFO] [OmnipathR] Cache record does not exist: `http://no-tls.omnipathdb.org/interactions?genesymbols=yes&datasets=dorothea&organisms=10090&dorothea_levels=A,B,C,D&fields=evidences,sources,references,curation_effort,dorothea_level&license=academic`
[2024-04-16 00:18:06] [TRACE] [OmnipathR] Attempting `https://omnipathdb.org/interactions?genesymbols=yes&datasets=dorothea&organisms=10090&dorothea_levels=A,B,C,D&fields=evidences,sources,references,curation_effort,dorothea_level&license=academic`
[2024-04-16 00:18:06] [INFO] [OmnipathR] Retrieving URL: `https://omnipathdb.org/interactions?genesymbols=yes&datasets=dorothea&organisms=10090&dorothea_levels=A,B,C,D&fields=evidences,sources,references,curation_effort,dorothea_level&license=academic`
[2024-04-16 00:18:06] [TRACE] [OmnipathR] Attempt 1/3: `https://omnipathdb.org/interactions?genesymbols=yes&datasets=dorothea&organisms=10090&dorothea_levels=A,B,C,D&fields=evidences,sources,references,curation_effort,dorothea_level&license=academic`
[2024-04-16 00:18:10] [INFO] [OmnipathR] Successfully retrieved: `https://omnipathdb.org/interactions?genesymbols=yes&datasets=dorothea&organisms=10090&dorothea_levels=A,B,C,D&fields=evidences,sources,references,curation_effort,dorothea_level&license=academic`
[2024-04-16 00:18:10] [TRACE] [OmnipathR] Reading JSON from `C:\Users\biocbuild\AppData\Local\Cache\OmnipathR/cache.json` (encoding: UTF-8).
[2024-04-16 00:18:10] [TRACE] [OmnipathR] JSON validation successful: TRUE
[2024-04-16 00:18:10] [TRACE] [OmnipathR] Reading JSON from `C:\Users\biocbuild\AppData\Local\Cache\OmnipathR/cache.json` (encoding: UTF-8).
[2024-04-16 00:18:10] [TRACE] [OmnipathR] JSON validation successful: TRUE
[2024-04-16 00:18:10] [INFO] [OmnipathR] Cache item `73101f94a89eabbc8c12583d15dce08671d9e187` version 1: status changed from `unknown` to `started`.
[2024-04-16 00:18:10] [TRACE] [OmnipathR] Exporting object to RDS: `C:\Users\biocbuild\AppData\Local\Cache\OmnipathR/73101f94a89eabbc8c12583d15dce08671d9e187-1.rds`.
[2024-04-16 00:18:11] [TRACE] [OmnipathR] Exported RDS to `C:\Users\biocbuild\AppData\Local\Cache\OmnipathR/73101f94a89eabbc8c12583d15dce08671d9e187-1.rds`.
[2024-04-16 00:18:11] [INFO] [OmnipathR] Download ready [key=73101f94a89eabbc8c12583d15dce08671d9e187, version=1]
[2024-04-16 00:18:11] [TRACE] [OmnipathR] Reading JSON from `C:\Users\biocbuild\AppData\Local\Cache\OmnipathR/cache.json` (encoding: UTF-8).
[2024-04-16 00:18:11] [TRACE] [OmnipathR] JSON validation successful: TRUE
[2024-04-16 00:18:11] [INFO] [OmnipathR] Cache item `73101f94a89eabbc8c12583d15dce08671d9e187` version 1: status changed from `started` to `ready`.
[2024-04-16 00:18:11] [TRACE] [OmnipathR] Converting JSON column `evidences` to list.
[2024-04-16 00:18:23] [TRACE] [OmnipathR] Restricting interaction records to datasets: dorothea; and resources: any
[2024-04-16 00:18:36] [TRACE] [OmnipathR] Filtering evidence columns: positive, negative, directed, undirected; to datasets: dorothea; and resources: any
[2024-04-16 00:22:07] [SUCCESS] [OmnipathR] Downloaded 234298 interactions.
[2024-04-16 00:22:17] [TRACE] [OmnipathR] Looking up in cache: `https://omnipathdb.org/interactions?genesymbols=yes&datasets=collectri&organisms=9606&dorothea_levels=A,B&fields=evidences,sources,references,curation_effort&loops=yes&license=academic`
[2024-04-16 00:22:17] [INFO] [OmnipathR] Cache record does not exist: `https://omnipathdb.org/interactions?genesymbols=yes&datasets=collectri&organisms=9606&dorothea_levels=A,B&fields=evidences,sources,references,curation_effort&loops=yes&license=academic`
[2024-04-16 00:22:17] [TRACE] [OmnipathR] Looking up in cache: `http://no-tls.omnipathdb.org/interactions?genesymbols=yes&datasets=collectri&organisms=9606&dorothea_levels=A,B&fields=evidences,sources,references,curation_effort&loops=yes&license=academic`
[2024-04-16 00:22:17] [INFO] [OmnipathR] Cache record does not exist: `http://no-tls.omnipathdb.org/interactions?genesymbols=yes&datasets=collectri&organisms=9606&dorothea_levels=A,B&fields=evidences,sources,references,curation_effort&loops=yes&license=academic`
[2024-04-16 00:22:17] [TRACE] [OmnipathR] Attempting `https://omnipathdb.org/interactions?genesymbols=yes&datasets=collectri&organisms=9606&dorothea_levels=A,B&fields=evidences,sources,references,curation_effort&loops=yes&license=academic`
[2024-04-16 00:22:17] [INFO] [OmnipathR] Retrieving URL: `https://omnipathdb.org/interactions?genesymbols=yes&datasets=collectri&organisms=9606&dorothea_levels=A,B&fields=evidences,sources,references,curation_effort&loops=yes&license=academic`
[2024-04-16 00:22:17] [TRACE] [OmnipathR] Attempt 1/3: `https://omnipathdb.org/interactions?genesymbols=yes&datasets=collectri&organisms=9606&dorothea_levels=A,B&fields=evidences,sources,references,curation_effort&loops=yes&license=academic`
[2024-04-16 00:22:19] [INFO] [OmnipathR] Successfully retrieved: `https://omnipathdb.org/interactions?genesymbols=yes&datasets=collectri&organisms=9606&dorothea_levels=A,B&fields=evidences,sources,references,curation_effort&loops=yes&license=academic`
[2024-04-16 00:22:19] [TRACE] [OmnipathR] Reading JSON from `C:\Users\biocbuild\AppData\Local\Cache\OmnipathR/cache.json` (encoding: UTF-8).
[2024-04-16 00:22:19] [TRACE] [OmnipathR] JSON validation successful: TRUE
[2024-04-16 00:22:19] [TRACE] [OmnipathR] Reading JSON from `C:\Users\biocbuild\AppData\Local\Cache\OmnipathR/cache.json` (encoding: UTF-8).
[2024-04-16 00:22:19] [TRACE] [OmnipathR] JSON validation successful: TRUE
[2024-04-16 00:22:19] [INFO] [OmnipathR] Cache item `82abc02990e13a4b0186ba97e7e04cb7c5c780b2` version 1: status changed from `unknown` to `started`.
[2024-04-16 00:22:19] [TRACE] [OmnipathR] Exporting object to RDS: `C:\Users\biocbuild\AppData\Local\Cache\OmnipathR/82abc02990e13a4b0186ba97e7e04cb7c5c780b2-1.rds`.
[2024-04-16 00:22:20] [TRACE] [OmnipathR] Exported RDS to `C:\Users\biocbuild\AppData\Local\Cache\OmnipathR/82abc02990e13a4b0186ba97e7e04cb7c5c780b2-1.rds`.
[2024-04-16 00:22:20] [INFO] [OmnipathR] Download ready [key=82abc02990e13a4b0186ba97e7e04cb7c5c780b2, version=1]
[2024-04-16 00:22:20] [TRACE] [OmnipathR] Reading JSON from `C:\Users\biocbuild\AppData\Local\Cache\OmnipathR/cache.json` (encoding: UTF-8).
[2024-04-16 00:22:20] [TRACE] [OmnipathR] JSON validation successful: TRUE
[2024-04-16 00:22:20] [INFO] [OmnipathR] Cache item `82abc02990e13a4b0186ba97e7e04cb7c5c780b2` version 1: status changed from `started` to `ready`.
[2024-04-16 00:22:20] [TRACE] [OmnipathR] Converting JSON column `evidences` to list.
[2024-04-16 00:22:24] [TRACE] [OmnipathR] Restricting interaction records to datasets: collectri; and resources: any
[2024-04-16 00:22:28] [TRACE] [OmnipathR] Filtering evidence columns: positive, negative, directed, undirected; to datasets: collectri; and resources: any
[2024-04-16 00:23:52] [SUCCESS] [OmnipathR] Downloaded 64958 interactions.
[2024-04-16 00:23:52] [TRACE] [OmnipathR] Reading JSON from `https://omnipathdb.org/resources` (encoding: UTF-8).
[2024-04-16 00:23:52] [TRACE] [OmnipathR] JSON validation successful: TRUE
[2024-04-16 00:23:52] [TRACE] [OmnipathR] Looking up in cache: `https://omnipathdb.org/interactions?genesymbols=yes&resources=CollecTRI&datasets=tf_mirna&organisms=9606&fields=evidences,sources,references,curation_effort&license=academic`
[2024-04-16 00:23:52] [INFO] [OmnipathR] Cache record does not exist: `https://omnipathdb.org/interactions?genesymbols=yes&resources=CollecTRI&datasets=tf_mirna&organisms=9606&fields=evidences,sources,references,curation_effort&license=academic`
[2024-04-16 00:23:52] [TRACE] [OmnipathR] Looking up in cache: `http://no-tls.omnipathdb.org/interactions?genesymbols=yes&resources=CollecTRI&datasets=tf_mirna&organisms=9606&fields=evidences,sources,references,curation_effort&license=academic`
[2024-04-16 00:23:52] [INFO] [OmnipathR] Cache record does not exist: `http://no-tls.omnipathdb.org/interactions?genesymbols=yes&resources=CollecTRI&datasets=tf_mirna&organisms=9606&fields=evidences,sources,references,curation_effort&license=academic`
[2024-04-16 00:23:52] [TRACE] [OmnipathR] Attempting `https://omnipathdb.org/interactions?genesymbols=yes&resources=CollecTRI&datasets=tf_mirna&organisms=9606&fields=evidences,sources,references,curation_effort&license=academic`
[2024-04-16 00:23:52] [INFO] [OmnipathR] Retrieving URL: `https://omnipathdb.org/interactions?genesymbols=yes&resources=CollecTRI&datasets=tf_mirna&organisms=9606&fields=evidences,sources,references,curation_effort&license=academic`
[2024-04-16 00:23:52] [TRACE] [OmnipathR] Attempt 1/3: `https://omnipathdb.org/interactions?genesymbols=yes&resources=CollecTRI&datasets=tf_mirna&organisms=9606&fields=evidences,sources,references,curation_effort&license=academic`
[2024-04-16 00:23:53] [INFO] [OmnipathR] Successfully retrieved: `https://omnipathdb.org/interactions?genesymbols=yes&resources=CollecTRI&datasets=tf_mirna&organisms=9606&fields=evidences,sources,references,curation_effort&license=academic`
[2024-04-16 00:23:53] [TRACE] [OmnipathR] Reading JSON from `C:\Users\biocbuild\AppData\Local\Cache\OmnipathR/cache.json` (encoding: UTF-8).
[2024-04-16 00:23:53] [TRACE] [OmnipathR] JSON validation successful: TRUE
[2024-04-16 00:23:53] [TRACE] [OmnipathR] Reading JSON from `C:\Users\biocbuild\AppData\Local\Cache\OmnipathR/cache.json` (encoding: UTF-8).
[2024-04-16 00:23:53] [TRACE] [OmnipathR] JSON validation successful: TRUE
[2024-04-16 00:23:53] [INFO] [OmnipathR] Cache item `f7d34500401ba98803b7d2b26c48f64cee1eea1b` version 1: status changed from `unknown` to `started`.
[2024-04-16 00:23:53] [TRACE] [OmnipathR] Exporting object to RDS: `C:\Users\biocbuild\AppData\Local\Cache\OmnipathR/f7d34500401ba98803b7d2b26c48f64cee1eea1b-1.rds`.
[2024-04-16 00:23:53] [TRACE] [OmnipathR] Exported RDS to `C:\Users\biocbuild\AppData\Local\Cache\OmnipathR/f7d34500401ba98803b7d2b26c48f64cee1eea1b-1.rds`.
[2024-04-16 00:23:53] [INFO] [OmnipathR] Download ready [key=f7d34500401ba98803b7d2b26c48f64cee1eea1b, version=1]
[2024-04-16 00:23:53] [TRACE] [OmnipathR] Reading JSON from `C:\Users\biocbuild\AppData\Local\Cache\OmnipathR/cache.json` (encoding: UTF-8).
[2024-04-16 00:23:53] [TRACE] [OmnipathR] JSON validation successful: TRUE
[2024-04-16 00:23:53] [INFO] [OmnipathR] Cache item `f7d34500401ba98803b7d2b26c48f64cee1eea1b` version 1: status changed from `started` to `ready`.
[2024-04-16 00:23:53] [TRACE] [OmnipathR] Converting JSON column `evidences` to list.
[2024-04-16 00:23:53] [TRACE] [OmnipathR] Restricting interaction records to datasets: tf_mirna; and resources: CollecTRI
[2024-04-16 00:23:53] [TRACE] [OmnipathR] Filtering evidence columns: positive, negative, directed, undirected; to datasets: tf_mirna; and resources: CollecTRI
[2024-04-16 00:23:53] [SUCCESS] [OmnipathR] Downloaded 232 interactions.
[2024-04-16 00:23:53] [TRACE] [OmnipathR] Looking up in cache: `https://omnipathdb.org/interactions?genesymbols=yes&datasets=collectri&organisms=9606&dorothea_levels=A,B&fields=evidences,sources,references,curation_effort&loops=yes&license=academic`
[2024-04-16 00:23:54] [TRACE] [OmnipathR] Loaded data from RDS `C:\Users\biocbuild\AppData\Local\Cache\OmnipathR/82abc02990e13a4b0186ba97e7e04cb7c5c780b2-1.rds`.
[2024-04-16 00:23:54] [INFO] [OmnipathR] Loaded from cache: `https://omnipathdb.org/interactions?genesymbols=yes&datasets=collectri&organisms=9606&dorothea_levels=A,B&fields=evidences,sources,references,curation_effort&loops=yes&license=academic`
[2024-04-16 00:23:54] [TRACE] [OmnipathR] Converting JSON column `evidences` to list.
[2024-04-16 00:23:58] [TRACE] [OmnipathR] Restricting interaction records to datasets: collectri; and resources: any
[2024-04-16 00:24:03] [TRACE] [OmnipathR] Filtering evidence columns: positive, negative, directed, undirected; to datasets: collectri; and resources: any
[2024-04-16 00:25:29] [SUCCESS] [OmnipathR] Downloaded 64958 interactions.
[2024-04-16 00:25:30] [TRACE] [OmnipathR] Reading JSON from `https://omnipathdb.org/resources` (encoding: UTF-8).
[2024-04-16 00:25:30] [TRACE] [OmnipathR] JSON validation successful: TRUE
[2024-04-16 00:25:30] [TRACE] [OmnipathR] Looking up in cache: `https://omnipathdb.org/interactions?genesymbols=yes&resources=CollecTRI&datasets=tf_mirna&organisms=9606&fields=evidences,sources,references,curation_effort&license=academic`
[2024-04-16 00:25:30] [TRACE] [OmnipathR] Loaded data from RDS `C:\Users\biocbuild\AppData\Local\Cache\OmnipathR/f7d34500401ba98803b7d2b26c48f64cee1eea1b-1.rds`.
[2024-04-16 00:25:30] [INFO] [OmnipathR] Loaded from cache: `https://omnipathdb.org/interactions?genesymbols=yes&resources=CollecTRI&datasets=tf_mirna&organisms=9606&fields=evidences,sources,references,curation_effort&license=academic`
[2024-04-16 00:25:30] [TRACE] [OmnipathR] Converting JSON column `evidences` to list.
[2024-04-16 00:25:30] [TRACE] [OmnipathR] Restricting interaction records to datasets: tf_mirna; and resources: CollecTRI
[2024-04-16 00:25:30] [TRACE] [OmnipathR] Filtering evidence columns: positive, negative, directed, undirected; to datasets: tf_mirna; and resources: CollecTRI
[2024-04-16 00:25:30] [SUCCESS] [OmnipathR] Downloaded 232 interactions.
|
| | 0%
|
|======================================================================| 100%
|
| | 0%
|
|======================================================================| 100%
|
| | 0%
|
|======================================================================| 100%
|
| | 0%
|
|======================================================================| 100%
|
| | 0%
|
|======================================================================| 100%
|
| | 0%
|
|======================================================================| 100%
|
| | 0%
|
|======================================================================| 100%
|
| | 0%
|
|======================================================================| 100%
|
| | 0%
|
|======================================================================| 100%
|
| | 0%
|
|======================================================================| 100%
|
| | 0%
|
|======================================================================| 100%
|
| | 0%
|
|======================================================================| 100%
|
| | 0%
|
|=================================== | 50%
|
|======================================================================| 100%
|
| | 0%
|
|=================================== | 50%
|
|======================================================================| 100%
|
| | 0%
|
|=================================== | 50%
|
|======================================================================| 100%
|
| | 0%
|
|=================================== | 50%
|
|======================================================================| 100%
|
| | 0%
|
|=================================== | 50%
|
|======================================================================| 100%
|
| | 0%
|
|=================================== | 50%
|
|======================================================================| 100%
|
| | 0%
|
|=================================== | 50%
|
|======================================================================| 100%
|
| | 0%
|
|=================================== | 50%
|
|======================================================================| 100%
|
| | 0%
|
|=================================== | 50%
|
|======================================================================| 100%
|
| | 0%
|
|=================================== | 50%
|
|======================================================================| 100%
|
| | 0%
|
|=================================== | 50%
|
|======================================================================| 100%
|
| | 0%
|
|=================================== | 50%
|
|======================================================================| 100%
Attaching package: 'dplyr'
The following object is masked from 'package:testthat':
matches
The following objects are masked from 'package:stats':
filter, lag
The following objects are masked from 'package:base':
intersect, setdiff, setequal, union
[ FAIL 1 | WARN 4 | SKIP 0 | PASS 34 ]
══ Failed tests ════════════════════════════════════════════════════════════════
── Error ('test-omnipath.R:19:3'): test get_progeny mouse ──────────────────────
Error in `UseMethod("distinct")`: no applicable method for 'distinct' applied to an object of class "NULL"
Backtrace:
▆
1. ├─decoupleR::get_progeny(organism = "mouse") at test-omnipath.R:19:3
2. │ └─... %>% ...
3. ├─rlang::set_names(., c("source", "target", "weight", "p_value"))
4. ├─dplyr::select(., pathway, genesymbol, weight, p_value)
5. ├─dplyr::bind_rows(.)
6. │ └─rlang::list2(...)
7. ├─purrr::map(...)
8. │ └─purrr:::map_("list", .x, .f, ..., .progress = .progress)
9. │ └─purrr:::vctrs_vec_compat(.x, .purrr_user_env)
10. ├─dplyr::group_split(.)
11. ├─dplyr::group_by(., pathway)
12. ├─dplyr::select(., genesymbol, p_value, pathway, weight)
13. ├─dplyr::mutate(., weight = as.double(weight), p_value = as.double(p_value))
14. └─dplyr::distinct(., pathway, genesymbol, .keep_all = TRUE)
[ FAIL 1 | WARN 4 | SKIP 0 | PASS 34 ]
Error: Test failures
Execution halted
decoupleR.Rcheck/decoupleR-Ex.timings
| name | user | system | elapsed | |
| check_corr | 0.11 | 0.02 | 0.14 | |
| convert_f_defaults | 0.01 | 0.00 | 0.02 | |
| decouple | 0 | 0 | 0 | |
| dot-fit_preprocessing | 0.03 | 0.00 | 0.03 | |
| extract_sets | 0.03 | 0.00 | 0.03 | |
| filt_minsize | 0.03 | 0.00 | 0.03 | |
| get_collectri | 95.46 | 1.54 | 99.52 | |
| get_dorothea | 405.28 | 5.38 | 411.66 | |
| get_profile_of | 0 | 0 | 0 | |
| get_progeny | 7.14 | 0.43 | 10.13 | |
| get_resource | 0.48 | 0.03 | 1.83 | |
| get_toy_data | 0 | 0 | 0 | |
| intersect_regulons | 0.03 | 0.00 | 0.05 | |
| pipe | 0 | 0 | 0 | |
| pivot_wider_profile | 0 | 0 | 0 | |
| randomize_matrix | 0 | 0 | 0 | |
| rename_net | 0.05 | 0.00 | 0.04 | |
| run_aucell | 9.64 | 0.51 | 10.22 | |
| run_consensus | 2.09 | 0.07 | 2.16 | |
| run_fgsea | 25.33 | 0.20 | 25.56 | |
| run_gsva | 1.28 | 0.19 | 1.53 | |
| run_mdt | 0.33 | 0.01 | 0.33 | |
| run_mlm | 0.08 | 0.02 | 0.10 | |
| run_ora | 0.61 | 0.01 | 0.62 | |
| run_udt | 0.35 | 0.00 | 0.36 | |
| run_ulm | 0.05 | 0.00 | 0.05 | |
| run_viper | 1.03 | 0.16 | 1.41 | |
| run_wmean | 1.02 | 0.01 | 1.03 | |
| run_wsum | 1.00 | 0.02 | 1.01 | |
| show_methods | 0.08 | 0.00 | 0.13 | |
| show_resources | 0.04 | 0.02 | 0.45 | |
| tidyeval | 0.02 | 0.00 | 0.00 | |