| Back to Multiple platform build/check report for BioC 3.18: simplified long |
|
This page was generated on 2024-04-17 11:37:31 -0400 (Wed, 17 Apr 2024).
| Hostname | OS | Arch (*) | R version | Installed pkgs |
|---|---|---|---|---|
| nebbiolo2 | Linux (Ubuntu 22.04.3 LTS) | x86_64 | 4.3.3 (2024-02-29) -- "Angel Food Cake" | 4676 |
| palomino4 | Windows Server 2022 Datacenter | x64 | 4.3.3 (2024-02-29 ucrt) -- "Angel Food Cake" | 4414 |
| merida1 | macOS 12.7.1 Monterey | x86_64 | 4.3.3 (2024-02-29) -- "Angel Food Cake" | 4437 |
| Click on any hostname to see more info about the system (e.g. compilers) (*) as reported by 'uname -p', except on Windows and Mac OS X | ||||
| Package 182/2266 | Hostname | OS / Arch | INSTALL | BUILD | CHECK | BUILD BIN | ||||||||
| BiocNeighbors 1.20.2 (landing page) Aaron Lun
| nebbiolo2 | Linux (Ubuntu 22.04.3 LTS) / x86_64 | OK | OK | WARNINGS | |||||||||
| palomino4 | Windows Server 2022 Datacenter / x64 | OK | OK | WARNINGS | OK | |||||||||
| merida1 | macOS 12.7.1 Monterey / x86_64 | OK | OK | WARNINGS | OK | |||||||||
| kjohnson1 | macOS 13.6.1 Ventura / arm64 | see weekly results here | ||||||||||||
|
To the developers/maintainers of the BiocNeighbors package: - Allow up to 24 hours (and sometimes 48 hours) for your latest push to git@git.bioconductor.org:packages/BiocNeighbors.git to reflect on this report. See Troubleshooting Build Report for more information. - Use the following Renviron settings to reproduce errors and warnings. - If 'R CMD check' started to fail recently on the Linux builder(s) over a missing dependency, add the missing dependency to 'Suggests:' in your DESCRIPTION file. See Renviron.bioc for more information. |
| Package: BiocNeighbors |
| Version: 1.20.2 |
| Command: /Library/Frameworks/R.framework/Resources/bin/R CMD check --install=check:BiocNeighbors.install-out.txt --library=/Library/Frameworks/R.framework/Resources/library --no-vignettes --timings BiocNeighbors_1.20.2.tar.gz |
| StartedAt: 2024-04-15 23:50:24 -0400 (Mon, 15 Apr 2024) |
| EndedAt: 2024-04-15 23:58:51 -0400 (Mon, 15 Apr 2024) |
| EllapsedTime: 506.4 seconds |
| RetCode: 0 |
| Status: WARNINGS |
| CheckDir: BiocNeighbors.Rcheck |
| Warnings: 2 |
##############################################################################
##############################################################################
###
### Running command:
###
### /Library/Frameworks/R.framework/Resources/bin/R CMD check --install=check:BiocNeighbors.install-out.txt --library=/Library/Frameworks/R.framework/Resources/library --no-vignettes --timings BiocNeighbors_1.20.2.tar.gz
###
##############################################################################
##############################################################################
* using log directory ‘/Users/biocbuild/bbs-3.18-bioc/meat/BiocNeighbors.Rcheck’
* using R version 4.3.3 (2024-02-29)
* using platform: x86_64-apple-darwin20 (64-bit)
* R was compiled by
Apple clang version 14.0.0 (clang-1400.0.29.202)
GNU Fortran (GCC) 12.2.0
* running under: macOS Monterey 12.7.1
* using session charset: UTF-8
* using option ‘--no-vignettes’
* checking for file ‘BiocNeighbors/DESCRIPTION’ ... OK
* this is package ‘BiocNeighbors’ version ‘1.20.2’
* checking package namespace information ... OK
* checking package dependencies ... OK
* checking if this is a source package ... OK
* checking if there is a namespace ... OK
* checking for hidden files and directories ... OK
* checking for portable file names ... OK
* checking for sufficient/correct file permissions ... OK
* checking whether package ‘BiocNeighbors’ can be installed ... OK
* used C++ compiler: ‘Apple clang version 14.0.0 (clang-1400.0.29.202)’
* used SDK: ‘MacOSX11.3.sdk’
* checking C++ specification ... NOTE
Specified C++11: please drop specification unless essential
* checking installed package size ... OK
* checking package directory ... OK
* checking ‘build’ directory ... OK
* checking DESCRIPTION meta-information ... OK
* checking top-level files ... OK
* checking for left-over files ... OK
* checking index information ... OK
* checking package subdirectories ... OK
* checking R files for non-ASCII characters ... OK
* checking R files for syntax errors ... OK
* checking whether the package can be loaded ... OK
* checking whether the package can be loaded with stated dependencies ... OK
* checking whether the package can be unloaded cleanly ... OK
* checking whether the namespace can be loaded with stated dependencies ... OK
* checking whether the namespace can be unloaded cleanly ... OK
* checking dependencies in R code ... OK
* checking S3 generic/method consistency ... OK
* checking replacement functions ... OK
* checking foreign function calls ... OK
* checking R code for possible problems ... OK
* checking Rd files ... WARNING
checkRd: (5) BiocNeighborIndex.Rd:24: \item in \describe must have non-empty label
checkRd: (5) BiocNeighborIndex.Rd:25: \item in \describe must have non-empty label
checkRd: (5) BiocNeighborIndex.Rd:26: \item in \describe must have non-empty label
checkRd: (5) BiocNeighborIndex.Rd:27: \item in \describe must have non-empty label
checkRd: (5) BiocNeighborParam.Rd:18: \item in \describe must have non-empty label
checkRd: (5) BiocNeighborParam.Rd:19: \item in \describe must have non-empty label
checkRd: (5) BiocNeighborParam.Rd:20: \item in \describe must have non-empty label
checkRd: (5) BiocNeighborParam.Rd:21: \item in \describe must have non-empty label
* checking Rd metadata ... OK
* checking Rd cross-references ... OK
* checking for missing documentation entries ... OK
* checking for code/documentation mismatches ... OK
* checking Rd \usage sections ... OK
* checking Rd contents ... OK
* checking for unstated dependencies in examples ... OK
* checking line endings in C/C++/Fortran sources/headers ... OK
* checking line endings in Makefiles ... OK
* checking compilation flags in Makevars ... OK
* checking for GNU extensions in Makefiles ... OK
* checking for portable use of $(BLAS_LIBS) and $(LAPACK_LIBS) ... OK
* checking use of PKG_*FLAGS in Makefiles ... OK
* checking compiled code ... WARNING
Note: information on .o files is not available
File ‘/Library/Frameworks/R.framework/Versions/4.3-x86_64/Resources/library/BiocNeighbors/libs/BiocNeighbors.so’:
Found ‘_sprintf’, possibly from ‘sprintf’ (C)
Compiled code should not call entry points which might terminate R nor
write to stdout/stderr instead of to the console, nor use Fortran I/O
nor system RNGs nor [v]sprintf. The detected symbols are linked into
the code but might come from libraries and not actually be called.
See ‘Writing portable packages’ in the ‘Writing R Extensions’ manual.
* checking files in ‘vignettes’ ... OK
* checking examples ... OK
Examples with CPU (user + system) or elapsed time > 5s
user system elapsed
findNeighbors-functions 8.038 0.625 8.921
findKNN-methods 8.149 0.132 8.420
findNeighbors-methods 7.129 0.038 7.289
findKNN-functions 5.880 0.136 6.074
* checking for unstated dependencies in ‘tests’ ... OK
* checking tests ...
Running ‘testthat.R’
OK
* checking for unstated dependencies in vignettes ... OK
* checking package vignettes in ‘inst/doc’ ... OK
* checking running R code from vignettes ... SKIPPED
* checking re-building of vignette outputs ... SKIPPED
* checking PDF version of manual ... OK
* DONE
Status: 2 WARNINGs, 1 NOTE
See
‘/Users/biocbuild/bbs-3.18-bioc/meat/BiocNeighbors.Rcheck/00check.log’
for details.
BiocNeighbors.Rcheck/00install.out
############################################################################## ############################################################################## ### ### Running command: ### ### /Library/Frameworks/R.framework/Resources/bin/R CMD INSTALL BiocNeighbors ### ############################################################################## ############################################################################## * installing to library ‘/Library/Frameworks/R.framework/Versions/4.3-x86_64/Resources/library’ * installing *source* package ‘BiocNeighbors’ ... ** using staged installation ** libs using C++ compiler: ‘Apple clang version 14.0.0 (clang-1400.0.29.202)’ using C++11 using SDK: ‘MacOSX11.3.sdk’ clang++ -arch x86_64 -std=gnu++11 -I"/Library/Frameworks/R.framework/Resources/include" -DNDEBUG -I../inst/include/ -I'/Library/Frameworks/R.framework/Versions/4.3-x86_64/Resources/library/Rcpp/include' -I'/Library/Frameworks/R.framework/Versions/4.3-x86_64/Resources/library/RcppHNSW/include' -I/opt/R/x86_64/include -fPIC -falign-functions=64 -Wall -g -O2 -c RcppExports.cpp -o RcppExports.o clang++ -arch x86_64 -std=gnu++11 -I"/Library/Frameworks/R.framework/Resources/include" -DNDEBUG -I../inst/include/ -I'/Library/Frameworks/R.framework/Versions/4.3-x86_64/Resources/library/Rcpp/include' -I'/Library/Frameworks/R.framework/Versions/4.3-x86_64/Resources/library/RcppHNSW/include' -I/opt/R/x86_64/include -fPIC -falign-functions=64 -Wall -g -O2 -c annoy.cpp -o annoy.o clang++ -arch x86_64 -std=gnu++11 -I"/Library/Frameworks/R.framework/Resources/include" -DNDEBUG -I../inst/include/ -I'/Library/Frameworks/R.framework/Versions/4.3-x86_64/Resources/library/Rcpp/include' -I'/Library/Frameworks/R.framework/Versions/4.3-x86_64/Resources/library/RcppHNSW/include' -I/opt/R/x86_64/include -fPIC -falign-functions=64 -Wall -g -O2 -c build_annoy.cpp -o build_annoy.o clang++ -arch x86_64 -std=gnu++11 -I"/Library/Frameworks/R.framework/Resources/include" -DNDEBUG -I../inst/include/ -I'/Library/Frameworks/R.framework/Versions/4.3-x86_64/Resources/library/Rcpp/include' -I'/Library/Frameworks/R.framework/Versions/4.3-x86_64/Resources/library/RcppHNSW/include' -I/opt/R/x86_64/include -fPIC -falign-functions=64 -Wall -g -O2 -c build_hnsw.cpp -o build_hnsw.o clang++ -arch x86_64 -std=gnu++11 -I"/Library/Frameworks/R.framework/Resources/include" -DNDEBUG -I../inst/include/ -I'/Library/Frameworks/R.framework/Versions/4.3-x86_64/Resources/library/Rcpp/include' -I'/Library/Frameworks/R.framework/Versions/4.3-x86_64/Resources/library/RcppHNSW/include' -I/opt/R/x86_64/include -fPIC -falign-functions=64 -Wall -g -O2 -c build_vptree.cpp -o build_vptree.o clang++ -arch x86_64 -std=gnu++11 -I"/Library/Frameworks/R.framework/Resources/include" -DNDEBUG -I../inst/include/ -I'/Library/Frameworks/R.framework/Versions/4.3-x86_64/Resources/library/Rcpp/include' -I'/Library/Frameworks/R.framework/Versions/4.3-x86_64/Resources/library/RcppHNSW/include' -I/opt/R/x86_64/include -fPIC -falign-functions=64 -Wall -g -O2 -c distances.cpp -o distances.o clang++ -arch x86_64 -std=gnu++11 -I"/Library/Frameworks/R.framework/Resources/include" -DNDEBUG -I../inst/include/ -I'/Library/Frameworks/R.framework/Versions/4.3-x86_64/Resources/library/Rcpp/include' -I'/Library/Frameworks/R.framework/Versions/4.3-x86_64/Resources/library/RcppHNSW/include' -I/opt/R/x86_64/include -fPIC -falign-functions=64 -Wall -g -O2 -c exhaustive.cpp -o exhaustive.o clang++ -arch x86_64 -std=gnu++11 -I"/Library/Frameworks/R.framework/Resources/include" -DNDEBUG -I../inst/include/ -I'/Library/Frameworks/R.framework/Versions/4.3-x86_64/Resources/library/Rcpp/include' -I'/Library/Frameworks/R.framework/Versions/4.3-x86_64/Resources/library/RcppHNSW/include' -I/opt/R/x86_64/include -fPIC -falign-functions=64 -Wall -g -O2 -c find_annoy.cpp -o find_annoy.o clang++ -arch x86_64 -std=gnu++11 -I"/Library/Frameworks/R.framework/Resources/include" -DNDEBUG -I../inst/include/ -I'/Library/Frameworks/R.framework/Versions/4.3-x86_64/Resources/library/Rcpp/include' -I'/Library/Frameworks/R.framework/Versions/4.3-x86_64/Resources/library/RcppHNSW/include' -I/opt/R/x86_64/include -fPIC -falign-functions=64 -Wall -g -O2 -c find_exhaustive.cpp -o find_exhaustive.o clang++ -arch x86_64 -std=gnu++11 -I"/Library/Frameworks/R.framework/Resources/include" -DNDEBUG -I../inst/include/ -I'/Library/Frameworks/R.framework/Versions/4.3-x86_64/Resources/library/Rcpp/include' -I'/Library/Frameworks/R.framework/Versions/4.3-x86_64/Resources/library/RcppHNSW/include' -I/opt/R/x86_64/include -fPIC -falign-functions=64 -Wall -g -O2 -c find_hnsw.cpp -o find_hnsw.o clang++ -arch x86_64 -std=gnu++11 -I"/Library/Frameworks/R.framework/Resources/include" -DNDEBUG -I../inst/include/ -I'/Library/Frameworks/R.framework/Versions/4.3-x86_64/Resources/library/Rcpp/include' -I'/Library/Frameworks/R.framework/Versions/4.3-x86_64/Resources/library/RcppHNSW/include' -I/opt/R/x86_64/include -fPIC -falign-functions=64 -Wall -g -O2 -c find_kmknn.cpp -o find_kmknn.o clang++ -arch x86_64 -std=gnu++11 -I"/Library/Frameworks/R.framework/Resources/include" -DNDEBUG -I../inst/include/ -I'/Library/Frameworks/R.framework/Versions/4.3-x86_64/Resources/library/Rcpp/include' -I'/Library/Frameworks/R.framework/Versions/4.3-x86_64/Resources/library/RcppHNSW/include' -I/opt/R/x86_64/include -fPIC -falign-functions=64 -Wall -g -O2 -c find_mutual_nns.cpp -o find_mutual_nns.o clang++ -arch x86_64 -std=gnu++11 -I"/Library/Frameworks/R.framework/Resources/include" -DNDEBUG -I../inst/include/ -I'/Library/Frameworks/R.framework/Versions/4.3-x86_64/Resources/library/Rcpp/include' -I'/Library/Frameworks/R.framework/Versions/4.3-x86_64/Resources/library/RcppHNSW/include' -I/opt/R/x86_64/include -fPIC -falign-functions=64 -Wall -g -O2 -c find_vptree.cpp -o find_vptree.o clang++ -arch x86_64 -std=gnu++11 -I"/Library/Frameworks/R.framework/Resources/include" -DNDEBUG -I../inst/include/ -I'/Library/Frameworks/R.framework/Versions/4.3-x86_64/Resources/library/Rcpp/include' -I'/Library/Frameworks/R.framework/Versions/4.3-x86_64/Resources/library/RcppHNSW/include' -I/opt/R/x86_64/include -fPIC -falign-functions=64 -Wall -g -O2 -c hnsw.cpp -o hnsw.o clang++ -arch x86_64 -std=gnu++11 -I"/Library/Frameworks/R.framework/Resources/include" -DNDEBUG -I../inst/include/ -I'/Library/Frameworks/R.framework/Versions/4.3-x86_64/Resources/library/Rcpp/include' -I'/Library/Frameworks/R.framework/Versions/4.3-x86_64/Resources/library/RcppHNSW/include' -I/opt/R/x86_64/include -fPIC -falign-functions=64 -Wall -g -O2 -c kmknn.cpp -o kmknn.o clang++ -arch x86_64 -std=gnu++11 -I"/Library/Frameworks/R.framework/Resources/include" -DNDEBUG -I../inst/include/ -I'/Library/Frameworks/R.framework/Versions/4.3-x86_64/Resources/library/Rcpp/include' -I'/Library/Frameworks/R.framework/Versions/4.3-x86_64/Resources/library/RcppHNSW/include' -I/opt/R/x86_64/include -fPIC -falign-functions=64 -Wall -g -O2 -c query_annoy.cpp -o query_annoy.o clang++ -arch x86_64 -std=gnu++11 -I"/Library/Frameworks/R.framework/Resources/include" -DNDEBUG -I../inst/include/ -I'/Library/Frameworks/R.framework/Versions/4.3-x86_64/Resources/library/Rcpp/include' -I'/Library/Frameworks/R.framework/Versions/4.3-x86_64/Resources/library/RcppHNSW/include' -I/opt/R/x86_64/include -fPIC -falign-functions=64 -Wall -g -O2 -c query_exhaustive.cpp -o query_exhaustive.o clang++ -arch x86_64 -std=gnu++11 -I"/Library/Frameworks/R.framework/Resources/include" -DNDEBUG -I../inst/include/ -I'/Library/Frameworks/R.framework/Versions/4.3-x86_64/Resources/library/Rcpp/include' -I'/Library/Frameworks/R.framework/Versions/4.3-x86_64/Resources/library/RcppHNSW/include' -I/opt/R/x86_64/include -fPIC -falign-functions=64 -Wall -g -O2 -c query_hnsw.cpp -o query_hnsw.o clang++ -arch x86_64 -std=gnu++11 -I"/Library/Frameworks/R.framework/Resources/include" -DNDEBUG -I../inst/include/ -I'/Library/Frameworks/R.framework/Versions/4.3-x86_64/Resources/library/Rcpp/include' -I'/Library/Frameworks/R.framework/Versions/4.3-x86_64/Resources/library/RcppHNSW/include' -I/opt/R/x86_64/include -fPIC -falign-functions=64 -Wall -g -O2 -c query_kmknn.cpp -o query_kmknn.o clang++ -arch x86_64 -std=gnu++11 -I"/Library/Frameworks/R.framework/Resources/include" -DNDEBUG -I../inst/include/ -I'/Library/Frameworks/R.framework/Versions/4.3-x86_64/Resources/library/Rcpp/include' -I'/Library/Frameworks/R.framework/Versions/4.3-x86_64/Resources/library/RcppHNSW/include' -I/opt/R/x86_64/include -fPIC -falign-functions=64 -Wall -g -O2 -c query_vptree.cpp -o query_vptree.o clang++ -arch x86_64 -std=gnu++11 -I"/Library/Frameworks/R.framework/Resources/include" -DNDEBUG -I../inst/include/ -I'/Library/Frameworks/R.framework/Versions/4.3-x86_64/Resources/library/Rcpp/include' -I'/Library/Frameworks/R.framework/Versions/4.3-x86_64/Resources/library/RcppHNSW/include' -I/opt/R/x86_64/include -fPIC -falign-functions=64 -Wall -g -O2 -c utils.cpp -o utils.o clang++ -arch x86_64 -std=gnu++11 -I"/Library/Frameworks/R.framework/Resources/include" -DNDEBUG -I../inst/include/ -I'/Library/Frameworks/R.framework/Versions/4.3-x86_64/Resources/library/Rcpp/include' -I'/Library/Frameworks/R.framework/Versions/4.3-x86_64/Resources/library/RcppHNSW/include' -I/opt/R/x86_64/include -fPIC -falign-functions=64 -Wall -g -O2 -c vptree.cpp -o vptree.o clang++ -arch x86_64 -std=gnu++11 -dynamiclib -Wl,-headerpad_max_install_names -undefined dynamic_lookup -L/Library/Frameworks/R.framework/Resources/lib -L/opt/R/x86_64/lib -o BiocNeighbors.so RcppExports.o annoy.o build_annoy.o build_hnsw.o build_vptree.o distances.o exhaustive.o find_annoy.o find_exhaustive.o find_hnsw.o find_kmknn.o find_mutual_nns.o find_vptree.o hnsw.o kmknn.o query_annoy.o query_exhaustive.o query_hnsw.o query_kmknn.o query_vptree.o utils.o vptree.o -F/Library/Frameworks/R.framework/.. -framework R -Wl,-framework -Wl,CoreFoundation installing to /Library/Frameworks/R.framework/Versions/4.3-x86_64/Resources/library/00LOCK-BiocNeighbors/00new/BiocNeighbors/libs ** R ** inst ** byte-compile and prepare package for lazy loading ** help *** installing help indices ** building package indices ** installing vignettes ** testing if installed package can be loaded from temporary location ** checking absolute paths in shared objects and dynamic libraries ** testing if installed package can be loaded from final location ** testing if installed package keeps a record of temporary installation path * DONE (BiocNeighbors)
BiocNeighbors.Rcheck/tests/testthat.Rout
R version 4.3.3 (2024-02-29) -- "Angel Food Cake"
Copyright (C) 2024 The R Foundation for Statistical Computing
Platform: x86_64-apple-darwin20 (64-bit)
R is free software and comes with ABSOLUTELY NO WARRANTY.
You are welcome to redistribute it under certain conditions.
Type 'license()' or 'licence()' for distribution details.
R is a collaborative project with many contributors.
Type 'contributors()' for more information and
'citation()' on how to cite R or R packages in publications.
Type 'demo()' for some demos, 'help()' for on-line help, or
'help.start()' for an HTML browser interface to help.
Type 'q()' to quit R.
> library(testthat)
> library(BiocNeighbors)
> test_check("BiocNeighbors")
[ FAIL 0 | WARN 494 | SKIP 2 | PASS 3289 ]
══ Skipped tests (2) ═══════════════════════════════════════════════════════════
• out of sync with RcppAnnoy, skipping tests (2): 'test-find-annoy.R:5:1',
'test-query-annoy.R:5:1'
[ FAIL 0 | WARN 494 | SKIP 2 | PASS 3289 ]
>
> proc.time()
user system elapsed
165.963 15.307 327.587
BiocNeighbors.Rcheck/BiocNeighbors-Ex.timings
| name | user | system | elapsed | |
| AnnoyIndex | 0.585 | 0.053 | 0.709 | |
| AnnoyParam | 0.028 | 0.001 | 0.031 | |
| BiocNeighbors-raw-index | 2.484 | 0.023 | 2.717 | |
| BiocNeighbors-ties | 0.025 | 0.001 | 0.030 | |
| ExhaustiveIndex | 0.029 | 0.004 | 0.036 | |
| ExhaustiveParam | 0.005 | 0.000 | 0.005 | |
| HnswIndex | 1.207 | 0.024 | 1.310 | |
| HnswParam | 0.018 | 0.001 | 0.021 | |
| KmknnIndex | 0.313 | 0.116 | 0.503 | |
| KmknnParam | 0.008 | 0.001 | 0.012 | |
| VptreeIndex | 0.055 | 0.007 | 0.068 | |
| VptreeParam | 0.004 | 0.000 | 0.006 | |
| buildAnnoy | 0.516 | 0.038 | 0.590 | |
| buildExhaustive | 0.014 | 0.001 | 0.015 | |
| buildHnsw | 1.172 | 0.020 | 1.197 | |
| buildIndex | 0.749 | 0.043 | 0.797 | |
| buildKmknn | 0.251 | 0.005 | 0.256 | |
| buildVptree | 0.028 | 0.002 | 0.032 | |
| findKNN-functions | 5.880 | 0.136 | 6.074 | |
| findKNN-methods | 8.149 | 0.132 | 8.420 | |
| findMutualNN | 0.053 | 0.002 | 0.055 | |
| findNeighbors-functions | 8.038 | 0.625 | 8.921 | |
| findNeighbors-methods | 7.129 | 0.038 | 7.289 | |
| queryKNN-functions | 2.837 | 0.159 | 3.012 | |
| queryKNN-methods | 2.409 | 0.141 | 2.596 | |
| queryNeighbors-functions | 0.656 | 0.026 | 0.692 | |
| queryNeighbors-methods | 1.341 | 0.045 | 1.400 | |