| Back to Build/check report for BioC 3.17 |
|
This page was generated on 2023-01-02 09:00:34 -0500 (Mon, 02 Jan 2023).
| Hostname | OS | Arch (*) | R version | Installed pkgs |
|---|---|---|---|---|
| palomino5 | Windows Server 2022 Datacenter | x64 | R Under development (unstable) (2022-12-25 r83502 ucrt) -- "Unsuffered Consequences" | 4165 |
| Click on any hostname to see more info about the system (e.g. compilers) (*) as reported by 'uname -p', except on Windows and Mac OS X | ||||
|
To the developers/maintainers of the igvR package: Make sure to use the following settings in order to reproduce any error or warning you see on this page. |
| Package 944/2158 | Hostname | OS / Arch | INSTALL | BUILD | CHECK | BUILD BIN | ||||||||
| igvR 1.19.0 (landing page) Paul Shannon
| palomino5 | Windows Server 2022 Datacenter / x64 | OK | OK | WARNINGS | OK | ||||||||
| Package: igvR |
| Version: 1.19.0 |
| Command: F:\biocbuild\bbs-3.17-bioc\R\bin\R.exe CMD check --no-multiarch --install=check:igvR.install-out.txt --library=F:\biocbuild\bbs-3.17-bioc\R\library --no-vignettes --timings igvR_1.19.0.tar.gz |
| StartedAt: 2022-12-29 00:37:22 -0500 (Thu, 29 Dec 2022) |
| EndedAt: 2022-12-29 00:40:54 -0500 (Thu, 29 Dec 2022) |
| EllapsedTime: 211.2 seconds |
| RetCode: 0 |
| Status: WARNINGS |
| CheckDir: igvR.Rcheck |
| Warnings: 2 |
##############################################################################
##############################################################################
###
### Running command:
###
### F:\biocbuild\bbs-3.17-bioc\R\bin\R.exe CMD check --no-multiarch --install=check:igvR.install-out.txt --library=F:\biocbuild\bbs-3.17-bioc\R\library --no-vignettes --timings igvR_1.19.0.tar.gz
###
##############################################################################
##############################################################################
* using log directory 'F:/biocbuild/bbs-3.17-bioc-rtools43/meat/igvR.Rcheck'
* using R Under development (unstable) (2022-12-25 r83502 ucrt)
* using platform: x86_64-w64-mingw32 (64-bit)
* R was compiled by
gcc.exe (GCC) 10.4.0
GNU Fortran (GCC) 10.4.0
* running under: Windows Server x64 (build 20348)
* using session charset: UTF-8
* using option '--no-vignettes'
* checking for file 'igvR/DESCRIPTION' ... OK
* checking extension type ... Package
* this is package 'igvR' version '1.19.0'
* package encoding: UTF-8
* checking package namespace information ... OK
* checking package dependencies ... OK
* checking if this is a source package ... OK
* checking if there is a namespace ... OK
* checking for hidden files and directories ... OK
* checking for portable file names ... OK
* checking whether package 'igvR' can be installed ... OK
* checking installed package size ... NOTE
installed size is 16.7Mb
sub-directories of 1Mb or more:
browserCode 10.1Mb
extdata 6.0Mb
* checking package directory ... OK
* checking 'build' directory ... OK
* checking DESCRIPTION meta-information ... OK
* checking top-level files ... OK
* checking for left-over files ... OK
* checking index information ... WARNING
Vignettes with missing or empty \VignetteIndexEntry:
v05.ucscTableBrowser.Rmd
See sections 'The INDEX file' and 'Package subdirectories' in the
'Writing R Extensions' manual.
* checking package subdirectories ... OK
* checking R files for non-ASCII characters ... OK
* checking R files for syntax errors ... OK
* checking whether the package can be loaded ... OK
* checking whether the package can be loaded with stated dependencies ... OK
* checking whether the package can be unloaded cleanly ... OK
* checking whether the namespace can be loaded with stated dependencies ... OK
* checking whether the namespace can be unloaded cleanly ... OK
* checking dependencies in R code ... NOTE
Unexported object imported by a ':::' call: 'BrowserViz:::log'
See the note in ?`:::` about the use of this operator.
* checking S3 generic/method consistency ... OK
* checking replacement functions ... OK
* checking foreign function calls ... OK
* checking R code for possible problems ... NOTE
.writeMotifLogoImagesUpdateTrackNames: no visible binding for global
variable 'MotifDb'
.writeMotifLogoImagesUpdateTrackNames: no visible global function
definition for 'seqLogo'
Undefined global functions or variables:
MotifDb seqLogo
* checking Rd files ... OK
* checking Rd metadata ... OK
* checking Rd cross-references ... OK
* checking for missing documentation entries ... OK
* checking for code/documentation mismatches ... OK
* checking Rd \usage sections ... OK
* checking Rd contents ... OK
* checking for unstated dependencies in examples ... OK
* checking include directives in Makefiles ... OK
* checking files in 'vignettes' ... OK
* checking examples ... OK
* checking for unstated dependencies in vignettes ... OK
* checking package vignettes in 'inst/doc' ... WARNING
Found 'inst/doc/makefile': should be 'Makefile' and will be ignored
* checking running R code from vignettes ... SKIPPED
* checking re-building of vignette outputs ... SKIPPED
* checking PDF version of manual ... OK
* DONE
Status: 2 WARNINGs, 3 NOTEs
See
'F:/biocbuild/bbs-3.17-bioc-rtools43/meat/igvR.Rcheck/00check.log'
for details.
igvR.Rcheck/00install.out
############################################################################## ############################################################################## ### ### Running command: ### ### F:\biocbuild\bbs-3.17-bioc\R\bin\R.exe CMD INSTALL igvR ### ############################################################################## ############################################################################## * installing to library 'F:/biocbuild/bbs-3.17-bioc/R/library' * installing *source* package 'igvR' ... ** using staged installation ** R ** inst ** byte-compile and prepare package for lazy loading ** help *** installing help indices ** building package indices ** installing vignettes ** testing if installed package can be loaded from temporary location ** testing if installed package can be loaded from final location ** testing if installed package keeps a record of temporary installation path * DONE (igvR)
igvR.Rcheck/igvR-Ex.timings
| name | user | system | elapsed | |
| BedpeInteractionsTrack-class | 0.00 | 0.00 | 0.01 | |
| DataFrameAnnotationTrack-class | 0 | 0 | 0 | |
| DataFrameQuantitativeTrack-class | 0.01 | 0.00 | 0.02 | |
| GFF3Track-class | 0.02 | 0.00 | 0.02 | |
| GRangesAnnotationTrack-class | 0.06 | 0.01 | 0.08 | |
| GRangesQuantitativeTrack-class | 0.01 | 0.00 | 0.01 | |
| GWASTrack-class | 0.07 | 0.02 | 0.14 | |
| GWASUrlTrack-class | 0 | 0 | 0 | |
| GenomicAlignmentTrack-class | 0.11 | 0.01 | 0.16 | |
| UCSCBedAnnotationTrack-class | 0.25 | 0.03 | 0.29 | |
| UCSCBedGraphQuantitativeTrack-class | 0.15 | 0.00 | 0.15 | |
| VariantTrack-class | 0.41 | 0.00 | 0.43 | |
| displayTrack | 0 | 0 | 0 | |
| enableMotifLogoPopups | 0 | 0 | 0 | |
| getGenomicRegion | 0 | 0 | 0 | |
| getSupportedGenomes | 0 | 0 | 0 | |
| getTrackNames | 0 | 0 | 0 | |
| igvR-class | 0 | 0 | 0 | |
| parseAndValidateGenomeSpec | 0.05 | 0.04 | 0.67 | |
| ping | 0 | 0 | 0 | |
| removeTracksByName | 0 | 0 | 0 | |
| setCustomGenome | 0 | 0 | 0 | |
| setGenome | 0 | 0 | 0 | |
| showGenomicRegion | 0 | 0 | 0 | |
| trackSize-DataFrameAnnotationTrack-method | 0 | 0 | 0 | |
| trackSize-UCSCBedAnnotationTrack-method | 0.09 | 0.02 | 0.11 | |
| url.exists | 0 | 0 | 0 | |