| Back to Multiple platform build/check report for BioC 3.17: simplified long |
|
This page was generated on 2023-10-16 11:36:12 -0400 (Mon, 16 Oct 2023).
| Hostname | OS | Arch (*) | R version | Installed pkgs |
|---|---|---|---|---|
| nebbiolo1 | Linux (Ubuntu 22.04.2 LTS) | x86_64 | 4.3.1 (2023-06-16) -- "Beagle Scouts" | 4626 |
| palomino3 | Windows Server 2022 Datacenter | x64 | 4.3.1 (2023-06-16 ucrt) -- "Beagle Scouts" | 4379 |
| merida1 | macOS 12.6.4 Monterey | x86_64 | 4.3.1 (2023-06-16) -- "Beagle Scouts" | 4395 |
| Click on any hostname to see more info about the system (e.g. compilers) (*) as reported by 'uname -p', except on Windows and Mac OS X | ||||
| Package 873/2230 | Hostname | OS / Arch | INSTALL | BUILD | CHECK | BUILD BIN | ||||||||
| GRaNIE 1.4.1 (landing page) Christian Arnold
| nebbiolo1 | Linux (Ubuntu 22.04.2 LTS) / x86_64 | OK | OK | WARNINGS | |||||||||
| palomino3 | Windows Server 2022 Datacenter / x64 | OK | OK | WARNINGS | OK | |||||||||
| merida1 | macOS 12.6.4 Monterey / x86_64 | OK | OK | WARNINGS | OK | |||||||||
| kjohnson2 | macOS 12.6.1 Monterey / arm64 | see weekly results here | ||||||||||||
|
To the developers/maintainers of the GRaNIE package: - Allow up to 24 hours (and sometimes 48 hours) for your latest push to git@git.bioconductor.org:packages/GRaNIE.git to reflect on this report. See Troubleshooting Build Report for more information. - Use the following Renviron settings to reproduce errors and warnings. - If 'R CMD check' started to fail recently on the Linux builder(s) over a missing dependency, add the missing dependency to 'Suggests:' in your DESCRIPTION file. See Renviron.bioc for more information. |
| Package: GRaNIE |
| Version: 1.4.1 |
| Command: F:\biocbuild\bbs-3.17-bioc\R\bin\R.exe CMD check --no-multiarch --install=check:GRaNIE.install-out.txt --library=F:\biocbuild\bbs-3.17-bioc\R\library --no-vignettes --timings GRaNIE_1.4.1.tar.gz |
| StartedAt: 2023-10-16 02:48:17 -0400 (Mon, 16 Oct 2023) |
| EndedAt: 2023-10-16 02:57:11 -0400 (Mon, 16 Oct 2023) |
| EllapsedTime: 534.1 seconds |
| RetCode: 0 |
| Status: WARNINGS |
| CheckDir: GRaNIE.Rcheck |
| Warnings: 3 |
##############################################################################
##############################################################################
###
### Running command:
###
### F:\biocbuild\bbs-3.17-bioc\R\bin\R.exe CMD check --no-multiarch --install=check:GRaNIE.install-out.txt --library=F:\biocbuild\bbs-3.17-bioc\R\library --no-vignettes --timings GRaNIE_1.4.1.tar.gz
###
##############################################################################
##############################################################################
* using log directory 'F:/biocbuild/bbs-3.17-bioc/meat/GRaNIE.Rcheck'
* using R version 4.3.1 (2023-06-16 ucrt)
* using platform: x86_64-w64-mingw32 (64-bit)
* R was compiled by
gcc.exe (GCC) 12.2.0
GNU Fortran (GCC) 12.2.0
* running under: Windows Server 2022 x64 (build 20348)
* using session charset: UTF-8
* using option '--no-vignettes'
* checking for file 'GRaNIE/DESCRIPTION' ... OK
* this is package 'GRaNIE' version '1.4.1'
* package encoding: UTF-8
* checking package namespace information ... OK
* checking package dependencies ... OK
* checking if this is a source package ... OK
* checking if there is a namespace ... OK
* checking for hidden files and directories ... OK
* checking for portable file names ... OK
* checking whether package 'GRaNIE' can be installed ... WARNING
Found the following significant warnings:
Warning: replacing previous import 'GenomicRanges::windows' by 'grDevices::windows' when loading 'GRaNIE'
See 'F:/biocbuild/bbs-3.17-bioc/meat/GRaNIE.Rcheck/00install.out' for details.
* checking installed package size ... OK
* checking package directory ... OK
* checking 'build' directory ... OK
* checking DESCRIPTION meta-information ... OK
* checking top-level files ... OK
* checking for left-over files ... OK
* checking index information ... OK
* checking package subdirectories ... OK
* checking R files for non-ASCII characters ... OK
* checking R files for syntax errors ... OK
* checking whether the package can be loaded ... OK
* checking whether the package can be loaded with stated dependencies ... OK
* checking whether the package can be unloaded cleanly ... OK
* checking whether the namespace can be loaded with stated dependencies ... OK
* checking whether the namespace can be unloaded cleanly ... OK
* checking startup messages can be suppressed ... OK
* checking dependencies in R code ... OK
* checking S3 generic/method consistency ... OK
* checking replacement functions ... OK
* checking foreign function calls ... OK
* checking R code for possible problems ... NOTE
.performIHW: no visible binding for global variable 'adj_pvalue'
getGRNSummary: no visible binding for global variable 'pval'
Undefined global functions or variables:
adj_pvalue pval
* checking Rd files ... OK
* checking Rd metadata ... WARNING
Rd files with duplicated name 'nGenes':
'genes-methods.Rd' 'nGenes.Rd'
Rd files with duplicated name 'nPeaks':
'nPeaks.Rd' 'peaks-methods.Rd'
Rd files with duplicated alias 'genes':
'genes-methods.Rd' 'nGenes.Rd'
Rd files with duplicated alias 'nGenes':
'genes-methods.Rd' 'nGenes.Rd'
Rd files with duplicated alias 'nPeaks':
'nPeaks.Rd' 'peaks-methods.Rd'
Rd files with duplicated alias 'peaks':
'nPeaks.Rd' 'peaks-methods.Rd'
* checking Rd cross-references ... OK
* checking for missing documentation entries ... OK
* checking for code/documentation mismatches ... WARNING
Functions or methods with usage in documentation object 'installSuggestedPackages' but not in code:
'installSuggestedPackages'
* checking Rd \usage sections ... OK
* checking Rd contents ... OK
* checking for unstated dependencies in examples ... OK
* checking R/sysdata.rda ... OK
* checking files in 'vignettes' ... OK
* checking examples ... OK
Examples with CPU (user + system) or elapsed time > 5s
user system elapsed
generateStatsSummary 7.61 0.32 8.32
addConnections_TF_peak 5.91 1.65 9.18
plotDiagnosticPlots_peakGene 5.04 0.27 5.92
visualizeGRN 4.77 0.39 5.15
plotCommunitiesStats 4.95 0.14 5.52
plotGeneralGraphStats 4.56 0.13 5.35
plotCommunitiesEnrichment 4.32 0.29 5.73
* checking for unstated dependencies in vignettes ... OK
* checking package vignettes in 'inst/doc' ... OK
* checking running R code from vignettes ... SKIPPED
* checking re-building of vignette outputs ... SKIPPED
* checking PDF version of manual ... OK
* DONE
Status: 3 WARNINGs, 1 NOTE
See
'F:/biocbuild/bbs-3.17-bioc/meat/GRaNIE.Rcheck/00check.log'
for details.
GRaNIE.Rcheck/00install.out
############################################################################## ############################################################################## ### ### Running command: ### ### F:\biocbuild\bbs-3.17-bioc\R\bin\R.exe CMD INSTALL GRaNIE ### ############################################################################## ############################################################################## * installing to library 'F:/biocbuild/bbs-3.17-bioc/R/library' * installing *source* package 'GRaNIE' ... ** using staged installation ** R ** byte-compile and prepare package for lazy loading Warning: replacing previous import 'GenomicRanges::windows' by 'grDevices::windows' when loading 'GRaNIE' ** help *** installing help indices *** copying figures ** building package indices ** installing vignettes ** testing if installed package can be loaded from temporary location Warning: replacing previous import 'GenomicRanges::windows' by 'grDevices::windows' when loading 'GRaNIE' ** testing if installed package can be loaded from final location Warning: replacing previous import 'GenomicRanges::windows' by 'grDevices::windows' when loading 'GRaNIE' ** testing if installed package keeps a record of temporary installation path * DONE (GRaNIE)
GRaNIE.Rcheck/GRaNIE-Ex.timings
| name | user | system | elapsed | |
| AR_classification_wrapper | 0 | 0 | 0 | |
| addConnections_TF_peak | 5.91 | 1.65 | 9.18 | |
| addConnections_peak_gene | 3.04 | 0.16 | 3.62 | |
| addData | 0 | 0 | 0 | |
| addTFBS | 0 | 0 | 0 | |
| add_TF_gene_correlation | 1.67 | 0.12 | 2.19 | |
| add_featureVariation | 0 | 0 | 0 | |
| build_eGRN_graph | 2.18 | 0.08 | 2.74 | |
| calculateCommunitiesEnrichment | 3.95 | 0.21 | 4.64 | |
| calculateCommunitiesStats | 1.61 | 0.09 | 2.12 | |
| calculateGeneralEnrichment | 1.91 | 0.05 | 2.39 | |
| calculateTFEnrichment | 2.09 | 0.04 | 2.58 | |
| changeOutputDirectory | 1.66 | 0.03 | 2.16 | |
| deleteIntermediateData | 1.46 | 0.10 | 1.97 | |
| filterData | 2.94 | 0.09 | 3.46 | |
| filterGRNAndConnectGenes | 1.69 | 0.06 | 2.18 | |
| generateStatsSummary | 7.61 | 0.32 | 8.32 | |
| genes-methods | 1.48 | 0.09 | 2.13 | |
| getCounts | 2.41 | 0.14 | 3.20 | |
| getGRNConnections | 1.51 | 0.06 | 1.97 | |
| getGRNSummary | 2.04 | 0.05 | 2.50 | |
| getParameters | 1.76 | 0.03 | 2.24 | |
| getTopNodes | 1.70 | 0.08 | 2.21 | |
| initializeGRN | 0.04 | 0.02 | 0.05 | |
| installSuggestedPackages | 0 | 0 | 0 | |
| loadExampleObject | 3.48 | 0.07 | 4.09 | |
| nGenes | 1.98 | 0.00 | 2.41 | |
| nPeaks | 2.19 | 0.09 | 2.75 | |
| nTFs | 1.89 | 0.07 | 2.39 | |
| overlapPeaksAndTFBS | 2.24 | 0.12 | 2.79 | |
| peaks-methods | 2.00 | 0.09 | 2.64 | |
| performAllNetworkAnalyses | 0.00 | 0.00 | 0.02 | |
| plotCommunitiesEnrichment | 4.32 | 0.29 | 5.73 | |
| plotCommunitiesStats | 4.95 | 0.14 | 5.52 | |
| plotCorrelations | 2.47 | 0.15 | 3.06 | |
| plotDiagnosticPlots_TFPeaks | 3.98 | 0.14 | 4.78 | |
| plotDiagnosticPlots_peakGene | 5.04 | 0.27 | 5.92 | |
| plotGeneralEnrichment | 2.30 | 0.23 | 3.06 | |
| plotGeneralGraphStats | 4.56 | 0.13 | 5.35 | |
| plotPCA_all | 3.43 | 0.15 | 4.03 | |
| plotTFEnrichment | 3.12 | 0.13 | 3.70 | |
| plot_stats_connectionSummary | 3.61 | 0.70 | 4.13 | |
| visualizeGRN | 4.77 | 0.39 | 5.15 | |