| Back to Multiple platform build/check report for BioC 3.17: simplified long |
|
This page was generated on 2023-10-16 11:35:25 -0400 (Mon, 16 Oct 2023).
| Hostname | OS | Arch (*) | R version | Installed pkgs |
|---|---|---|---|---|
| nebbiolo1 | Linux (Ubuntu 22.04.2 LTS) | x86_64 | 4.3.1 (2023-06-16) -- "Beagle Scouts" | 4626 |
| palomino3 | Windows Server 2022 Datacenter | x64 | 4.3.1 (2023-06-16 ucrt) -- "Beagle Scouts" | 4379 |
| merida1 | macOS 12.6.4 Monterey | x86_64 | 4.3.1 (2023-06-16) -- "Beagle Scouts" | 4395 |
| Click on any hostname to see more info about the system (e.g. compilers) (*) as reported by 'uname -p', except on Windows and Mac OS X | ||||
| Package 873/2230 | Hostname | OS / Arch | INSTALL | BUILD | CHECK | BUILD BIN | ||||||||
| GRaNIE 1.4.1 (landing page) Christian Arnold
| nebbiolo1 | Linux (Ubuntu 22.04.2 LTS) / x86_64 | OK | OK | WARNINGS | |||||||||
| palomino3 | Windows Server 2022 Datacenter / x64 | OK | OK | WARNINGS | OK | |||||||||
| merida1 | macOS 12.6.4 Monterey / x86_64 | OK | OK | WARNINGS | OK | |||||||||
| kjohnson2 | macOS 12.6.1 Monterey / arm64 | see weekly results here | ||||||||||||
|
To the developers/maintainers of the GRaNIE package: - Allow up to 24 hours (and sometimes 48 hours) for your latest push to git@git.bioconductor.org:packages/GRaNIE.git to reflect on this report. See Troubleshooting Build Report for more information. - Use the following Renviron settings to reproduce errors and warnings. - If 'R CMD check' started to fail recently on the Linux builder(s) over a missing dependency, add the missing dependency to 'Suggests:' in your DESCRIPTION file. See Renviron.bioc for more information. |
| Package: GRaNIE |
| Version: 1.4.1 |
| Command: /home/biocbuild/bbs-3.17-bioc/R/bin/R CMD check --install=check:GRaNIE.install-out.txt --library=/home/biocbuild/bbs-3.17-bioc/R/site-library --timings GRaNIE_1.4.1.tar.gz |
| StartedAt: 2023-10-15 21:48:32 -0400 (Sun, 15 Oct 2023) |
| EndedAt: 2023-10-15 22:00:03 -0400 (Sun, 15 Oct 2023) |
| EllapsedTime: 690.9 seconds |
| RetCode: 0 |
| Status: WARNINGS |
| CheckDir: GRaNIE.Rcheck |
| Warnings: 2 |
##############################################################################
##############################################################################
###
### Running command:
###
### /home/biocbuild/bbs-3.17-bioc/R/bin/R CMD check --install=check:GRaNIE.install-out.txt --library=/home/biocbuild/bbs-3.17-bioc/R/site-library --timings GRaNIE_1.4.1.tar.gz
###
##############################################################################
##############################################################################
* using log directory ‘/home/biocbuild/bbs-3.17-bioc/meat/GRaNIE.Rcheck’
* using R version 4.3.1 (2023-06-16)
* using platform: x86_64-pc-linux-gnu (64-bit)
* R was compiled by
gcc (Ubuntu 11.3.0-1ubuntu1~22.04.1) 11.3.0
GNU Fortran (Ubuntu 11.3.0-1ubuntu1~22.04.1) 11.3.0
* running under: Ubuntu 22.04.3 LTS
* using session charset: UTF-8
* checking for file ‘GRaNIE/DESCRIPTION’ ... OK
* this is package ‘GRaNIE’ version ‘1.4.1’
* package encoding: UTF-8
* checking package namespace information ... OK
* checking package dependencies ... OK
* checking if this is a source package ... OK
* checking if there is a namespace ... OK
* checking for hidden files and directories ... OK
* checking for portable file names ... OK
* checking for sufficient/correct file permissions ... OK
* checking whether package ‘GRaNIE’ can be installed ... OK
* checking installed package size ... OK
* checking package directory ... OK
* checking ‘build’ directory ... OK
* checking DESCRIPTION meta-information ... OK
* checking top-level files ... OK
* checking for left-over files ... OK
* checking index information ... OK
* checking package subdirectories ... OK
* checking R files for non-ASCII characters ... OK
* checking R files for syntax errors ... OK
* checking whether the package can be loaded ... OK
* checking whether the package can be loaded with stated dependencies ... OK
* checking whether the package can be unloaded cleanly ... OK
* checking whether the namespace can be loaded with stated dependencies ... OK
* checking whether the namespace can be unloaded cleanly ... OK
* checking loading without being on the library search path ... OK
* checking startup messages can be suppressed ... OK
* checking dependencies in R code ... OK
* checking S3 generic/method consistency ... OK
* checking replacement functions ... OK
* checking foreign function calls ... OK
* checking R code for possible problems ... NOTE
.performIHW: no visible binding for global variable 'adj_pvalue'
getGRNSummary: no visible binding for global variable 'pval'
Undefined global functions or variables:
adj_pvalue pval
* checking Rd files ... OK
* checking Rd metadata ... WARNING
Rd files with duplicated name 'nGenes':
‘genes-methods.Rd’ ‘nGenes.Rd’
Rd files with duplicated name 'nPeaks':
‘nPeaks.Rd’ ‘peaks-methods.Rd’
Rd files with duplicated alias 'genes':
‘genes-methods.Rd’ ‘nGenes.Rd’
Rd files with duplicated alias 'nGenes':
‘genes-methods.Rd’ ‘nGenes.Rd’
Rd files with duplicated alias 'nPeaks':
‘nPeaks.Rd’ ‘peaks-methods.Rd’
Rd files with duplicated alias 'peaks':
‘nPeaks.Rd’ ‘peaks-methods.Rd’
* checking Rd cross-references ... OK
* checking for missing documentation entries ... OK
* checking for code/documentation mismatches ... WARNING
Functions or methods with usage in documentation object 'installSuggestedPackages' but not in code:
'installSuggestedPackages'
* checking Rd \usage sections ... OK
* checking Rd contents ... OK
* checking for unstated dependencies in examples ... OK
* checking R/sysdata.rda ... OK
* checking files in ‘vignettes’ ... OK
* checking examples ... OK
Examples with CPU (user + system) or elapsed time > 5s
user system elapsed
generateStatsSummary 8.867 0.499 9.473
add_TF_gene_correlation 7.622 1.083 10.812
plotDiagnosticPlots_peakGene 7.526 0.772 8.447
plotCommunitiesEnrichment 7.311 0.804 8.223
getGRNSummary 7.108 0.867 8.087
addConnections_TF_peak 6.645 1.236 9.134
loadExampleObject 6.654 0.766 7.544
calculateCommunitiesEnrichment 6.662 0.693 7.619
getParameters 6.560 0.707 7.863
plot_stats_connectionSummary 6.524 0.695 7.411
nPeaks 6.244 0.808 7.161
calculateGeneralEnrichment 6.311 0.716 7.891
getTopNodes 6.402 0.472 8.526
getGRNConnections 6.240 0.608 7.172
nGenes 5.924 0.631 7.174
plotDiagnosticPlots_TFPeaks 5.874 0.676 6.657
nTFs 5.707 0.707 7.656
plotPCA_all 5.650 0.676 6.433
overlapPeaksAndTFBS 5.674 0.651 7.602
plotGeneralGraphStats 5.568 0.604 6.278
peaks-methods 5.688 0.471 7.491
calculateCommunitiesStats 5.485 0.637 7.543
filterData 5.214 0.844 6.163
plotTFEnrichment 5.248 0.604 5.958
plotGeneralEnrichment 5.092 0.435 5.721
plotCommunitiesStats 5.035 0.467 5.609
build_eGRN_graph 4.955 0.514 5.984
visualizeGRN 4.790 0.489 5.386
calculateTFEnrichment 4.578 0.532 5.216
getCounts 4.561 0.548 5.214
plotCorrelations 4.580 0.452 5.139
* checking for unstated dependencies in vignettes ... OK
* checking package vignettes in ‘inst/doc’ ... OK
* checking running R code from vignettes ...
‘GRaNIE_packageDetails.Rmd’ using ‘UTF-8’... OK
‘GRaNIE_singleCell_eGRNs.Rmd’ using ‘UTF-8’... OK
‘GRaNIE_workflow.Rmd’ using ‘UTF-8’... OK
NONE
* checking re-building of vignette outputs ... OK
* checking PDF version of manual ... OK
* DONE
Status: 2 WARNINGs, 1 NOTE
See
‘/home/biocbuild/bbs-3.17-bioc/meat/GRaNIE.Rcheck/00check.log’
for details.
GRaNIE.Rcheck/00install.out
############################################################################## ############################################################################## ### ### Running command: ### ### /home/biocbuild/bbs-3.17-bioc/R/bin/R CMD INSTALL GRaNIE ### ############################################################################## ############################################################################## * installing to library ‘/home/biocbuild/bbs-3.17-bioc/R/site-library’ * installing *source* package ‘GRaNIE’ ... ** using staged installation ** R ** byte-compile and prepare package for lazy loading ** help *** installing help indices *** copying figures ** building package indices ** installing vignettes ** testing if installed package can be loaded from temporary location ** testing if installed package can be loaded from final location ** testing if installed package keeps a record of temporary installation path * DONE (GRaNIE)
GRaNIE.Rcheck/GRaNIE-Ex.timings
| name | user | system | elapsed | |
| AR_classification_wrapper | 0 | 0 | 0 | |
| addConnections_TF_peak | 6.645 | 1.236 | 9.134 | |
| addConnections_peak_gene | 3.909 | 0.404 | 4.419 | |
| addData | 0.001 | 0.000 | 0.000 | |
| addTFBS | 0.001 | 0.000 | 0.000 | |
| add_TF_gene_correlation | 7.622 | 1.083 | 10.812 | |
| add_featureVariation | 0.000 | 0.000 | 0.001 | |
| build_eGRN_graph | 4.955 | 0.514 | 5.984 | |
| calculateCommunitiesEnrichment | 6.662 | 0.693 | 7.619 | |
| calculateCommunitiesStats | 5.485 | 0.637 | 7.543 | |
| calculateGeneralEnrichment | 6.311 | 0.716 | 7.891 | |
| calculateTFEnrichment | 4.578 | 0.532 | 5.216 | |
| changeOutputDirectory | 4.175 | 0.396 | 4.676 | |
| deleteIntermediateData | 3.995 | 0.567 | 4.674 | |
| filterData | 5.214 | 0.844 | 6.163 | |
| filterGRNAndConnectGenes | 4.249 | 0.453 | 4.808 | |
| generateStatsSummary | 8.867 | 0.499 | 9.473 | |
| genes-methods | 4.044 | 0.437 | 4.588 | |
| getCounts | 4.561 | 0.548 | 5.214 | |
| getGRNConnections | 6.240 | 0.608 | 7.172 | |
| getGRNSummary | 7.108 | 0.867 | 8.087 | |
| getParameters | 6.560 | 0.707 | 7.863 | |
| getTopNodes | 6.402 | 0.472 | 8.526 | |
| initializeGRN | 0.039 | 0.000 | 0.038 | |
| installSuggestedPackages | 0 | 0 | 0 | |
| loadExampleObject | 6.654 | 0.766 | 7.544 | |
| nGenes | 5.924 | 0.631 | 7.174 | |
| nPeaks | 6.244 | 0.808 | 7.161 | |
| nTFs | 5.707 | 0.707 | 7.656 | |
| overlapPeaksAndTFBS | 5.674 | 0.651 | 7.602 | |
| peaks-methods | 5.688 | 0.471 | 7.491 | |
| performAllNetworkAnalyses | 0.001 | 0.000 | 0.000 | |
| plotCommunitiesEnrichment | 7.311 | 0.804 | 8.223 | |
| plotCommunitiesStats | 5.035 | 0.467 | 5.609 | |
| plotCorrelations | 4.580 | 0.452 | 5.139 | |
| plotDiagnosticPlots_TFPeaks | 5.874 | 0.676 | 6.657 | |
| plotDiagnosticPlots_peakGene | 7.526 | 0.772 | 8.447 | |
| plotGeneralEnrichment | 5.092 | 0.435 | 5.721 | |
| plotGeneralGraphStats | 5.568 | 0.604 | 6.278 | |
| plotPCA_all | 5.650 | 0.676 | 6.433 | |
| plotTFEnrichment | 5.248 | 0.604 | 5.958 | |
| plot_stats_connectionSummary | 6.524 | 0.695 | 7.411 | |
| visualizeGRN | 4.790 | 0.489 | 5.386 | |