| Back to Multiple platform build/check report for BioC 3.15 |
|
This page was generated on 2022-10-19 13:21:00 -0400 (Wed, 19 Oct 2022).
| Hostname | OS | Arch (*) | R version | Installed pkgs |
|---|---|---|---|---|
| nebbiolo1 | Linux (Ubuntu 20.04.5 LTS) | x86_64 | 4.2.1 (2022-06-23) -- "Funny-Looking Kid" | 4386 |
| palomino3 | Windows Server 2022 Datacenter | x64 | 4.2.1 (2022-06-23 ucrt) -- "Funny-Looking Kid" | 4138 |
| merida1 | macOS 10.14.6 Mojave | x86_64 | 4.2.1 (2022-06-23) -- "Funny-Looking Kid" | 4205 |
| Click on any hostname to see more info about the system (e.g. compilers) (*) as reported by 'uname -p', except on Windows and Mac OS X | ||||
|
To the developers/maintainers of the trena package: - Please allow up to 24 hours (and sometimes 48 hours) for your latest push to git@git.bioconductor.org:packages/trena.git to reflect on this report. See How and When does the builder pull? When will my changes propagate? for more information. - Make sure to use the following settings in order to reproduce any error or warning you see on this page. |
| Package 2052/2140 | Hostname | OS / Arch | INSTALL | BUILD | CHECK | BUILD BIN | ||||||||
| trena 1.18.1 (landing page) Paul Shannon
| nebbiolo1 | Linux (Ubuntu 20.04.5 LTS) / x86_64 | OK | OK | WARNINGS | |||||||||
| palomino3 | Windows Server 2022 Datacenter / x64 | OK | OK | WARNINGS | OK | |||||||||
| merida1 | macOS 10.14.6 Mojave / x86_64 | OK | OK | WARNINGS | OK | |||||||||
| Package: trena |
| Version: 1.18.1 |
| Command: /home/biocbuild/bbs-3.15-bioc/R/bin/R CMD check --install=check:trena.install-out.txt --library=/home/biocbuild/bbs-3.15-bioc/R/library --no-vignettes --timings trena_1.18.1.tar.gz |
| StartedAt: 2022-10-18 22:13:52 -0400 (Tue, 18 Oct 2022) |
| EndedAt: 2022-10-18 22:24:21 -0400 (Tue, 18 Oct 2022) |
| EllapsedTime: 629.2 seconds |
| RetCode: 0 |
| Status: WARNINGS |
| CheckDir: trena.Rcheck |
| Warnings: 1 |
############################################################################## ############################################################################## ### ### Running command: ### ### /home/biocbuild/bbs-3.15-bioc/R/bin/R CMD check --install=check:trena.install-out.txt --library=/home/biocbuild/bbs-3.15-bioc/R/library --no-vignettes --timings trena_1.18.1.tar.gz ### ############################################################################## ############################################################################## * using log directory ‘/home/biocbuild/bbs-3.15-bioc/meat/trena.Rcheck’ * using R version 4.2.1 (2022-06-23) * using platform: x86_64-pc-linux-gnu (64-bit) * using session charset: UTF-8 * using option ‘--no-vignettes’ * checking for file ‘trena/DESCRIPTION’ ... OK * checking extension type ... Package * this is package ‘trena’ version ‘1.18.1’ * package encoding: UTF-8 * checking package namespace information ... OK * checking package dependencies ... OK * checking if this is a source package ... OK * checking if there is a namespace ... OK * checking for hidden files and directories ... OK * checking for portable file names ... OK * checking for sufficient/correct file permissions ... OK * checking whether package ‘trena’ can be installed ... OK * checking installed package size ... OK * checking package directory ... OK * checking ‘build’ directory ... OK * checking DESCRIPTION meta-information ... OK * checking top-level files ... OK * checking for left-over files ... OK * checking index information ... OK * checking package subdirectories ... OK * checking R files for non-ASCII characters ... OK * checking R files for syntax errors ... OK * checking whether the package can be loaded ... OK * checking whether the package can be loaded with stated dependencies ... OK * checking whether the package can be unloaded cleanly ... OK * checking whether the namespace can be loaded with stated dependencies ... OK * checking whether the namespace can be unloaded cleanly ... OK * checking dependencies in R code ... OK * checking S3 generic/method consistency ... OK * checking replacement functions ... OK * checking foreign function calls ... OK * checking R code for possible problems ... OK * checking Rd files ... OK * checking Rd metadata ... OK * checking Rd cross-references ... OK * checking for missing documentation entries ... OK * checking for code/documentation mismatches ... OK * checking Rd \usage sections ... OK * checking Rd contents ... OK * checking for unstated dependencies in examples ... OK * checking include directives in Makefiles ... OK * checking files in ‘vignettes’ ... OK * checking examples ... OK * checking for unstated dependencies in ‘tests’ ... OK * checking tests ... Running ‘runTests.R’ OK * checking for unstated dependencies in vignettes ... OK * checking package vignettes in ‘inst/doc’ ... WARNING Found ‘inst/doc/makefile’: should be ‘Makefile’ and will be ignored * checking running R code from vignettes ... SKIPPED * checking re-building of vignette outputs ... SKIPPED * checking PDF version of manual ... OK * DONE Status: 1 WARNING See ‘/home/biocbuild/bbs-3.15-bioc/meat/trena.Rcheck/00check.log’ for details.
trena.Rcheck/00install.out
##############################################################################
##############################################################################
###
### Running command:
###
### /home/biocbuild/bbs-3.15-bioc/R/bin/R CMD INSTALL trena
###
##############################################################################
##############################################################################
* installing to library ‘/home/biocbuild/bbs-3.15-bioc/R/library’
* installing *source* package ‘trena’ ...
** using staged installation
** R
** inst
** byte-compile and prepare package for lazy loading
See system.file("LICENSE", package="MotifDb") for use restrictions.
** help
*** installing help indices
** building package indices
** installing vignettes
** testing if installed package can be loaded from temporary location
See system.file("LICENSE", package="MotifDb") for use restrictions.
** testing if installed package can be loaded from final location
See system.file("LICENSE", package="MotifDb") for use restrictions.
** testing if installed package keeps a record of temporary installation path
* DONE (trena)
trena.Rcheck/tests/runTests.Rout
R version 4.2.1 (2022-06-23) -- "Funny-Looking Kid"
Copyright (C) 2022 The R Foundation for Statistical Computing
Platform: x86_64-pc-linux-gnu (64-bit)
R is free software and comes with ABSOLUTELY NO WARRANTY.
You are welcome to redistribute it under certain conditions.
Type 'license()' or 'licence()' for distribution details.
R is a collaborative project with many contributors.
Type 'contributors()' for more information and
'citation()' on how to cite R or R packages in publications.
Type 'demo()' for some demos, 'help()' for on-line help, or
'help.start()' for an HTML browser interface to help.
Type 'q()' to quit R.
> require(trena) || stop("unable to load trena Package")
Loading required package: trena
Loading required package: glmnet
Loading required package: Matrix
Loaded glmnet 4.1-4
Loading required package: MotifDb
Loading required package: BiocGenerics
Attaching package: 'BiocGenerics'
The following objects are masked from 'package:stats':
IQR, mad, sd, var, xtabs
The following objects are masked from 'package:base':
Filter, Find, Map, Position, Reduce, anyDuplicated, append,
as.data.frame, basename, cbind, colnames, dirname, do.call,
duplicated, eval, evalq, get, grep, grepl, intersect, is.unsorted,
lapply, mapply, match, mget, order, paste, pmax, pmax.int, pmin,
pmin.int, rank, rbind, rownames, sapply, setdiff, sort, table,
tapply, union, unique, unsplit, which.max, which.min
Loading required package: S4Vectors
Loading required package: stats4
Attaching package: 'S4Vectors'
The following objects are masked from 'package:Matrix':
expand, unname
The following objects are masked from 'package:base':
I, expand.grid, unname
Loading required package: IRanges
Loading required package: GenomicRanges
Loading required package: GenomeInfoDb
Loading required package: Biostrings
Loading required package: XVector
Attaching package: 'Biostrings'
The following object is masked from 'package:base':
strsplit
See system.file("LICENSE", package="MotifDb") for use restrictions.
[1] TRUE
> BiocGenerics:::testPackage('trena')
[1] --- test_BicorSolverConstructor
[1] --- test_ampAD.mef2c.154tfs.278samples.bicor
[1] --- test_BicorSolverConstructor
[1] --- test_ampAD.mef2c.154tfs.278samples.bicor
[1] --- test_CandidateFilter
[1] --- test_CandidateFilter
[1] --- test_EnsembleSolverConstructor
[1] --- test_getSolverNames
[1] --- test_ampAD.mef2c.154tfs.278samples.ensemble
[1] --- test_ampAD.mef2c.154tfs.278samples.randomForestAndXGBoost
[1] --- test_selectedSolversOnly
[1] --- test_oneSolver
[1] --- test_invalidSolvers
[1] --- test_EnsembleSolverConstructor
[1] --- test_ampAD.mef2c.154tfs.278samples.ensemble
Warning in WGCNA::bicor(x = x, y = y, use = "pairwise.complete.obs") :
bicor: zero MAD in variable 'x'. Pearson correlation was used for individual columns with zero (or missing) MAD.
[1] --- test_ampAD.mef2c.154tfs.278samples.randomForestAndXGBoost
[1] --- test_getSolverNames
[1] --- test_invalidSolvers
[1] --- test_oneSolver
[1] --- test_selectedSolversOnly
Warning in WGCNA::bicor(x = x, y = y, use = "pairwise.complete.obs") :
bicor: zero MAD in variable 'x'. Pearson correlation was used for individual columns with zero (or missing) MAD.
[1] --- test_FootprintFilter.byRegion
[1] --- test_FootprintFilter.byTwoRegions
[1] --- test_FootprintFilter.byRegion
[1] --- test_FootprintFilter.byTwoRegions
Loading required package: DBI
[1] --- test_parseDatabaseUri
[1] --- test_constructor
[1] --- test_getGtfGeneBioTypes
[1] --- test_getGtfMoleculeTypes
[1] --- test_getChromLoc
[1] --- test_getGenePromoterRegion
[1] --- test_getFootprintsInRegion
[1] --- test_getFootprintsInRegionWithVariants
[1] --- test_getFootprintsForGene
[1] --- test_constructor
[1] --- test_getChromLoc
[1] --- test_getFootprintsForGene
[1] --- test_getFootprintsInRegion
[1] --- test_getFootprintsInRegionWithVariants
[1] --- test_getGenePromoterRegion
[1] --- test_getGtfGeneBioTypes
[1] --- test_getGtfMoleculeTypes
[1] --- test_parseDatabaseUri
[1] --- test_directMode
Loading required package: org.Hs.eg.db
Loading required package: AnnotationDbi
Loading required package: Biobase
Welcome to Bioconductor
Vignettes contain introductory material; view with
'browseVignettes()'. To cite Bioconductor, see
'citation("Biobase")', and for packages 'citation("pkgname")'.
[1] --- test_directMode
[1] --- test_getOpenChromatinFastAndSimple
[1] --- test_getOpenChromatinFastAndSimple
[1] --- test_LassoPvSolverConstructor
Warning in Solver(mtx.assay = mtx.assay, quiet = quiet, targetGene = targetGene, :
Target gene mean expression is in the bottom 10% of all genes in the assay matrix
[1] --- test_ampAD.mef2c.154tfs.278samples.lassopv
[1] --- test_LassoPvSolverConstructor
Warning in Solver(mtx.assay = mtx.assay, quiet = quiet, targetGene = targetGene, :
Target gene mean expression is in the bottom 10% of all genes in the assay matrix
[1] --- test_ampAD.mef2c.154tfs.278samples.lassopv
[1] --- test_LassoSolverConstructor
Warning in Solver(mtx.assay = mtx.assay, quiet = quiet, targetGene = targetGene, :
Target gene mean expression is in the bottom 10% of all genes in the assay matrix
[1] --- test_developAndFitDummyTestData
[1] --- test_fitDummyData
Warning: call dbDisconnect() when finished working with a connection
[1] --- test_ampAD.mef2c.154tfs.278samples.lasso
[1] --- test_alpha.lasso
[1] --- test_lambda.lasso
[1] --- test_keep.metrics.lasso
[1] --- test_scalePredictorPenalties.lasso
Warning in Solver(mtx.assay = mtx.assay, quiet = quiet, targetGene = targetGene, :
Target gene mean expression is in the bottom 10% of all genes in the assay matrix
[1] --- test_LassoSolverConstructor
Warning in Solver(mtx.assay = mtx.assay, quiet = quiet, targetGene = targetGene, :
Target gene mean expression is in the bottom 10% of all genes in the assay matrix
[1] --- test_alpha.lasso
[1] --- test_ampAD.mef2c.154tfs.278samples.lasso
[1] --- test_developAndFitDummyTestData
[1] --- test_fitDummyData
[1] --- test_keep.metrics.lasso
[1] --- test_lambda.lasso
[1] --- test_scalePredictorPenalties.lasso
Warning in Solver(mtx.assay = mtx.assay, quiet = quiet, targetGene = targetGene, :
Target gene mean expression is in the bottom 10% of all genes in the assay matrix
[1] --- test_getSequence
[1] --- test_bugInStartEndOfMinusStrandHits
[1] --- test_.injectSnp
[1] --- test_.getScoredMotifs
[1] --- test_noMatch
[1] --- test_findMatchesByChromosomalRegion
[1] --- test_findMatchesByChromosomalRegion.twoAlternateAlleles
[1] --- test_findMatchesByChromosomalRegion.yeast
[1] --- test_findMatchesByChromosomalRegion.athaliana
[1] --- test_.getScoredMotifs
[1] --- test_.injectSnp
[1] --- test_basicConstructor
[1] --- test_bugInStartEndOfMinusStrandHits
[1] --- test_findMatchesByChromosomalRegion
[1] --- test_findMatchesByChromosomalRegion.athaliana
[1] --- test_findMatchesByChromosomalRegion.twoAlternateAlleles
[1] --- test_findMatchesByChromosomalRegion.yeast
[1] --- test_findMatchesByMultipleChromosomalRegions
[1] --- test_getSequence
[1] --- test_noMatch
[1] --- test_PearsonSolverConstructor
Warning in Solver(mtx.assay = mtx.assay, quiet = quiet, targetGene = targetGene, :
Target gene mean expression is in the bottom 10% of all genes in the assay matrix
[1] --- test_ampAD.mef2c.154tfs.278samples.pearson
[1] --- test_PearsonSolverConstructor
Warning in Solver(mtx.assay = mtx.assay, quiet = quiet, targetGene = targetGene, :
Target gene mean expression is in the bottom 10% of all genes in the assay matrix
[1] --- test_ampAD.mef2c.154tfs.278samples.pearson
[1] --- test_RandomForestSolverConstructor
[1] --- test_RandomForestSolverFewCandidates
[1] --- test_ampAD.mef2c.154tfs.278samples.randomForest
[1] --- test_RandomForestSolverConstructor
[1] --- test_RandomForestSolverFewCandidates
[1] --- test_ampAD.mef2c.154tfs.278samples.randomForest
[1] --- test_RidgeSolverConstructor
Warning in Solver(mtx.assay = mtx.assay, quiet = quiet, targetGene = targetGene, :
Target gene mean expression is in the bottom 10% of all genes in the assay matrix
[1] --- test_ampAD.mef2c.154tfs.278samples.ridge
[1] --- test_alpha.ridge
[1] --- test_lambda.ridge
[1] --- test_keep.metrics.ridge
[1] --- test_RidgeSolverConstructor
Warning in Solver(mtx.assay = mtx.assay, quiet = quiet, targetGene = targetGene, :
Target gene mean expression is in the bottom 10% of all genes in the assay matrix
[1] --- test_alpha.ridge
[1] --- test_ampAD.mef2c.154tfs.278samples.ridge
[1] --- test_keep.metrics.ridge
[1] --- test_lambda.ridge
[1] --- test_getAssayData
[1] --- test_getTarget
Warning in Solver(mtx, "gene1", c("gene2", "gene3")) :
Target gene mean expression is in the bottom 10% of all genes in the assay matrix
[1] --- test_getRegulators
[1] --- test_eliminateSelfTFs
[1] --- test_MatrixWarnings
[1] --- test_TargetAndRegulatorWarnings
[1] --- test_MatrixWarnings
[1] --- test_TargetAndRegulatorWarnings
[1] --- test_eliminateSelfTFs
[1] --- test_getAssayData
Warning in Solver(mtx, "gene1", c("gene2", "gene3")) :
Target gene mean expression is in the bottom 10% of all genes in the assay matrix
[1] --- test_getRegulators
[1] --- test_getTarget
[1] --- test_SpearmanSolverConstructor
Warning in Solver(mtx.assay = mtx.assay, quiet = quiet, targetGene = targetGene, :
Target gene mean expression is in the bottom 10% of all genes in the assay matrix
[1] --- test_ampAD.mef2c.154tfs.278samples.spearman
[1] --- test_SpearmanSolverConstructor
Warning in Solver(mtx.assay = mtx.assay, quiet = quiet, targetGene = targetGene, :
Target gene mean expression is in the bottom 10% of all genes in the assay matrix
[1] --- test_ampAD.mef2c.154tfs.278samples.spearman
[1] --- test_VarianceFilter
[1] --- test_VarianceFilter
--- test_XGBoostSolverConstructor
Warning in Solver(mtx.assay = mtx.assay, quiet = quiet, targetGene = targetGene, :
Target gene mean expression is in the bottom 10% of all genes in the assay matrix
--- test_ampAD.mef2c.154tfs.278samples.XGBoost
--- test_XGBoostSolverConstructor
Warning in Solver(mtx.assay = mtx.assay, quiet = quiet, targetGene = targetGene, :
Target gene mean expression is in the bottom 10% of all genes in the assay matrix
--- test_ampAD.mef2c.154tfs.278samples.XGBoost
RUNIT TEST PROTOCOL -- Tue Oct 18 22:24:15 2022
***********************************************
Number of test functions: 76
Number of errors: 0
Number of failures: 0
1 Test Suite :
trena RUnit Tests - 76 test functions, 0 errors, 0 failures
Number of test functions: 76
Number of errors: 0
Number of failures: 0
Warning messages:
1: In Solver(mtx.assay = mtx.assay, quiet = quiet, targetGene = targetGene, :
Target gene mean expression is in the bottom 10% of all genes in the assay matrix
2: In WGCNA::bicor(x = x, y = y, use = "pairwise.complete.obs") :
bicor: zero MAD in variable 'x'. Pearson correlation was used for individual columns with zero (or missing) MAD.
3: In Solver(mtx.assay = mtx.assay, quiet = quiet, targetGene = targetGene, :
Target gene mean expression is in the bottom 10% of all genes in the assay matrix
4: In WGCNA::bicor(x = x, y = y, use = "pairwise.complete.obs") :
bicor: zero MAD in variable 'x'. Pearson correlation was used for individual columns with zero (or missing) MAD.
5: In WGCNA::bicor(x = x, y = y, use = "pairwise.complete.obs") :
bicor: zero MAD in variable 'x'. Pearson correlation was used for individual columns with zero (or missing) MAD.
6: In WGCNA::bicor(x = x, y = y, use = "pairwise.complete.obs") :
bicor: zero MAD in variable 'x'. Pearson correlation was used for individual columns with zero (or missing) MAD.
>
> proc.time()
user system elapsed
254.265 5.036 258.114
trena.Rcheck/trena-Ex.timings
| name | user | system | elapsed | |
| BicorSolver | 0.019 | 0.004 | 0.024 | |
| CandidateFilter-class | 0.001 | 0.000 | 0.001 | |
| EnsembleSolver | 0.012 | 0.000 | 0.013 | |
| FootprintFilter-class | 0 | 0 | 0 | |
| GeneOntologyFilter-class | 0.05 | 0.00 | 0.05 | |
| HumanDHSFilter-class | 0.001 | 0.000 | 0.001 | |
| LassoPVSolver | 0.008 | 0.004 | 0.012 | |
| LassoSolver | 0.005 | 0.007 | 0.012 | |
| MotifMatcher-class | 0.149 | 0.004 | 0.152 | |
| PearsonSolver | 0.012 | 0.000 | 0.011 | |
| RandomForestSolver | 0.011 | 0.000 | 0.011 | |
| RidgeSolver | 0 | 0 | 0 | |
| Solver-class | 0.01 | 0.00 | 0.01 | |
| SpearmanSolver | 0.012 | 0.000 | 0.012 | |
| Trena-class | 0.001 | 0.000 | 0.001 | |
| VarianceFilter-class | 0.005 | 0.000 | 0.005 | |
| XGBoostSolver | 0.008 | 0.004 | 0.012 | |
| assessSnp | 0 | 0 | 0 | |
| createGeneModelFromRegulatoryRegions | 0.001 | 0.000 | 0.001 | |
| createGeneModelFromTfList | 0.001 | 0.000 | 0.001 | |
| findMatchesByChromosomalRegion | 0.000 | 0.000 | 0.001 | |
| getAssayData | 0.010 | 0.000 | 0.011 | |
| getAvailableSolvers | 0 | 0 | 0 | |
| getCandidates-FootprintFilter-method | 0 | 0 | 0 | |
| getCandidates-GeneOntologyFilter-method | 0.557 | 0.042 | 0.599 | |
| getCandidates-HumanDHSFilter-method | 0.000 | 0.000 | 0.001 | |
| getCandidates-VarianceFilter-method | 0.009 | 0.000 | 0.008 | |
| getChromLoc | 0.017 | 0.000 | 0.018 | |
| getEncodeRegulatoryTableNames-HumanDHSFilter | 0.000 | 0.000 | 0.001 | |
| getFootprintsForGene | 0.012 | 0.000 | 0.012 | |
| getFootprintsInRegion | 0.016 | 0.000 | 0.016 | |
| getGeneModelTableColumnNames | 0.000 | 0.001 | 0.001 | |
| getGenePromoterRegion | 0.009 | 0.002 | 0.011 | |
| getGtfGeneBioTypes | 0.012 | 0.000 | 0.012 | |
| getGtfMoleculeTypes | 0.012 | 0.000 | 0.011 | |
| getPfms | 0.089 | 0.004 | 0.093 | |
| getPromoterRegionsAllGenes | 0.042 | 0.007 | 0.049 | |
| getProximalPromoter | 0 | 0 | 0 | |
| getRegulators | 0.011 | 0.000 | 0.011 | |
| getRegulatoryChromosomalRegions | 0.002 | 0.000 | 0.002 | |
| getRegulatoryRegions | 0.001 | 0.000 | 0.000 | |
| getRegulatoryTableColumnNames | 0.001 | 0.000 | 0.001 | |
| getSequence | 0.001 | 0.000 | 0.001 | |
| getSolverNames | 0.015 | 0.000 | 0.015 | |
| getTarget | 0.038 | 0.024 | 0.063 | |
| parseChromLocString | 0.001 | 0.000 | 0.000 | |
| parseDatabaseUri | 0.002 | 0.000 | 0.001 | |
| rescalePredictorWeights | 0.014 | 0.000 | 0.014 | |
| show-HumanDHSFilter-method | 0.001 | 0.000 | 0.000 | |
| show.BicorSolver | 0.015 | 0.000 | 0.014 | |
| show.EnsembleSolver | 0.011 | 0.000 | 0.012 | |
| show.LassoPVSolver | 0.015 | 0.000 | 0.014 | |
| show.LassoSolver | 0.012 | 0.000 | 0.011 | |
| show.MotifMatcher | 0.010 | 0.000 | 0.011 | |
| show.PearsonSolver | 0.014 | 0.000 | 0.014 | |
| show.RandomForestSolver | 0.011 | 0.004 | 0.015 | |
| show.RidgeSolver | 0.012 | 0.000 | 0.012 | |
| show.SpearmanSolver | 0.016 | 0.000 | 0.016 | |
| show.XGBoostSolver | 0.015 | 0.000 | 0.014 | |
| solve.Bicor | 0.019 | 0.000 | 0.020 | |
| solve.Ensemble | 0.000 | 0.000 | 0.001 | |
| solve.Lasso | 3.413 | 0.100 | 3.513 | |
| solve.LassoPV | 0.136 | 0.000 | 0.135 | |
| solve.Pearson | 0.013 | 0.000 | 0.013 | |
| solve.RandomForest | 2.938 | 0.024 | 2.963 | |
| solve.Ridge | 2.657 | 0.068 | 2.725 | |
| solve.Spearman | 0.020 | 0.003 | 0.023 | |
| solve.XGBoost | 1.007 | 0.016 | 0.524 | |