| Back to Multiple platform build/check report for BioC 3.15 |
|
This page was generated on 2022-10-19 13:21:44 -0400 (Wed, 19 Oct 2022).
| Hostname | OS | Arch (*) | R version | Installed pkgs |
|---|---|---|---|---|
| nebbiolo1 | Linux (Ubuntu 20.04.5 LTS) | x86_64 | 4.2.1 (2022-06-23) -- "Funny-Looking Kid" | 4386 |
| palomino3 | Windows Server 2022 Datacenter | x64 | 4.2.1 (2022-06-23 ucrt) -- "Funny-Looking Kid" | 4138 |
| merida1 | macOS 10.14.6 Mojave | x86_64 | 4.2.1 (2022-06-23) -- "Funny-Looking Kid" | 4205 |
| Click on any hostname to see more info about the system (e.g. compilers) (*) as reported by 'uname -p', except on Windows and Mac OS X | ||||
|
To the developers/maintainers of the lumi package: - Please allow up to 24 hours (and sometimes 48 hours) for your latest push to git@git.bioconductor.org:packages/lumi.git to reflect on this report. See How and When does the builder pull? When will my changes propagate? for more information. - Make sure to use the following settings in order to reproduce any error or warning you see on this page. |
| Package 1046/2140 | Hostname | OS / Arch | INSTALL | BUILD | CHECK | BUILD BIN | ||||||||
| lumi 2.48.0 (landing page) Lei Huang
| nebbiolo1 | Linux (Ubuntu 20.04.5 LTS) / x86_64 | OK | OK | WARNINGS | |||||||||
| palomino3 | Windows Server 2022 Datacenter / x64 | OK | OK | WARNINGS | OK | |||||||||
| merida1 | macOS 10.14.6 Mojave / x86_64 | OK | OK | WARNINGS | OK | |||||||||
| Package: lumi |
| Version: 2.48.0 |
| Command: F:\biocbuild\bbs-3.15-bioc\R\bin\R.exe CMD check --no-multiarch --install=check:lumi.install-out.txt --library=F:\biocbuild\bbs-3.15-bioc\R\library --no-vignettes --timings lumi_2.48.0.tar.gz |
| StartedAt: 2022-10-19 01:26:33 -0400 (Wed, 19 Oct 2022) |
| EndedAt: 2022-10-19 01:35:06 -0400 (Wed, 19 Oct 2022) |
| EllapsedTime: 513.5 seconds |
| RetCode: 0 |
| Status: WARNINGS |
| CheckDir: lumi.Rcheck |
| Warnings: 3 |
##############################################################################
##############################################################################
###
### Running command:
###
### F:\biocbuild\bbs-3.15-bioc\R\bin\R.exe CMD check --no-multiarch --install=check:lumi.install-out.txt --library=F:\biocbuild\bbs-3.15-bioc\R\library --no-vignettes --timings lumi_2.48.0.tar.gz
###
##############################################################################
##############################################################################
* using log directory 'F:/biocbuild/bbs-3.15-bioc/meat/lumi.Rcheck'
* using R version 4.2.1 (2022-06-23 ucrt)
* using platform: x86_64-w64-mingw32 (64-bit)
* using session charset: UTF-8
* using option '--no-vignettes'
* checking for file 'lumi/DESCRIPTION' ... OK
* checking extension type ... Package
* this is package 'lumi' version '2.48.0'
* checking package namespace information ... OK
* checking package dependencies ... OK
* checking if this is a source package ... OK
* checking if there is a namespace ... OK
* checking for hidden files and directories ... OK
* checking for portable file names ... OK
* checking whether package 'lumi' can be installed ... OK
* checking installed package size ... OK
* checking package directory ... OK
* checking DESCRIPTION meta-information ... OK
* checking top-level files ... OK
* checking for left-over files ... OK
* checking index information ... OK
* checking package subdirectories ... OK
* checking R files for non-ASCII characters ... OK
* checking R files for syntax errors ... OK
* checking whether the package can be loaded ... OK
* checking whether the package can be loaded with stated dependencies ... OK
* checking whether the package can be unloaded cleanly ... OK
* checking whether the namespace can be loaded with stated dependencies ... OK
* checking whether the namespace can be unloaded cleanly ... OK
* checking dependencies in R code ... WARNING
'::' or ':::' imports not declared from:
'IRanges' 'bigmemoryExtras'
* checking S3 generic/method consistency ... OK
* checking replacement functions ... OK
* checking foreign function calls ... OK
* checking R code for possible problems ... OK
* checking Rd files ... OK
* checking Rd metadata ... OK
* checking Rd cross-references ... WARNING
Unknown package 'bigmemoryExtras' in Rd xrefs
Missing link or links in documentation object 'lumiN.Rd':
'[vsn]{vsn}'
See section 'Cross-references' in the 'Writing R Extensions' manual.
* checking for missing documentation entries ... OK
* checking for code/documentation mismatches ... OK
* checking Rd \usage sections ... OK
* checking Rd contents ... OK
* checking for unstated dependencies in examples ... OK
* checking contents of 'data' directory ... OK
* checking data for non-ASCII characters ... OK
* checking data for ASCII and uncompressed saves ... OK
* checking files in 'vignettes' ... WARNING
Files in the 'vignettes' directory but no files in 'inst/doc':
'IlluminaAnnotation.R', 'IlluminaAnnotation.pdf', 'lumi.R',
'lumi.pdf', 'lumi_VST_evaluation.R', 'lumi_VST_evaluation.pdf',
'methylationAnalysis.R', 'methylationAnalysis.pdf'
Package has no Sweave vignette sources and no VignetteBuilder field.
* checking examples ... OK
Examples with CPU (user + system) or elapsed time > 5s
user system elapsed
lumiMethyStatus 50.88 2.06 52.97
getChipInfo 5.27 0.72 41.00
getNuIDMappingInfo 0.96 0.14 5.28
* checking PDF version of manual ... OK
* DONE
Status: 3 WARNINGs
See
'F:/biocbuild/bbs-3.15-bioc/meat/lumi.Rcheck/00check.log'
for details.
lumi.Rcheck/00install.out
############################################################################## ############################################################################## ### ### Running command: ### ### F:\biocbuild\bbs-3.15-bioc\R\bin\R.exe CMD INSTALL lumi ### ############################################################################## ############################################################################## * installing to library 'F:/biocbuild/bbs-3.15-bioc/R/library' * installing *source* package 'lumi' ... ** using staged installation ** R ** data ** inst ** byte-compile and prepare package for lazy loading No methods found in package 'RSQLite' for request: 'dbListFields' when loading 'lumi' ** help *** installing help indices ** building package indices ** installing vignettes ** testing if installed package can be loaded from temporary location No methods found in package 'RSQLite' for request: 'dbListFields' when loading 'lumi' ** testing if installed package can be loaded from final location No methods found in package 'RSQLite' for request: 'dbListFields' when loading 'lumi' ** testing if installed package keeps a record of temporary installation path * DONE (lumi)
lumi.Rcheck/lumi-Ex.timings
| name | user | system | elapsed | |
| LumiBatch-class | 1.28 | 0.10 | 1.38 | |
| MAplot-methods | 4.86 | 0.06 | 4.92 | |
| addAnnotationInfo | 0.05 | 0.00 | 0.04 | |
| addControlData2lumi | 0 | 0 | 0 | |
| addNuID2lumi | 0 | 0 | 0 | |
| adjColorBias.quantile | 0.67 | 0.01 | 0.69 | |
| adjColorBias.ssn | 0.38 | 0.02 | 0.39 | |
| bgAdjust | 0.06 | 0.00 | 0.06 | |
| bgAdjustMethylation | 0.15 | 0.00 | 0.16 | |
| boxplot-MethyLumiM-methods | 0.47 | 0.02 | 0.48 | |
| boxplot-methods | 0.05 | 0.03 | 0.08 | |
| boxplotColorBias | 0.13 | 0.00 | 0.13 | |
| density-methods | 0.07 | 0.00 | 0.07 | |
| detectOutlier | 0.08 | 0.03 | 0.11 | |
| detectionCall | 0.17 | 0.00 | 0.18 | |
| estimateBeta | 1.27 | 0.01 | 1.28 | |
| estimateIntensity | 0.14 | 0.00 | 0.14 | |
| estimateLumiCV | 0.11 | 0.00 | 0.11 | |
| estimateM | 0.51 | 0.00 | 0.51 | |
| estimateMethylationBG | 0.11 | 0.02 | 0.13 | |
| example.lumi | 0.05 | 0.02 | 0.06 | |
| example.lumiMethy | 0.03 | 0.03 | 0.06 | |
| example.methyTitration | 0.21 | 0.01 | 0.22 | |
| gammaFitEM | 2.82 | 0.53 | 3.36 | |
| getChipInfo | 5.27 | 0.72 | 41.00 | |
| getControlData | 0 | 0 | 0 | |
| getControlProbe | 0 | 0 | 0 | |
| getControlType | 0 | 0 | 0 | |
| getNuIDMappingInfo | 0.96 | 0.14 | 5.28 | |
| hist-methods | 0.17 | 0.03 | 0.20 | |
| id2seq | 0 | 0 | 0 | |
| inverseVST | 0.36 | 0.02 | 0.38 | |
| is.nuID | 0 | 0 | 0 | |
| lumiB | 0.11 | 0.00 | 0.11 | |
| lumiExpresso | 0.53 | 0.02 | 0.54 | |
| lumiMethyB | 0.06 | 0.00 | 0.06 | |
| lumiMethyC | 1.16 | 0.01 | 1.18 | |
| lumiMethyN | 0.06 | 0.00 | 0.06 | |
| lumiMethyStatus | 50.88 | 2.06 | 52.97 | |
| lumiN | 0.34 | 0.02 | 0.36 | |
| lumiQ | 0.23 | 0.00 | 0.24 | |
| lumiR | 0 | 0 | 0 | |
| lumiR.batch | 0 | 0 | 0 | |
| lumiT | 0.34 | 0.00 | 0.34 | |
| methylationCall | 2.77 | 0.05 | 2.81 | |
| normalizeMethylation.quantile | 0.11 | 0.01 | 0.13 | |
| normalizeMethylation.ssn | 0.14 | 0.00 | 0.14 | |
| nuID2EntrezID | 0.83 | 0.02 | 0.84 | |
| nuID2IlluminaID | 3.84 | 0.03 | 3.88 | |
| nuID2RefSeqID | 1.09 | 0.01 | 1.11 | |
| nuID2probeID | 3.54 | 0.00 | 3.53 | |
| nuID2targetID | 4.42 | 0.08 | 4.50 | |
| pairs-methods | 0.76 | 0.06 | 0.83 | |
| plot-methods | 1.49 | 0.07 | 1.54 | |
| plotCDF | 0.17 | 0.01 | 0.19 | |
| plotColorBias1D | 0.23 | 0.02 | 0.25 | |
| plotColorBias2D | 0.25 | 0.00 | 0.25 | |
| plotControlData | 0 | 0 | 0 | |
| plotDensity | 0.14 | 0.00 | 0.14 | |
| plotGammaFit | 4.27 | 0.05 | 4.31 | |
| plotHousekeepingGene | 0 | 0 | 0 | |
| plotSampleRelation | 0.64 | 0.00 | 0.64 | |
| plotStringencyGene | 0 | 0 | 0 | |
| plotVST | 0.40 | 0.02 | 0.42 | |
| probeID2nuID | 3.83 | 0.04 | 3.87 | |
| produceGEOPlatformFile | 0 | 0 | 0 | |
| produceGEOSubmissionFile | 0 | 0 | 0 | |
| produceMethylationGEOSubmissionFile | 0 | 0 | 0 | |
| seq2id | 0 | 0 | 0 | |
| targetID2nuID | 3.05 | 0.00 | 3.05 | |
| vst | 0.14 | 0.02 | 0.16 | |