| Back to Multiple platform build/check report for BioC 3.15 |
|
This page was generated on 2022-10-19 13:20:27 -0400 (Wed, 19 Oct 2022).
| Hostname | OS | Arch (*) | R version | Installed pkgs |
|---|---|---|---|---|
| nebbiolo1 | Linux (Ubuntu 20.04.5 LTS) | x86_64 | 4.2.1 (2022-06-23) -- "Funny-Looking Kid" | 4386 |
| palomino3 | Windows Server 2022 Datacenter | x64 | 4.2.1 (2022-06-23 ucrt) -- "Funny-Looking Kid" | 4138 |
| merida1 | macOS 10.14.6 Mojave | x86_64 | 4.2.1 (2022-06-23) -- "Funny-Looking Kid" | 4205 |
| Click on any hostname to see more info about the system (e.g. compilers) (*) as reported by 'uname -p', except on Windows and Mac OS X | ||||
|
To the developers/maintainers of the lumi package: - Please allow up to 24 hours (and sometimes 48 hours) for your latest push to git@git.bioconductor.org:packages/lumi.git to reflect on this report. See How and When does the builder pull? When will my changes propagate? for more information. - Make sure to use the following settings in order to reproduce any error or warning you see on this page. |
| Package 1046/2140 | Hostname | OS / Arch | INSTALL | BUILD | CHECK | BUILD BIN | ||||||||
| lumi 2.48.0 (landing page) Lei Huang
| nebbiolo1 | Linux (Ubuntu 20.04.5 LTS) / x86_64 | OK | OK | WARNINGS | |||||||||
| palomino3 | Windows Server 2022 Datacenter / x64 | OK | OK | WARNINGS | OK | |||||||||
| merida1 | macOS 10.14.6 Mojave / x86_64 | OK | OK | WARNINGS | OK | |||||||||
| Package: lumi |
| Version: 2.48.0 |
| Command: /home/biocbuild/bbs-3.15-bioc/R/bin/R CMD check --install=check:lumi.install-out.txt --library=/home/biocbuild/bbs-3.15-bioc/R/library --no-vignettes --timings lumi_2.48.0.tar.gz |
| StartedAt: 2022-10-18 20:21:36 -0400 (Tue, 18 Oct 2022) |
| EndedAt: 2022-10-18 20:28:18 -0400 (Tue, 18 Oct 2022) |
| EllapsedTime: 401.5 seconds |
| RetCode: 0 |
| Status: WARNINGS |
| CheckDir: lumi.Rcheck |
| Warnings: 3 |
##############################################################################
##############################################################################
###
### Running command:
###
### /home/biocbuild/bbs-3.15-bioc/R/bin/R CMD check --install=check:lumi.install-out.txt --library=/home/biocbuild/bbs-3.15-bioc/R/library --no-vignettes --timings lumi_2.48.0.tar.gz
###
##############################################################################
##############################################################################
* using log directory ‘/home/biocbuild/bbs-3.15-bioc/meat/lumi.Rcheck’
* using R version 4.2.1 (2022-06-23)
* using platform: x86_64-pc-linux-gnu (64-bit)
* using session charset: UTF-8
* using option ‘--no-vignettes’
* checking for file ‘lumi/DESCRIPTION’ ... OK
* checking extension type ... Package
* this is package ‘lumi’ version ‘2.48.0’
* checking package namespace information ... OK
* checking package dependencies ... OK
* checking if this is a source package ... OK
* checking if there is a namespace ... OK
* checking for hidden files and directories ... OK
* checking for portable file names ... OK
* checking for sufficient/correct file permissions ... OK
* checking whether package ‘lumi’ can be installed ... OK
* checking installed package size ... OK
* checking package directory ... OK
* checking DESCRIPTION meta-information ... OK
* checking top-level files ... OK
* checking for left-over files ... OK
* checking index information ... OK
* checking package subdirectories ... OK
* checking R files for non-ASCII characters ... OK
* checking R files for syntax errors ... OK
* checking whether the package can be loaded ... OK
* checking whether the package can be loaded with stated dependencies ... OK
* checking whether the package can be unloaded cleanly ... OK
* checking whether the namespace can be loaded with stated dependencies ... OK
* checking whether the namespace can be unloaded cleanly ... OK
* checking dependencies in R code ... WARNING
'::' or ':::' imports not declared from:
‘IRanges’ ‘bigmemoryExtras’
* checking S3 generic/method consistency ... OK
* checking replacement functions ... OK
* checking foreign function calls ... OK
* checking R code for possible problems ... OK
* checking Rd files ... OK
* checking Rd metadata ... OK
* checking Rd cross-references ... WARNING
Unknown package ‘bigmemoryExtras’ in Rd xrefs
Missing link or links in documentation object 'lumiN.Rd':
‘[vsn]{vsn}’
See section 'Cross-references' in the 'Writing R Extensions' manual.
* checking for missing documentation entries ... OK
* checking for code/documentation mismatches ... OK
* checking Rd \usage sections ... OK
* checking Rd contents ... OK
* checking for unstated dependencies in examples ... OK
* checking contents of ‘data’ directory ... OK
* checking data for non-ASCII characters ... OK
* checking data for ASCII and uncompressed saves ... OK
* checking files in ‘vignettes’ ... WARNING
Files in the 'vignettes' directory but no files in 'inst/doc':
‘IlluminaAnnotation.R’, ‘IlluminaAnnotation.pdf’, ‘lumi.R’,
‘lumi.pdf’, ‘lumi_VST_evaluation.R’, ‘lumi_VST_evaluation.pdf’,
‘methylationAnalysis.R’, ‘methylationAnalysis.pdf’
Package has no Sweave vignette sources and no VignetteBuilder field.
* checking examples ... OK
Examples with CPU (user + system) or elapsed time > 5s
user system elapsed
lumiMethyStatus 41.786 0.648 42.437
MAplot-methods 5.691 0.143 5.836
* checking PDF version of manual ... OK
* DONE
Status: 3 WARNINGs
See
‘/home/biocbuild/bbs-3.15-bioc/meat/lumi.Rcheck/00check.log’
for details.
lumi.Rcheck/00install.out
############################################################################## ############################################################################## ### ### Running command: ### ### /home/biocbuild/bbs-3.15-bioc/R/bin/R CMD INSTALL lumi ### ############################################################################## ############################################################################## * installing to library ‘/home/biocbuild/bbs-3.15-bioc/R/library’ * installing *source* package ‘lumi’ ... ** using staged installation ** R ** data ** inst ** byte-compile and prepare package for lazy loading No methods found in package ‘RSQLite’ for request: ‘dbListFields’ when loading ‘lumi’ ** help *** installing help indices ** building package indices ** installing vignettes ** testing if installed package can be loaded from temporary location No methods found in package ‘RSQLite’ for request: ‘dbListFields’ when loading ‘lumi’ ** testing if installed package can be loaded from final location No methods found in package ‘RSQLite’ for request: ‘dbListFields’ when loading ‘lumi’ ** testing if installed package keeps a record of temporary installation path * DONE (lumi)
lumi.Rcheck/lumi-Ex.timings
| name | user | system | elapsed | |
| LumiBatch-class | 1.168 | 0.052 | 1.221 | |
| MAplot-methods | 5.691 | 0.143 | 5.836 | |
| addAnnotationInfo | 0.042 | 0.007 | 0.050 | |
| addControlData2lumi | 0 | 0 | 0 | |
| addNuID2lumi | 0 | 0 | 0 | |
| adjColorBias.quantile | 0.690 | 0.027 | 0.718 | |
| adjColorBias.ssn | 1.430 | 0.119 | 1.549 | |
| bgAdjust | 0.072 | 0.004 | 0.076 | |
| bgAdjustMethylation | 0.132 | 0.033 | 0.165 | |
| boxplot-MethyLumiM-methods | 0.410 | 0.014 | 0.424 | |
| boxplot-methods | 0.078 | 0.004 | 0.082 | |
| boxplotColorBias | 0.126 | 0.000 | 0.126 | |
| density-methods | 0.083 | 0.000 | 0.083 | |
| detectOutlier | 0.084 | 0.000 | 0.084 | |
| detectionCall | 0.136 | 0.003 | 0.140 | |
| estimateBeta | 0.141 | 0.008 | 0.149 | |
| estimateIntensity | 0.186 | 0.003 | 0.189 | |
| estimateLumiCV | 0.085 | 0.004 | 0.089 | |
| estimateM | 0.383 | 0.003 | 0.386 | |
| estimateMethylationBG | 0.126 | 0.001 | 0.126 | |
| example.lumi | 0.068 | 0.003 | 0.072 | |
| example.lumiMethy | 0.053 | 0.000 | 0.053 | |
| example.methyTitration | 0.162 | 0.011 | 0.175 | |
| gammaFitEM | 2.233 | 0.012 | 2.245 | |
| getChipInfo | 3.855 | 0.284 | 4.252 | |
| getControlData | 0.001 | 0.000 | 0.001 | |
| getControlProbe | 0.000 | 0.000 | 0.001 | |
| getControlType | 0.001 | 0.000 | 0.001 | |
| getNuIDMappingInfo | 0.818 | 0.049 | 0.887 | |
| hist-methods | 0.111 | 0.008 | 0.119 | |
| id2seq | 0.001 | 0.000 | 0.002 | |
| inverseVST | 0.370 | 0.012 | 0.382 | |
| is.nuID | 0.001 | 0.000 | 0.001 | |
| lumiB | 0.090 | 0.008 | 0.097 | |
| lumiExpresso | 0.335 | 0.008 | 0.343 | |
| lumiMethyB | 0.064 | 0.000 | 0.064 | |
| lumiMethyC | 1.065 | 0.020 | 1.086 | |
| lumiMethyN | 0.082 | 0.004 | 0.086 | |
| lumiMethyStatus | 41.786 | 0.648 | 42.437 | |
| lumiN | 0.386 | 0.004 | 0.389 | |
| lumiQ | 0.280 | 0.000 | 0.279 | |
| lumiR | 0.001 | 0.000 | 0.000 | |
| lumiR.batch | 0.001 | 0.000 | 0.000 | |
| lumiT | 0.306 | 0.012 | 0.318 | |
| methylationCall | 2.252 | 0.004 | 2.256 | |
| normalizeMethylation.quantile | 0.152 | 0.004 | 0.155 | |
| normalizeMethylation.ssn | 0.145 | 0.008 | 0.153 | |
| nuID2EntrezID | 0.762 | 0.008 | 0.770 | |
| nuID2IlluminaID | 3.674 | 0.023 | 3.696 | |
| nuID2RefSeqID | 0.830 | 0.024 | 0.853 | |
| nuID2probeID | 3.430 | 0.004 | 3.434 | |
| nuID2targetID | 3.377 | 0.028 | 3.406 | |
| pairs-methods | 2.138 | 0.176 | 2.313 | |
| plot-methods | 1.763 | 0.024 | 1.786 | |
| plotCDF | 0.122 | 0.008 | 0.131 | |
| plotColorBias1D | 0.153 | 0.020 | 0.174 | |
| plotColorBias2D | 0.137 | 0.004 | 0.140 | |
| plotControlData | 0.001 | 0.000 | 0.001 | |
| plotDensity | 0.100 | 0.000 | 0.099 | |
| plotGammaFit | 2.233 | 0.004 | 2.237 | |
| plotHousekeepingGene | 0.001 | 0.000 | 0.001 | |
| plotSampleRelation | 0.388 | 0.004 | 0.392 | |
| plotStringencyGene | 0.001 | 0.000 | 0.001 | |
| plotVST | 0.315 | 0.016 | 0.330 | |
| probeID2nuID | 3.100 | 0.028 | 3.128 | |
| produceGEOPlatformFile | 0.001 | 0.000 | 0.000 | |
| produceGEOSubmissionFile | 0.001 | 0.000 | 0.000 | |
| produceMethylationGEOSubmissionFile | 0.001 | 0.000 | 0.000 | |
| seq2id | 0.001 | 0.000 | 0.001 | |
| targetID2nuID | 3.197 | 0.000 | 3.197 | |
| vst | 0.165 | 0.004 | 0.169 | |