| Back to Multiple platform build/check report for BioC 3.15 |
|
This page was generated on 2022-03-18 11:08:46 -0400 (Fri, 18 Mar 2022).
| Hostname | OS | Arch (*) | R version | Installed pkgs |
|---|---|---|---|---|
| nebbiolo1 | Linux (Ubuntu 20.04.4 LTS) | x86_64 | R Under development (unstable) (2022-02-17 r81757) -- "Unsuffered Consequences" | 4334 |
| riesling1 | Windows Server 2019 Standard | x64 | R Under development (unstable) (2021-11-21 r81221) -- "Unsuffered Consequences" | 4097 |
| palomino3 | Windows Server 2022 Datacenter | x64 | R Under development (unstable) (2022-02-17 r81757 ucrt) -- "Unsuffered Consequences" | 4083 |
| merida1 | macOS 10.14.6 Mojave | x86_64 | R Under development (unstable) (2022-03-02 r81842) -- "Unsuffered Consequences" | 4134 |
| Click on any hostname to see more info about the system (e.g. compilers) (*) as reported by 'uname -p', except on Windows and Mac OS X | ||||
|
To the developers/maintainers of the SPONGE package: - Please allow up to 24 hours (and sometimes 48 hours) for your latest push to git@git.bioconductor.org:packages/SPONGE.git to reflect on this report. See How and When does the builder pull? When will my changes propagate? here for more information. - Make sure to use the following settings in order to reproduce any error or warning you see on this page. |
| Package 1874/2090 | Hostname | OS / Arch | INSTALL | BUILD | CHECK | BUILD BIN | ||||||||
| SPONGE 1.17.0 (landing page) Markus List
| nebbiolo1 | Linux (Ubuntu 20.04.4 LTS) / x86_64 | OK | OK | WARNINGS | |||||||||
| riesling1 | Windows Server 2019 Standard / x64 | OK | OK | WARNINGS | OK | |||||||||
| palomino3 | Windows Server 2022 Datacenter / x64 | OK | OK | WARNINGS | OK | |||||||||
| merida1 | macOS 10.14.6 Mojave / x86_64 | OK | OK | WARNINGS | OK | |||||||||
| Package: SPONGE |
| Version: 1.17.0 |
| Command: D:\biocbuild\bbs-3.15-bioc\R\bin\R.exe CMD check --no-multiarch --install=check:SPONGE.install-out.txt --library=D:\biocbuild\bbs-3.15-bioc\R\library --no-vignettes --timings SPONGE_1.17.0.tar.gz |
| StartedAt: 2022-03-17 20:22:47 -0400 (Thu, 17 Mar 2022) |
| EndedAt: 2022-03-17 20:25:57 -0400 (Thu, 17 Mar 2022) |
| EllapsedTime: 189.6 seconds |
| RetCode: 0 |
| Status: WARNINGS |
| CheckDir: SPONGE.Rcheck |
| Warnings: 1 |
##############################################################################
##############################################################################
###
### Running command:
###
### D:\biocbuild\bbs-3.15-bioc\R\bin\R.exe CMD check --no-multiarch --install=check:SPONGE.install-out.txt --library=D:\biocbuild\bbs-3.15-bioc\R\library --no-vignettes --timings SPONGE_1.17.0.tar.gz
###
##############################################################################
##############################################################################
* using log directory 'D:/biocbuild/bbs-3.15-bioc/meat/SPONGE.Rcheck'
* using R Under development (unstable) (2021-11-21 r81221)
* using platform: x86_64-w64-mingw32 (64-bit)
* using session charset: ISO8859-1
* using option '--no-vignettes'
* checking for file 'SPONGE/DESCRIPTION' ... OK
* checking extension type ... Package
* this is package 'SPONGE' version '1.17.0'
* checking package namespace information ... OK
* checking package dependencies ... OK
* checking if this is a source package ... OK
* checking if there is a namespace ... OK
* checking for hidden files and directories ... OK
* checking for portable file names ... OK
* checking whether package 'SPONGE' can be installed ... OK
* checking installed package size ... NOTE
installed size is 8.3Mb
sub-directories of 1Mb or more:
data 8.0Mb
* checking package directory ... OK
* checking 'build' directory ... OK
* checking DESCRIPTION meta-information ... OK
* checking top-level files ... OK
* checking for left-over files ... OK
* checking index information ... OK
* checking package subdirectories ... OK
* checking R files for non-ASCII characters ... OK
* checking R files for syntax errors ... OK
* checking whether the package can be loaded ... OK
* checking whether the package can be loaded with stated dependencies ... OK
* checking whether the package can be unloaded cleanly ... OK
* checking whether the namespace can be loaded with stated dependencies ... OK
* checking whether the namespace can be unloaded cleanly ... OK
* checking dependencies in R code ... OK
* checking S3 generic/method consistency ... OK
* checking replacement functions ... OK
* checking foreign function calls ... OK
* checking R code for possible problems ... NOTE
checkLambda: no visible binding for global variable 'i'
check_and_convert_expression_data: no visible global function
definition for 'is'
check_and_convert_expression_data: no visible global function
definition for 'attach.big.matrix'
check_and_convert_expression_data: no visible global function
definition for 'mwhich'
compute_p_values: no visible binding for global variable 'cor_cut'
compute_p_values: no visible binding for global variable 'df_cut'
compute_p_values: no visible global function definition for 'J'
compute_p_values: no visible binding for global variable '.I'
compute_p_values: no visible binding for global variable '.EACHI'
compute_p_values: no visible binding for global variable 'p.val'
compute_p_values: no visible global function definition for ':='
compute_p_values: no visible binding for global variable 'p.adj'
determine_cutoffs_for_null_model_partitioning: no visible global
function definition for ':='
determine_cutoffs_for_null_model_partitioning: no visible binding for
global variable 'cor_cut'
determine_cutoffs_for_null_model_partitioning: no visible binding for
global variable 'df_cut'
fn_elasticnet: no visible binding for global variable 'alpha'
fn_gene_miRNA_F_test: no visible binding for global variable 'mirna'
fn_get_model_coef: no visible binding for global variable 'gene'
isplitDT2 : nextEl: no visible global function definition for '.'
processChunk: no visible binding for global variable 'geneA_idx'
processChunk: no visible binding for global variable 'geneB_idx'
processChunk: no visible binding for global variable 'geneA'
processChunk: no visible binding for global variable 'geneB'
processChunk: no visible binding for global variable 'mirna'
sample_zero_mscor_cov: no visible binding for global variable
'solution'
sample_zero_mscor_cov: no visible global function definition for 'ginv'
sample_zero_mscor_cov: no visible binding for global variable 'i'
sample_zero_mscor_data: no visible binding for global variable
'cov.matrix'
sponge: no visible global function definition for 'is'
sponge: no visible binding for global variable 'i'
sponge: no visible global function definition for 'attach.big.matrix'
sponge: no visible binding for global variable 'gene_combis'
sponge_build_null_model: no visible binding for global variable
'precomputed_cov_matrices'
sponge_build_null_model: no visible binding for global variable
'cov.matrices.m'
sponge_build_null_model: no visible binding for global variable
'cov.matrices.k'
sponge_build_null_model: no visible binding for global variable 'm'
sponge_build_null_model: no visible binding for global variable 'k'
sponge_compute_p_values: no visible binding for global variable 'dt.m'
sponge_compute_p_values: no visible global function definition for ':='
sponge_compute_p_values: no visible binding for global variable
'cor_cut'
sponge_compute_p_values: no visible binding for global variable
'df_cut'
sponge_gene_miRNA_interaction_filter: no visible global function
definition for 'is'
sponge_gene_miRNA_interaction_filter: no visible binding for global
variable 'chunk'
sponge_gene_miRNA_interaction_filter: no visible binding for global
variable 'g_expr_batch'
sponge_gene_miRNA_interaction_filter : <anonymous>: no visible binding
for global variable 'g_expr_batch'
sponge_gene_miRNA_interaction_filter: no visible binding for global
variable 'gene'
sponge_gene_miRNA_interaction_filter: no visible binding for global
variable 'g_expr'
sponge_network: no visible binding for global variable 'gene'
sponge_network: no visible binding for global variable 'mir'
sponge_plot_network_centralities: no visible global function definition
for 'head'
sponge_plot_simulation_results: no visible binding for global variable
'mscor'
sponge_run_benchmark: no visible binding for global variable
'precomputed_cov_matrices'
sponge_run_benchmark: no visible binding for global variable
'elastic.net'
sponge_run_benchmark: no visible binding for global variable
'each.miRNA'
sponge_subsampling: no visible binding for global variable 'sub.n'
sponge_subsampling: no visible binding for global variable 'geneA'
sponge_subsampling: no visible binding for global variable 'geneB'
Undefined global functions or variables:
. .EACHI .I := J alpha attach.big.matrix chunk cor_cut cov.matrices.k
cov.matrices.m cov.matrix df_cut dt.m each.miRNA elastic.net g_expr
g_expr_batch gene geneA geneA_idx geneB geneB_idx gene_combis ginv
head i is k m mir mirna mscor mwhich p.adj p.val
precomputed_cov_matrices solution sub.n
Consider adding
importFrom("methods", "is")
importFrom("utils", "head")
to your NAMESPACE file (and ensure that your DESCRIPTION Imports field
contains 'methods').
* checking Rd files ... OK
* checking Rd metadata ... OK
* checking Rd cross-references ... OK
* checking for missing documentation entries ... OK
* checking for code/documentation mismatches ... OK
* checking Rd \usage sections ... OK
* checking Rd contents ... OK
* checking for unstated dependencies in examples ... OK
* checking contents of 'data' directory ... OK
* checking data for non-ASCII characters ... OK
* checking LazyData ... WARNING
LazyData DB of 8.0 MB without LazyDataCompression set
See ยง1.1.6 of 'Writing R Extensions'
* checking data for ASCII and uncompressed saves ... OK
* checking files in 'vignettes' ... OK
* checking examples ... OK
Examples with CPU (user + system) or elapsed time > 5s
user system elapsed
sponge_gene_miRNA_interaction_filter 20.03 0.53 20.56
sponge_build_null_model 11.36 0.05 11.57
sponge_run_benchmark 7.92 0.00 7.92
* checking for unstated dependencies in 'tests' ... OK
* checking tests ...
Running 'testthat.R'
OK
* checking for unstated dependencies in vignettes ... OK
* checking package vignettes in 'inst/doc' ... OK
* checking running R code from vignettes ... SKIPPED
* checking re-building of vignette outputs ... SKIPPED
* checking PDF version of manual ... OK
* DONE
Status: 1 WARNING, 2 NOTEs
See
'D:/biocbuild/bbs-3.15-bioc/meat/SPONGE.Rcheck/00check.log'
for details.
SPONGE.Rcheck/00install.out
##############################################################################
##############################################################################
###
### Running command:
###
### D:\biocbuild\bbs-3.15-bioc\R\bin\R.exe CMD INSTALL SPONGE
###
##############################################################################
##############################################################################
* installing to library 'D:/biocbuild/bbs-3.15-bioc/R/library'
* installing *source* package 'SPONGE' ...
** using staged installation
** R
** data
*** moving datasets to lazyload DB
** inst
** byte-compile and prepare package for lazy loading
** help
*** installing help indices
converting help for package 'SPONGE'
finding HTML links ... done
ceRNA_interactions html
check_and_convert_expression_data html
fn_elasticnet html
fn_gene_miRNA_F_test html
fn_get_model_coef html
fn_get_rss html
fn_get_shared_miRNAs html
gene_expr html
genes_pairwise_combinations html
mir_expr html
mir_interactions html
mircode_ensg html
mircode_symbol html
precomputed_cov_matrices html
precomputed_null_model html
sample_zero_mscor_cov html
sample_zero_mscor_data html
sponge html
sponge_build_null_model html
sponge_compute_p_values html
sponge_edge_centralities html
sponge_gene_miRNA_interaction_filter html
sponge_network html
sponge_node_centralities html
sponge_plot_network html
sponge_plot_network_centralities html
sponge_plot_simulation_results html
sponge_run_benchmark html
sponge_subsampling html
targetscan_ensg html
targetscan_symbol html
** building package indices
** installing vignettes
** testing if installed package can be loaded from temporary location
** testing if installed package can be loaded from final location
** testing if installed package keeps a record of temporary installation path
* DONE (SPONGE)
Making 'packages.html' ... done
SPONGE.Rcheck/tests/testthat.Rout
R Under development (unstable) (2021-11-21 r81221) -- "Unsuffered Consequences"
Copyright (C) 2021 The R Foundation for Statistical Computing
Platform: x86_64-w64-mingw32/x64 (64-bit)
R is free software and comes with ABSOLUTELY NO WARRANTY.
You are welcome to redistribute it under certain conditions.
Type 'license()' or 'licence()' for distribution details.
R is a collaborative project with many contributors.
Type 'contributors()' for more information and
'citation()' on how to cite R or R packages in publications.
Type 'demo()' for some demos, 'help()' for on-line help, or
'help.start()' for an HTML browser interface to help.
Type 'q()' to quit R.
> library(testthat)
> library(SPONGE)
>
> test_check("SPONGE")
[ FAIL 0 | WARN 1 | SKIP 0 | PASS 163 ]
[ FAIL 0 | WARN 1 | SKIP 0 | PASS 163 ]
>
> proc.time()
user system elapsed
56.34 1.15 71.01
SPONGE.Rcheck/SPONGE-Ex.timings
| name | user | system | elapsed | |
| check_and_convert_expression_data | 0 | 0 | 0 | |
| sample_zero_mscor_cov | 0.25 | 0.00 | 0.25 | |
| sample_zero_mscor_data | 1.26 | 0.09 | 1.35 | |
| sponge | 0.56 | 0.02 | 0.58 | |
| sponge_build_null_model | 11.36 | 0.05 | 11.57 | |
| sponge_compute_p_values | 0.25 | 0.00 | 0.25 | |
| sponge_edge_centralities | 0 | 0 | 0 | |
| sponge_gene_miRNA_interaction_filter | 20.03 | 0.53 | 20.56 | |
| sponge_network | 0.02 | 0.00 | 0.01 | |
| sponge_node_centralities | 0 | 0 | 0 | |
| sponge_plot_network | 0.17 | 0.03 | 0.21 | |
| sponge_plot_network_centralities | 0 | 0 | 0 | |
| sponge_plot_simulation_results | 1.94 | 0.11 | 2.06 | |
| sponge_run_benchmark | 7.92 | 0.00 | 7.92 | |
| sponge_subsampling | 0.38 | 0.03 | 0.41 | |