| Back to Multiple platform build/check report for BioC 3.14 |
|
This page was generated on 2022-04-13 12:07:13 -0400 (Wed, 13 Apr 2022).
| Hostname | OS | Arch (*) | R version | Installed pkgs |
|---|---|---|---|---|
| nebbiolo2 | Linux (Ubuntu 20.04.4 LTS) | x86_64 | 4.1.3 (2022-03-10) -- "One Push-Up" | 4324 |
| tokay2 | Windows Server 2012 R2 Standard | x64 | 4.1.3 (2022-03-10) -- "One Push-Up" | 4077 |
| machv2 | macOS 10.14.6 Mojave | x86_64 | 4.1.3 (2022-03-10) -- "One Push-Up" | 4137 |
| Click on any hostname to see more info about the system (e.g. compilers) (*) as reported by 'uname -p', except on Windows and Mac OS X | ||||
|
To the developers/maintainers of the RGMQL package: - Please allow up to 24 hours (and sometimes 48 hours) for your latest push to git@git.bioconductor.org:packages/RGMQL.git to reflect on this report. See How and When does the builder pull? When will my changes propagate? for more information. - Make sure to use the following settings in order to reproduce any error or warning you see on this page. |
| Package 1592/2083 | Hostname | OS / Arch | INSTALL | BUILD | CHECK | BUILD BIN | ||||||||
| RGMQL 1.14.1 (landing page) Simone Pallotta
| nebbiolo2 | Linux (Ubuntu 20.04.4 LTS) / x86_64 | OK | OK | WARNINGS | |||||||||
| tokay2 | Windows Server 2012 R2 Standard / x64 | OK | OK | WARNINGS | OK | |||||||||
| machv2 | macOS 10.14.6 Mojave / x86_64 | ... NOT SUPPORTED ... | ||||||||||||
| Package: RGMQL |
| Version: 1.14.1 |
| Command: C:\Users\biocbuild\bbs-3.14-bioc\R\bin\R.exe --arch x64 CMD check --no-multiarch --install=check:RGMQL.install-out.txt --library=C:\Users\biocbuild\bbs-3.14-bioc\R\library --no-vignettes --timings RGMQL_1.14.1.tar.gz |
| StartedAt: 2022-04-13 01:38:03 -0400 (Wed, 13 Apr 2022) |
| EndedAt: 2022-04-13 01:42:37 -0400 (Wed, 13 Apr 2022) |
| EllapsedTime: 274.1 seconds |
| RetCode: 0 |
| Status: WARNINGS |
| CheckDir: RGMQL.Rcheck |
| Warnings: 1 |
##############################################################################
##############################################################################
###
### Running command:
###
### C:\Users\biocbuild\bbs-3.14-bioc\R\bin\R.exe --arch x64 CMD check --no-multiarch --install=check:RGMQL.install-out.txt --library=C:\Users\biocbuild\bbs-3.14-bioc\R\library --no-vignettes --timings RGMQL_1.14.1.tar.gz
###
##############################################################################
##############################################################################
* using log directory 'C:/Users/biocbuild/bbs-3.14-bioc/meat/RGMQL.Rcheck'
* using R version 4.1.3 (2022-03-10)
* using platform: x86_64-w64-mingw32 (64-bit)
* using session charset: ISO8859-1
* using option '--no-vignettes'
* checking for file 'RGMQL/DESCRIPTION' ... OK
* checking extension type ... Package
* this is package 'RGMQL' version '1.14.1'
* package encoding: UTF-8
* checking package namespace information ... OK
* checking package dependencies ... OK
* checking if this is a source package ... OK
* checking if there is a namespace ... OK
* checking for hidden files and directories ... NOTE
Found the following hidden files and directories:
.BBSoptions
These were most likely included in error. See section 'Package
structure' in the 'Writing R Extensions' manual.
* checking for portable file names ... WARNING
Found the following file with a non-portable file name:
Example of workflows
These are not fully portable file names.
See section 'Package structure' in the 'Writing R Extensions' manual.
* checking whether package 'RGMQL' can be installed ... OK
* checking installed package size ... NOTE
installed size is 90.4Mb
sub-directories of 1Mb or more:
example 89.4Mb
* checking package directory ... OK
* checking 'build' directory ... OK
* checking DESCRIPTION meta-information ... OK
* checking top-level files ... OK
* checking for left-over files ... OK
* checking index information ... OK
* checking package subdirectories ... OK
* checking R files for non-ASCII characters ... OK
* checking R files for syntax errors ... OK
* checking whether the package can be loaded ... OK
* checking whether the package can be loaded with stated dependencies ... OK
* checking whether the package can be unloaded cleanly ... OK
* checking whether the namespace can be loaded with stated dependencies ... OK
* checking whether the namespace can be unloaded cleanly ... OK
* checking dependencies in R code ... OK
* checking S3 generic/method consistency ... OK
* checking replacement functions ... OK
* checking foreign function calls ... OK
* checking R code for possible problems ... OK
* checking Rd files ... OK
* checking Rd metadata ... OK
* checking Rd cross-references ... OK
* checking for missing documentation entries ... OK
* checking for code/documentation mismatches ... OK
* checking Rd \usage sections ... OK
* checking Rd contents ... OK
* checking for unstated dependencies in examples ... OK
* checking files in 'vignettes' ... OK
* checking examples ... OK
Examples with CPU (user + system) or elapsed time > 5s
user system elapsed
aggr-class 13.70 1.31 21.11
take 7.68 0.63 6.28
* checking for unstated dependencies in vignettes ... OK
* checking package vignettes in 'inst/doc' ... OK
* checking running R code from vignettes ... SKIPPED
* checking re-building of vignette outputs ... SKIPPED
* checking PDF version of manual ... OK
* DONE
Status: 1 WARNING, 2 NOTEs
See
'C:/Users/biocbuild/bbs-3.14-bioc/meat/RGMQL.Rcheck/00check.log'
for details.
RGMQL.Rcheck/00install.out
##############################################################################
##############################################################################
###
### Running command:
###
### C:\Users\biocbuild\bbs-3.14-bioc\R\bin\R.exe --arch x64 CMD INSTALL --no-multiarch RGMQL
###
##############################################################################
##############################################################################
* installing to library 'C:/Users/biocbuild/bbs-3.14-bioc/R/library'
* installing *source* package 'RGMQL' ...
** using staged installation
** R
** inst
** byte-compile and prepare package for lazy loading
** help
*** installing help indices
converting help for package 'RGMQL'
finding HTML links ... done
aggr-class html
aggregate html
arrange html
collect html
compile_query html
condition_eval_func html
cover-param-class html
cover html
delete_dataset html
distal-class html
download_dataset html
execute html
export_gmql html
extend html
filter-extract-param-class html
filter html
filter_and_extract html
group_by html
import_gmql html
init_gmql html
log_job html
login_gmql html
logout_gmql html
map html
merge html
operator-class html
ordering-class html
read-function html
register_gmql html
remote_processing html
run_query html
sample_metadata html
sample_region html
save_query html
select html
semijoin html
setdiff html
show_all_metadata html
show_dataset html
show_jobs_list html
show_queries_list html
show_samples_list html
show_schema html
stop_gmql html
stop_job html
take html
union html
upload_dataset html
** building package indices
** installing vignettes
** testing if installed package can be loaded from temporary location
** testing if installed package can be loaded from final location
** testing if installed package keeps a record of temporary installation path
* DONE (RGMQL)
Making 'packages.html' ... done
RGMQL.Rcheck/RGMQL-Ex.timings
| name | user | system | elapsed | |
| aggr-class | 13.70 | 1.31 | 21.11 | |
| aggregate | 0.08 | 0.00 | 0.05 | |
| arrange | 0.10 | 0.03 | 0.05 | |
| collect | 0.11 | 0.00 | 0.05 | |
| compile_query | 0.29 | 0.02 | 1.71 | |
| cover-param-class | 0.07 | 0.00 | 0.07 | |
| cover | 0.14 | 0.00 | 0.06 | |
| delete_dataset | 0 | 0 | 0 | |
| distal-class | 0.18 | 0.00 | 0.11 | |
| download_dataset | 0 | 0 | 0 | |
| execute | 0.13 | 0.00 | 0.05 | |
| export_gmql | 0.70 | 0.09 | 0.79 | |
| extend | 0.08 | 0.01 | 0.05 | |
| filter | 0.12 | 0.02 | 0.11 | |
| filter_and_extract | 3.79 | 0.03 | 3.81 | |
| group_by | 0.11 | 0.00 | 0.13 | |
| import_gmql | 0.25 | 0.00 | 0.25 | |
| init_gmql | 0.01 | 0.00 | 0.18 | |
| log_job | 0.03 | 0.00 | 0.36 | |
| login_gmql | 0.01 | 0.00 | 0.17 | |
| logout_gmql | 0.05 | 0.00 | 0.42 | |
| map | 0.11 | 0.02 | 0.06 | |
| merge | 0.22 | 0.00 | 0.08 | |
| operator-class | 0.45 | 0.01 | 0.28 | |
| ordering-class | 0.10 | 0.00 | 0.07 | |
| read-function | 0.06 | 0.00 | 0.40 | |
| register_gmql | 0 | 0 | 0 | |
| remote_processing | 0.01 | 0.00 | 0.01 | |
| run_query | 0 | 0 | 0 | |
| sample_metadata | 0.05 | 0.00 | 0.52 | |
| sample_region | 0 | 0 | 0 | |
| save_query | 0.05 | 0.00 | 1.06 | |
| select | 0.09 | 0.00 | 0.08 | |
| semijoin | 0.03 | 0.03 | 0.06 | |
| setdiff | 0.06 | 0.00 | 0.07 | |
| show_all_metadata | 0.06 | 0.00 | 0.41 | |
| show_dataset | 0.08 | 0.00 | 4.65 | |
| show_jobs_list | 0.02 | 0.00 | 0.35 | |
| show_queries_list | 0.03 | 0.00 | 0.36 | |
| show_samples_list | 0.01 | 0.00 | 0.36 | |
| show_schema | 0.02 | 0.00 | 0.35 | |
| stop_gmql | 0.28 | 0.04 | 0.25 | |
| stop_job | 0 | 0 | 0 | |
| take | 7.68 | 0.63 | 6.28 | |
| union | 0.05 | 0.00 | 0.04 | |
| upload_dataset | 0 | 0 | 0 | |