This page was generated on 2020-01-16 13:49:11 -0500 (Thu, 16 Jan 2020).
scfind 1.9.0 Vladimir Kiselev
 
| Snapshot Date: 2020-01-15 16:46:30 -0500 (Wed, 15 Jan 2020) |  
| URL: https://git.bioconductor.org/packages/scfind |  
| Branch: master |  
| Last Commit: 3b71b64 |  
| Last Changed Date: 2019-10-29 13:42:28 -0500 (Tue, 29 Oct 2019) |  
 
 | malbec2  | Linux (Ubuntu 18.04.3 LTS) / x86_64  |  OK  |  ERROR  |  skipped  |  |  | 
| tokay2  | Windows Server 2012 R2 Standard / x64  |  OK  |  ERROR  |  skipped  |  skipped  |  | 
| celaya2  | OS X 10.11.6 El Capitan / x86_64  |  OK  | [ ERROR ] |  skipped  |  skipped  |  | 
##############################################################################
##############################################################################
###
### Running command:
###
###   /Library/Frameworks/R.framework/Versions/Current/Resources/bin/R CMD build --keep-empty-dirs --no-resave-data scfind
###
##############################################################################
##############################################################################
* checking for file ‘scfind/DESCRIPTION’ ... OK
* preparing ‘scfind’:
* checking DESCRIPTION meta-information ... OK
* cleaning src
* installing the package to build vignettes
* creating vignettes ... ERROR
--- re-building ‘scfind.Rmd’ using rmarkdown
Loading required package: SummarizedExperiment
Loading required package: GenomicRanges
Loading required package: stats4
Loading required package: BiocGenerics
Loading required package: parallel
Attaching package: 'BiocGenerics'
The following objects are masked from 'package:parallel':
    clusterApply, clusterApplyLB, clusterCall, clusterEvalQ,
    clusterExport, clusterMap, parApply, parCapply, parLapply,
    parLapplyLB, parRapply, parSapply, parSapplyLB
The following objects are masked from 'package:stats':
    IQR, mad, sd, var, xtabs
The following objects are masked from 'package:base':
    Filter, Find, Map, Position, Reduce, anyDuplicated, append,
    as.data.frame, basename, cbind, colnames, dirname, do.call,
    duplicated, eval, evalq, get, grep, grepl, intersect, is.unsorted,
    lapply, mapply, match, mget, order, paste, pmax, pmax.int, pmin,
    pmin.int, rank, rbind, rownames, sapply, setdiff, sort, table,
    tapply, union, unique, unsplit, which, which.max, which.min
Loading required package: S4Vectors
Attaching package: 'S4Vectors'
The following object is masked from 'package:base':
    expand.grid
Loading required package: IRanges
Loading required package: GenomeInfoDb
Loading required package: Biobase
Welcome to Bioconductor
    Vignettes contain introductory material; view with
    'browseVignettes()'. To cite Bioconductor, see
    'citation("Biobase")', and for packages 'citation("pkgname")'.
Loading required package: DelayedArray
Loading required package: matrixStats
Attaching package: 'matrixStats'
The following objects are masked from 'package:Biobase':
    anyMissing, rowMedians
Loading required package: BiocParallel
Attaching package: 'DelayedArray'
The following objects are masked from 'package:matrixStats':
    colMaxs, colMins, colRanges, rowMaxs, rowMins, rowRanges
The following objects are masked from 'package:base':
    aperm, apply, rowsum
Warning in has_utility("convert", "ImageMagick") :
  ImageMagick not installed or not in PATH
Quitting from lines 76-79 (scfind.Rmd) 
Error: processing vignette 'scfind.Rmd' failed with diagnostics:
attempting index 0/0
--- failed re-building ‘scfind.Rmd’
SUMMARY: processing the following file failed:
  ‘scfind.Rmd’
Error: Vignette re-building failed.
Execution halted