| Back to Multiple platform build/check report for BioC 3.11 |
|
This page was generated on 2020-10-17 11:59:47 -0400 (Sat, 17 Oct 2020).
| TO THE DEVELOPERS/MAINTAINERS OF THE TFutils PACKAGE: Please make sure to use the following settings in order to reproduce any error or warning you see on this page. |
| Package 1796/1905 | Hostname | OS / Arch | INSTALL | BUILD | CHECK | BUILD BIN | ||||||
| TFutils 1.8.0 Shweta Gopaulakrishnan
| malbec2 | Linux (Ubuntu 18.04.4 LTS) / x86_64 | OK | OK | WARNINGS | |||||||
| tokay2 | Windows Server 2012 R2 Standard / x64 | OK | ERROR | skipped | skipped | |||||||
| machv2 | macOS 10.14.6 Mojave / x86_64 | OK | OK | [ WARNINGS ] | OK |
| Package: TFutils |
| Version: 1.8.0 |
| Command: /Library/Frameworks/R.framework/Versions/Current/Resources/bin/R CMD check --install=check:TFutils.install-out.txt --library=/Library/Frameworks/R.framework/Versions/Current/Resources/library --no-vignettes --timings TFutils_1.8.0.tar.gz |
| StartedAt: 2020-10-17 05:53:14 -0400 (Sat, 17 Oct 2020) |
| EndedAt: 2020-10-17 05:59:59 -0400 (Sat, 17 Oct 2020) |
| EllapsedTime: 404.6 seconds |
| RetCode: 0 |
| Status: WARNINGS |
| CheckDir: TFutils.Rcheck |
| Warnings: 1 |
##############################################################################
##############################################################################
###
### Running command:
###
### /Library/Frameworks/R.framework/Versions/Current/Resources/bin/R CMD check --install=check:TFutils.install-out.txt --library=/Library/Frameworks/R.framework/Versions/Current/Resources/library --no-vignettes --timings TFutils_1.8.0.tar.gz
###
##############################################################################
##############################################################################
* using log directory ‘/Users/biocbuild/bbs-3.11-bioc/meat/TFutils.Rcheck’
* using R version 4.0.3 (2020-10-10)
* using platform: x86_64-apple-darwin17.0 (64-bit)
* using session charset: UTF-8
* using option ‘--no-vignettes’
* checking for file ‘TFutils/DESCRIPTION’ ... OK
* this is package ‘TFutils’ version ‘1.8.0’
* package encoding: UTF-8
* checking package namespace information ... OK
* checking package dependencies ... OK
* checking if this is a source package ... OK
* checking if there is a namespace ... OK
* checking for hidden files and directories ... OK
* checking for portable file names ... OK
* checking for sufficient/correct file permissions ... OK
* checking whether package ‘TFutils’ can be installed ... OK
* checking installed package size ... NOTE
installed size is 6.0Mb
sub-directories of 1Mb or more:
data 4.0Mb
lambert 1.4Mb
* checking package directory ... OK
* checking ‘build’ directory ... OK
* checking DESCRIPTION meta-information ... NOTE
Package listed in more than one of Depends, Imports, Suggests, Enhances:
‘Rsamtools’
A package should be listed in only one of these fields.
* checking top-level files ... OK
* checking for left-over files ... OK
* checking index information ... OK
* checking package subdirectories ... OK
* checking R files for non-ASCII characters ... OK
* checking R files for syntax errors ... OK
* checking whether the package can be loaded ... OK
* checking whether the package can be loaded with stated dependencies ... OK
* checking whether the package can be unloaded cleanly ... OK
* checking whether the namespace can be loaded with stated dependencies ... OK
* checking whether the namespace can be unloaded cleanly ... OK
* checking dependencies in R code ... WARNING
'::' or ':::' imports not declared from:
'BiocFileCache' 'DT' 'httr' 'readxl' 'rjson'
* checking S3 generic/method consistency ... OK
* checking replacement functions ... OK
* checking foreign function calls ... OK
* checking R code for possible problems ... NOTE
browse_lambert_gwaslinks: no visible global function definition for
‘read.csv’
directHitsInCISBP: no visible binding for global variable
‘DISEASE.TRAIT’
directHitsInCISBP: no visible binding for global variable ‘MAPPED_GENE’
directHitsInCISBP: no visible binding for global variable ‘cisbpTFcat’
directHitsInCISBP: no visible binding for global variable ‘HGNC’
directHitsInCISBP: no visible binding for global variable ‘Family_Name’
fimo_granges: no visible global function definition for ‘rowRanges<-’
fimo_granges : proctext: no visible global function definition for
‘read.delim’
fimo_granges: no visible global function definition for ‘reduceByRange’
fimo_granges : <anonymous>: no visible global function definition for
‘seqinfo<-’
retrieve_lambert_main: no visible global function definition for
‘bfcadd’
setupHIZE: no visible global function definition for ‘read.delim’
tffamCirc.prep: no visible binding for global variable ‘TF family’
tffamCirc.prep: no visible binding for global variable ‘TFfamily’
tffamCirc.prep: no visible binding for global variable ‘Transcription
factor’
topTraitsOfTargets: no visible global function definition for ‘mcols’
topTraitsOfTargets: no visible binding for global variable
‘DISEASE.TRAIT’
Undefined global functions or variables:
DISEASE.TRAIT Family_Name HGNC MAPPED_GENE TF family TFfamily
Transcription factor bfcadd cisbpTFcat mcols read.csv read.delim
reduceByRange rowRanges<- seqinfo<-
Consider adding
importFrom("base", "factor")
importFrom("stats", "family")
importFrom("utils", "read.csv", "read.delim")
to your NAMESPACE file.
* checking Rd files ... OK
* checking Rd metadata ... OK
* checking Rd cross-references ... OK
* checking for missing documentation entries ... OK
* checking for code/documentation mismatches ... OK
* checking Rd \usage sections ... OK
* checking Rd contents ... OK
* checking for unstated dependencies in examples ... OK
* checking contents of ‘data’ directory ... OK
* checking data for non-ASCII characters ... NOTE
Note: found 62 marked UTF-8 strings
* checking data for ASCII and uncompressed saves ... OK
* checking line endings in Makefiles ... OK
* checking for GNU extensions in Makefiles ... OK
* checking include directives in Makefiles ... OK
* checking files in ‘vignettes’ ... OK
* checking examples ... OK
Examples with CPU (user + system) or elapsed time > 5s
user system elapsed
tffamCirc.plot 35.133 0.418 35.586
tffamCirc.prep 21.510 0.127 21.667
topTraitsOfTargets 12.985 0.220 13.213
fimo16 11.480 0.443 14.783
genemodForGviz 8.074 0.328 8.458
* checking for unstated dependencies in ‘tests’ ... OK
* checking tests ...
Running ‘testthat.R’
OK
* checking for unstated dependencies in vignettes ... OK
* checking package vignettes in ‘inst/doc’ ... OK
* checking running R code from vignettes ... SKIPPED
* checking re-building of vignette outputs ... SKIPPED
* checking PDF version of manual ... OK
* DONE
Status: 1 WARNING, 4 NOTEs
See
‘/Users/biocbuild/bbs-3.11-bioc/meat/TFutils.Rcheck/00check.log’
for details.
TFutils.Rcheck/00install.out
############################################################################## ############################################################################## ### ### Running command: ### ### /Library/Frameworks/R.framework/Versions/Current/Resources/bin/R CMD INSTALL TFutils ### ############################################################################## ############################################################################## * installing to library ‘/Library/Frameworks/R.framework/Versions/4.0/Resources/library’ * installing *source* package ‘TFutils’ ... ** using staged installation ** R ** data *** moving datasets to lazyload DB ** inst ** byte-compile and prepare package for lazy loading ** help *** installing help indices ** building package indices ** installing vignettes ** testing if installed package can be loaded from temporary location ** testing if installed package can be loaded from final location ** testing if installed package keeps a record of temporary installation path * DONE (TFutils)
TFutils.Rcheck/tests/testthat.Rout
R version 4.0.3 (2020-10-10) -- "Bunny-Wunnies Freak Out"
Copyright (C) 2020 The R Foundation for Statistical Computing
Platform: x86_64-apple-darwin17.0 (64-bit)
R is free software and comes with ABSOLUTELY NO WARRANTY.
You are welcome to redistribute it under certain conditions.
Type 'license()' or 'licence()' for distribution details.
R is a collaborative project with many contributors.
Type 'contributors()' for more information and
'citation()' on how to cite R or R packages in publications.
Type 'demo()' for some demos, 'help()' for on-line help, or
'help.start()' for an HTML browser interface to help.
Type 'q()' to quit R.
> library(testthat)
> library(TFutils)
>
> test_check("TFutils")
══ testthat results ═══════════════════════════════════════════════════════════
[ OK: 5 | SKIPPED: 0 | WARNINGS: 0 | FAILED: 0 ]
>
>
> proc.time()
user system elapsed
21.881 0.949 25.520
TFutils.Rcheck/TFutils-Ex.timings
| name | user | system | elapsed | |
| HGNCmap | 0.000 | 0.000 | 0.001 | |
| TFCatalog | 0.286 | 0.021 | 0.309 | |
| TFtargs | 0 | 0 | 0 | |
| URL_s3_tf | 0.001 | 0.000 | 0.002 | |
| anchor_pmids | 0.008 | 0.001 | 0.009 | |
| browse_lambert_gwaslinks | 0 | 0 | 0 | |
| browse_lambert_main | 0.001 | 0.000 | 0.001 | |
| cisbpTFcat | 0.063 | 0.005 | 0.069 | |
| cisbpTFcat_2.0 | 0.056 | 0.003 | 0.059 | |
| defaultCircosParms | 0.013 | 0.002 | 0.016 | |
| demo_fimo_granges | 0.023 | 0.000 | 0.023 | |
| directHitsInCISBP | 0.225 | 0.008 | 0.233 | |
| encode690 | 0.079 | 0.004 | 0.081 | |
| fimo16 | 11.480 | 0.443 | 14.783 | |
| fimoMap | 0.003 | 0.001 | 0.004 | |
| fimo_granges | 0.002 | 0.000 | 0.002 | |
| genemodForGviz | 8.074 | 0.328 | 8.458 | |
| genemodelDF | 0.161 | 0.001 | 0.163 | |
| get_rslocs_38 | 0.108 | 0.007 | 4.692 | |
| grabTab | 0.460 | 0.037 | 0.500 | |
| gwascat_hg19_chr17 | 0.074 | 0.007 | 0.081 | |
| hocomoco.mono | 0.007 | 0.001 | 0.008 | |
| hocomoco.mono.sep2018 | 0.008 | 0.002 | 0.009 | |
| importFIMO | 0.047 | 0.006 | 0.053 | |
| importFIMO_local_split | 0.022 | 0.015 | 0.039 | |
| lambert_snps | 0.336 | 0.017 | 0.353 | |
| metadata_tf | 0.023 | 0.017 | 0.041 | |
| named_tf | 0.018 | 0.031 | 0.049 | |
| retrieve_lambert_main | 0.000 | 0.001 | 0.000 | |
| seqinfo_hg19_chr17 | 0.005 | 0.001 | 0.006 | |
| tffamCirc.plot | 35.133 | 0.418 | 35.586 | |
| tffamCirc.prep | 21.510 | 0.127 | 21.667 | |
| tfhash | 1.683 | 1.100 | 2.821 | |
| tftColl | 0.190 | 0.002 | 0.192 | |
| tftCollMap | 0.002 | 0.001 | 0.003 | |
| topTraitsOfTargets | 12.985 | 0.220 | 13.213 | |