| Back to Multiple platform build/check report for BioC 3.11 | 
  | 
This page was generated on 2020-01-16 13:40:01 -0500 (Thu, 16 Jan 2020).
| Package 1099/1818 | Hostname | OS / Arch | INSTALL | BUILD | CHECK | BUILD BIN | ||||||
| MSnID 1.21.0 Vlad Petyuk 
  | malbec2 | Linux (Ubuntu 18.04.3 LTS) / x86_64 | OK | OK | WARNINGS | |||||||
| tokay2 | Windows Server 2012 R2 Standard / x64 | OK | OK | WARNINGS | OK | |||||||
| celaya2 | OS X 10.11.6 El Capitan / x86_64 | OK | OK | [ WARNINGS ] | OK | 
| Package: MSnID | 
| Version: 1.21.0 | 
| Command: /Library/Frameworks/R.framework/Versions/Current/Resources/bin/R CMD check --install=check:MSnID.install-out.txt --library=/Library/Frameworks/R.framework/Versions/Current/Resources/library --no-vignettes --timings MSnID_1.21.0.tar.gz | 
| StartedAt: 2020-01-16 06:46:05 -0500 (Thu, 16 Jan 2020) | 
| EndedAt: 2020-01-16 06:51:19 -0500 (Thu, 16 Jan 2020) | 
| EllapsedTime: 313.8 seconds | 
| RetCode: 0 | 
| Status: WARNINGS | 
| CheckDir: MSnID.Rcheck | 
| Warnings: 1 | 
##############################################################################
##############################################################################
###
### Running command:
###
###   /Library/Frameworks/R.framework/Versions/Current/Resources/bin/R CMD check --install=check:MSnID.install-out.txt --library=/Library/Frameworks/R.framework/Versions/Current/Resources/library --no-vignettes --timings MSnID_1.21.0.tar.gz
###
##############################################################################
##############################################################################
* using log directory ‘/Users/biocbuild/bbs-3.11-bioc/meat/MSnID.Rcheck’
* using R Under development (unstable) (2019-12-14 r77572)
* using platform: x86_64-apple-darwin15.6.0 (64-bit)
* using session charset: UTF-8
* using option ‘--no-vignettes’
* checking for file ‘MSnID/DESCRIPTION’ ... OK
* checking extension type ... Package
* this is package ‘MSnID’ version ‘1.21.0’
* checking package namespace information ... OK
* checking package dependencies ... OK
* checking if this is a source package ... OK
* checking if there is a namespace ... OK
* checking for hidden files and directories ... OK
* checking for portable file names ... OK
* checking for sufficient/correct file permissions ... OK
* checking whether package ‘MSnID’ can be installed ... OK
* checking installed package size ... OK
* checking package directory ... OK
* checking ‘build’ directory ... OK
* checking DESCRIPTION meta-information ... OK
* checking top-level files ... OK
* checking for left-over files ... OK
* checking index information ... OK
* checking package subdirectories ... OK
* checking R files for non-ASCII characters ... OK
* checking R files for syntax errors ... OK
* checking whether the package can be loaded ... OK
* checking whether the package can be loaded with stated dependencies ... OK
* checking whether the package can be unloaded cleanly ... OK
* checking whether the namespace can be loaded with stated dependencies ... OK
* checking whether the namespace can be unloaded cleanly ... OK
* checking dependencies in R code ... OK
* checking S3 generic/method consistency ... OK
* checking replacement functions ... OK
* checking foreign function calls ... OK
* checking R code for possible problems ... NOTE
.construct_optimization_grid : <anonymous>: no visible global function
  definition for ‘quantile’
.get_num_pep_for_fdr: no visible global function definition for ‘rnorm’
.optimize_filter: no visible global function definition for ‘optim’
.read_mzIDs.mzR: no visible binding for global variable ‘i’
.read_mzIDs.mzR.engine.single.file: no visible binding for global
  variable ‘spectrumID’
.read_mzIDs.mzR.engine.single.file: no visible binding for global
  variable ‘name’
.read_mzIDs.mzR.engine.single.file: no visible binding for global
  variable ‘mass’
.read_mzIDs.mzR.engine.single.file: no visible binding for global
  variable ‘location’
.read_mzIDs.mzR.engine.single.file: no visible binding for global
  variable ‘modification’
.read_mzIDs.mzR.engine.single.file: no visible binding for global
  variable ‘DatabaseAccess’
.read_mzIDs.mzR.engine.single.file: no visible binding for global
  variable ‘DatabaseDescription’
.read_mzIDs.mzR.engine.single.file: no visible binding for global
  variable ‘DBseqLength’
infer_parsimonious_accessions,MSnID : infer_acc: no visible binding for
  global variable ‘accession’
infer_parsimonious_accessions,MSnID : infer_acc: no visible binding for
  global variable ‘N’
infer_parsimonious_accessions,MSnID : infer_acc: no visible binding for
  global variable ‘pepSeq’
recalibrate,MSnID: no visible global function definition for ‘median’
recalibrate,MSnID: no visible global function definition for ‘density’
Undefined global functions or variables:
  DBseqLength DatabaseAccess DatabaseDescription N accession density i
  location mass median modification name optim pepSeq quantile rnorm
  spectrumID
Consider adding
  importFrom("stats", "density", "median", "optim", "quantile", "rnorm")
to your NAMESPACE file.
* checking Rd files ... OK
* checking Rd metadata ... OK
* checking Rd cross-references ... WARNING
Missing link or links in documentation object 'read_mzIDs.Rd':
  ‘[mzR]{mzR-package}’
See section 'Cross-references' in the 'Writing R Extensions' manual.
* checking for missing documentation entries ... OK
* checking for code/documentation mismatches ... OK
* checking Rd \usage sections ... OK
* checking Rd contents ... OK
* checking for unstated dependencies in examples ... OK
* checking contents of ‘data’ directory ... OK
* checking data for non-ASCII characters ... OK
* checking data for ASCII and uncompressed saves ... OK
* checking sizes of PDF files under ‘inst/doc’ ... OK
* checking files in ‘vignettes’ ... OK
* checking examples ... OK
Examples with CPU (user + system) or elapsed time > 5s
                                user system elapsed
infer_parsimonious_accessions 11.880  6.615   3.375
optimize_filter                5.951  1.797  14.299
* checking for unstated dependencies in ‘tests’ ... OK
* checking tests ...
  Running ‘runTests.R’
 OK
* checking for unstated dependencies in vignettes ... OK
* checking package vignettes in ‘inst/doc’ ... OK
* checking running R code from vignettes ... SKIPPED
* checking re-building of vignette outputs ... SKIPPED
* checking PDF version of manual ... OK
* DONE
Status: 1 WARNING, 1 NOTE
See
  ‘/Users/biocbuild/bbs-3.11-bioc/meat/MSnID.Rcheck/00check.log’
for details.
MSnID.Rcheck/00install.out
############################################################################## ############################################################################## ### ### Running command: ### ### /Library/Frameworks/R.framework/Versions/Current/Resources/bin/R CMD INSTALL MSnID ### ############################################################################## ############################################################################## * installing to library ‘/Library/Frameworks/R.framework/Versions/4.0/Resources/library’ * installing *source* package ‘MSnID’ ... ** using staged installation ** R ** data *** moving datasets to lazyload DB ** demo ** inst ** byte-compile and prepare package for lazy loading ** help *** installing help indices ** building package indices ** installing vignettes ** testing if installed package can be loaded from temporary location ** testing if installed package can be loaded from final location ** testing if installed package keeps a record of temporary installation path * DONE (MSnID)
MSnID.Rcheck/tests/runTests.Rout
R Under development (unstable) (2019-12-14 r77572) -- "Unsuffered Consequences"
Copyright (C) 2019 The R Foundation for Statistical Computing
Platform: x86_64-apple-darwin15.6.0 (64-bit)
R is free software and comes with ABSOLUTELY NO WARRANTY.
You are welcome to redistribute it under certain conditions.
Type 'license()' or 'licence()' for distribution details.
R is a collaborative project with many contributors.
Type 'contributors()' for more information and
'citation()' on how to cite R or R packages in publications.
Type 'demo()' for some demos, 'help()' for on-line help, or
'help.start()' for an HTML browser interface to help.
Type 'q()' to quit R.
> BiocGenerics:::testPackage("MSnID")
Note, the anticipated/suggested columns in the
peptide-to-spectrum matching results are:
-----------------------------------------------
accession
calculatedMassToCharge
chargeState
experimentalMassToCharge
isDecoy
peptide
spectrumFile
spectrumID
Reading from mzIdentMLs ...
reading c_elegans.mzid.gz... DONE!
Reading from mzIdentMLs ...
RUNIT TEST PROTOCOL -- Thu Jan 16 06:51:10 2020 
*********************************************** 
Number of test functions: 17 
Number of errors: 0 
Number of failures: 0 
 
1 Test Suite : 
MSnID RUnit Tests - 17 test functions, 0 errors, 0 failures
Number of test functions: 17 
Number of errors: 0 
Number of failures: 0 
> 
> proc.time()
   user  system elapsed 
 89.436  19.204  84.601 
MSnID.Rcheck/MSnID-Ex.timings
| name | user | system | elapsed | |
| MSnID-class | 0.000 | 0.001 | 0.000 | |
| MSnIDFilter-class | 2.204 | 0.380 | 0.724 | |
| accessions | 0.778 | 0.330 | 0.496 | |
| apply_filter | 2.416 | 1.353 | 1.334 | |
| assess_missed_cleavages | 1.898 | 0.105 | 0.267 | |
| assess_termini | 0.291 | 0.044 | 0.334 | |
| correct_peak_selection | 0.159 | 0.034 | 0.194 | |
| data | 1.319 | 1.130 | 0.580 | |
| evaluate_filter | 1.571 | 1.231 | 0.671 | |
| id_quality | 1.462 | 0.242 | 0.212 | |
| infer_parsimonious_accessions | 11.880 | 6.615 | 3.375 | |
| mass_measurement_error | 0.422 | 0.325 | 0.150 | |
| optimize_filter | 5.951 | 1.797 | 14.299 | |
| peptides | 0.323 | 0.221 | 0.120 | |
| psms | 0.233 | 0.156 | 0.145 | |
| read_mzIDs | 0.000 | 0.000 | 0.001 | |
| recalibrate | 0.116 | 0.033 | 0.149 | |