| Back to Multiple platform build/check report for BioC 3.10 |
|
This page was generated on 2020-04-15 12:36:02 -0400 (Wed, 15 Apr 2020).
| Package 298/1823 | Hostname | OS / Arch | INSTALL | BUILD | CHECK | BUILD BIN | ||||||
| clippda 1.36.0 Stephen Nyangoma
| malbec1 | Linux (Ubuntu 18.04.4 LTS) / x86_64 | OK | OK | WARNINGS | |||||||
| tokay1 | Windows Server 2012 R2 Standard / x64 | ERROR | OK | ERROR | ERROR | |||||||
| merida1 | OS X 10.11.6 El Capitan / x86_64 | OK | OK | [ WARNINGS ] | OK |
| Package: clippda |
| Version: 1.36.0 |
| Command: /Library/Frameworks/R.framework/Versions/Current/Resources/bin/R CMD check --install=check:clippda.install-out.txt --library=/Library/Frameworks/R.framework/Versions/Current/Resources/library --no-vignettes --timings clippda_1.36.0.tar.gz |
| StartedAt: 2020-04-15 01:13:41 -0400 (Wed, 15 Apr 2020) |
| EndedAt: 2020-04-15 01:18:36 -0400 (Wed, 15 Apr 2020) |
| EllapsedTime: 294.5 seconds |
| RetCode: 0 |
| Status: WARNINGS |
| CheckDir: clippda.Rcheck |
| Warnings: 2 |
##############################################################################
##############################################################################
###
### Running command:
###
### /Library/Frameworks/R.framework/Versions/Current/Resources/bin/R CMD check --install=check:clippda.install-out.txt --library=/Library/Frameworks/R.framework/Versions/Current/Resources/library --no-vignettes --timings clippda_1.36.0.tar.gz
###
##############################################################################
##############################################################################
* using log directory ‘/Users/biocbuild/bbs-3.10-bioc/meat/clippda.Rcheck’
* using R version 3.6.3 (2020-02-29)
* using platform: x86_64-apple-darwin15.6.0 (64-bit)
* using session charset: UTF-8
* using option ‘--no-vignettes’
* checking for file ‘clippda/DESCRIPTION’ ... OK
* this is package ‘clippda’ version ‘1.36.0’
* checking package namespace information ... NOTE
Namespaces with empty importFrom:
‘Biobase’ ‘tools’
* checking package dependencies ... NOTE
Depends: includes the non-default packages:
'limma', 'statmod', 'rgl', 'lattice', 'scatterplot3d', 'Biobase',
'tools'
Adding so many packages to the search path is excessive and importing
selectively is preferable.
* checking if this is a source package ... OK
* checking if there is a namespace ... OK
* checking for hidden files and directories ... OK
* checking for portable file names ... OK
* checking for sufficient/correct file permissions ... OK
* checking whether package ‘clippda’ can be installed ... WARNING
Found the following significant warnings:
Warning: 'rgl.init' failed, running with 'rgl.useNULL = TRUE'.
See ‘/Users/biocbuild/bbs-3.10-bioc/meat/clippda.Rcheck/00install.out’ for details.
* checking installed package size ... OK
* checking package directory ... OK
* checking ‘build’ directory ... OK
* checking DESCRIPTION meta-information ... OK
* checking top-level files ... OK
* checking for left-over files ... OK
* checking index information ... OK
* checking package subdirectories ... WARNING
Invalid citation information in ‘inst/CITATION’:
Error in bibentry(bibtype = entry, textVersion = textVersion, header = header, footer = footer, ...): argument "textVersion" is missing, with no default
* checking R files for non-ASCII characters ... OK
* checking R files for syntax errors ... OK
* checking whether the package can be loaded ... OK
* checking whether the package can be loaded with stated dependencies ... OK
* checking whether the package can be unloaded cleanly ... OK
* checking whether the namespace can be loaded with stated dependencies ... OK
* checking whether the namespace can be unloaded cleanly ... OK
* checking dependencies in R code ... NOTE
'library' or 'require' calls to packages already attached by Depends:
‘lattice’ ‘limma’ ‘rgl’ ‘scatterplot3d’ ‘statmod’
Please remove these calls from your code.
Packages in Depends field not imported from:
‘lattice’ ‘rgl’
These packages need to be imported from (in the NAMESPACE file)
for when this namespace is loaded but not attached.
* checking S3 generic/method consistency ... OK
* checking replacement functions ... OK
* checking foreign function calls ... OK
* checking R code for possible problems ... NOTE
ZvaluescasesVcontrolsPlots: no visible global function definition for
‘plot’
ZvaluescasesVcontrolsPlots: no visible global function definition for
‘lines’
ZvaluescasesVcontrolsPlots: no visible global function definition for
‘legend’
ZvaluesfrommultinomPlots: no visible global function definition for
‘rmultinom’
ZvaluesfrommultinomPlots: no visible global function definition for
‘density’
ZvaluesfrommultinomPlots: no visible global function definition for
‘plot’
ZvaluesfrommultinomPlots: no visible global function definition for
‘lines’
ZvaluesfrommultinomPlots: no visible global function definition for
‘legend’
ZvaluesfrommultinomPlots: no visible global function definition for
‘cloud’
ZvaluesfrommultinomPlots: no visible global function definition for
‘var’
Undefined global functions or variables:
cloud density legend lines plot rmultinom var
Consider adding
importFrom("graphics", "legend", "lines", "plot")
importFrom("stats", "density", "rmultinom", "var")
to your NAMESPACE file.
* checking Rd files ... OK
* checking Rd metadata ... OK
* checking Rd cross-references ... OK
* checking for missing documentation entries ... OK
* checking for code/documentation mismatches ... OK
* checking Rd \usage sections ... OK
* checking Rd contents ... OK
* checking for unstated dependencies in examples ... OK
* checking contents of ‘data’ directory ... OK
* checking data for non-ASCII characters ... OK
* checking data for ASCII and uncompressed saves ... OK
* checking sizes of PDF files under ‘inst/doc’ ... OK
* checking files in ‘vignettes’ ... OK
* checking examples ... OK
Examples with CPU or elapsed time > 5s
user system elapsed
clippda-package 104.297 5.688 110.876
sampleSize 62.039 3.466 66.069
sampleSizeParameters 31.419 1.740 33.531
sample_technicalVariance 7.998 0.465 8.546
replicateCorrelations 5.647 0.317 6.008
* checking for unstated dependencies in vignettes ... OK
* checking package vignettes in ‘inst/doc’ ... OK
* checking running R code from vignettes ... SKIPPED
* checking re-building of vignette outputs ... SKIPPED
* checking PDF version of manual ... OK
* DONE
Status: 2 WARNINGs, 4 NOTEs
See
‘/Users/biocbuild/bbs-3.10-bioc/meat/clippda.Rcheck/00check.log’
for details.
clippda.Rcheck/00install.out
############################################################################## ############################################################################## ### ### Running command: ### ### /Library/Frameworks/R.framework/Versions/Current/Resources/bin/R CMD INSTALL clippda ### ############################################################################## ############################################################################## * installing to library ‘/Library/Frameworks/R.framework/Versions/3.6/Resources/library’ * installing *source* package ‘clippda’ ... ** using staged installation ** R ** data ** inst ** byte-compile and prepare package for lazy loading Warning messages: 1: In rgl.init(initValue, onlyNULL) : RGL: GLX extension missing on server 2: 'rgl.init' failed, running with 'rgl.useNULL = TRUE'. ** help *** installing help indices ** building package indices ** installing vignettes ** testing if installed package can be loaded from temporary location Warning: 'rgl.init' failed, running with 'rgl.useNULL = TRUE'. ** testing if installed package can be loaded from final location Warning: 'rgl.init' failed, running with 'rgl.useNULL = TRUE'. ** testing if installed package keeps a record of temporary installation path * DONE (clippda)
clippda.Rcheck/clippda-Ex.timings
| name | user | system | elapsed | |
| ZvaluescasesVcontrolsPlots | 0.015 | 0.002 | 0.017 | |
| ZvaluesfrommultinomPlots | 0.573 | 0.043 | 0.623 | |
| aclinicalProteomicsData-class | 0.062 | 0.007 | 0.069 | |
| aclinicalProteomicsData-methods | 0.730 | 0.319 | 1.061 | |
| betweensampleVariance | 1.997 | 0.125 | 2.137 | |
| checkNo.replicates | 0.115 | 0.008 | 0.124 | |
| clippda-package | 104.297 | 5.688 | 110.876 | |
| f | 0.001 | 0.000 | 0.001 | |
| fisherInformation | 0.079 | 0.005 | 0.084 | |
| liverRawData | 0.005 | 0.002 | 0.006 | |
| liver_pheno | 0.002 | 0.002 | 0.003 | |
| liverdata | 1.731 | 0.074 | 1.810 | |
| mostSimilarTwo | 0.003 | 0.000 | 0.003 | |
| negativeIntensitiesCorrection | 0.416 | 0.025 | 0.443 | |
| phenoDataFrame | 0.051 | 0.004 | 0.054 | |
| pheno_urine | 0.002 | 0.002 | 0.003 | |
| preProcRepeatedPeakData | 1.328 | 0.083 | 1.416 | |
| proteomicsExprsData | 0.256 | 0.007 | 0.263 | |
| proteomicspData | 0.068 | 0.008 | 0.076 | |
| replicateCorrelations | 5.647 | 0.317 | 6.008 | |
| sampleClusteredData | 0.414 | 0.010 | 0.426 | |
| sampleSize | 62.039 | 3.466 | 66.069 | |
| sampleSize3DscatterPlots | 0.021 | 0.002 | 0.023 | |
| sampleSizeContourPlots | 0.040 | 0.001 | 0.042 | |
| sampleSizeParameters | 31.419 | 1.740 | 33.531 | |
| sample_technicalVariance | 7.998 | 0.465 | 8.546 | |
| spectrumFilter | 1.255 | 0.107 | 1.374 | |
| ztwo | 0.000 | 0.000 | 0.001 | |