| Back to Multiple platform build/check report for BioC 3.10 |
|
This page was generated on 2020-04-15 12:05:39 -0400 (Wed, 15 Apr 2020).
| Package 298/1823 | Hostname | OS / Arch | INSTALL | BUILD | CHECK | BUILD BIN | ||||||
| clippda 1.36.0 Stephen Nyangoma
| malbec1 | Linux (Ubuntu 18.04.4 LTS) / x86_64 | OK | OK | [ WARNINGS ] | |||||||
| tokay1 | Windows Server 2012 R2 Standard / x64 | ERROR | OK | ERROR | ERROR | |||||||
| merida1 | OS X 10.11.6 El Capitan / x86_64 | OK | OK | WARNINGS | OK |
| Package: clippda |
| Version: 1.36.0 |
| Command: /home/biocbuild/bbs-3.10-bioc/R/bin/R CMD check --install=check:clippda.install-out.txt --library=/home/biocbuild/bbs-3.10-bioc/R/library --no-vignettes --timings clippda_1.36.0.tar.gz |
| StartedAt: 2020-04-15 00:40:07 -0400 (Wed, 15 Apr 2020) |
| EndedAt: 2020-04-15 00:44:27 -0400 (Wed, 15 Apr 2020) |
| EllapsedTime: 259.1 seconds |
| RetCode: 0 |
| Status: WARNINGS |
| CheckDir: clippda.Rcheck |
| Warnings: 1 |
##############################################################################
##############################################################################
###
### Running command:
###
### /home/biocbuild/bbs-3.10-bioc/R/bin/R CMD check --install=check:clippda.install-out.txt --library=/home/biocbuild/bbs-3.10-bioc/R/library --no-vignettes --timings clippda_1.36.0.tar.gz
###
##############################################################################
##############################################################################
* using log directory ‘/home/biocbuild/bbs-3.10-bioc/meat/clippda.Rcheck’
* using R version 3.6.3 (2020-02-29)
* using platform: x86_64-pc-linux-gnu (64-bit)
* using session charset: UTF-8
* using option ‘--no-vignettes’
* checking for file ‘clippda/DESCRIPTION’ ... OK
* this is package ‘clippda’ version ‘1.36.0’
* checking package namespace information ... NOTE
Namespaces with empty importFrom:
‘Biobase’ ‘tools’
* checking package dependencies ... NOTE
Depends: includes the non-default packages:
'limma', 'statmod', 'rgl', 'lattice', 'scatterplot3d', 'Biobase',
'tools'
Adding so many packages to the search path is excessive and importing
selectively is preferable.
* checking if this is a source package ... OK
* checking if there is a namespace ... OK
* checking for hidden files and directories ... OK
* checking for portable file names ... OK
* checking for sufficient/correct file permissions ... OK
* checking whether package ‘clippda’ can be installed ... OK
* checking installed package size ... OK
* checking package directory ... OK
* checking ‘build’ directory ... OK
* checking DESCRIPTION meta-information ... OK
* checking top-level files ... OK
* checking for left-over files ... OK
* checking index information ... OK
* checking package subdirectories ... WARNING
Invalid citation information in ‘inst/CITATION’:
Error in bibentry(bibtype = entry, textVersion = textVersion, header = header, footer = footer, ...): argument "textVersion" is missing, with no default
* checking R files for non-ASCII characters ... OK
* checking R files for syntax errors ... OK
* checking whether the package can be loaded ... OK
* checking whether the package can be loaded with stated dependencies ... OK
* checking whether the package can be unloaded cleanly ... OK
* checking whether the namespace can be loaded with stated dependencies ... OK
* checking whether the namespace can be unloaded cleanly ... OK
* checking dependencies in R code ... NOTE
'library' or 'require' calls to packages already attached by Depends:
‘lattice’ ‘limma’ ‘rgl’ ‘scatterplot3d’ ‘statmod’
Please remove these calls from your code.
Packages in Depends field not imported from:
‘lattice’ ‘rgl’
These packages need to be imported from (in the NAMESPACE file)
for when this namespace is loaded but not attached.
* checking S3 generic/method consistency ... OK
* checking replacement functions ... OK
* checking foreign function calls ... OK
* checking R code for possible problems ... NOTE
ZvaluescasesVcontrolsPlots: no visible global function definition for
‘plot’
ZvaluescasesVcontrolsPlots: no visible global function definition for
‘lines’
ZvaluescasesVcontrolsPlots: no visible global function definition for
‘legend’
ZvaluesfrommultinomPlots: no visible global function definition for
‘rmultinom’
ZvaluesfrommultinomPlots: no visible global function definition for
‘density’
ZvaluesfrommultinomPlots: no visible global function definition for
‘plot’
ZvaluesfrommultinomPlots: no visible global function definition for
‘lines’
ZvaluesfrommultinomPlots: no visible global function definition for
‘legend’
ZvaluesfrommultinomPlots: no visible global function definition for
‘cloud’
ZvaluesfrommultinomPlots: no visible global function definition for
‘var’
Undefined global functions or variables:
cloud density legend lines plot rmultinom var
Consider adding
importFrom("graphics", "legend", "lines", "plot")
importFrom("stats", "density", "rmultinom", "var")
to your NAMESPACE file.
* checking Rd files ... OK
* checking Rd metadata ... OK
* checking Rd cross-references ... OK
* checking for missing documentation entries ... OK
* checking for code/documentation mismatches ... OK
* checking Rd \usage sections ... OK
* checking Rd contents ... OK
* checking for unstated dependencies in examples ... OK
* checking contents of ‘data’ directory ... OK
* checking data for non-ASCII characters ... OK
* checking data for ASCII and uncompressed saves ... OK
* checking files in ‘vignettes’ ... OK
* checking examples ... OK
Examples with CPU or elapsed time > 5s
user system elapsed
clippda-package 100.456 0.108 100.774
sampleSize 59.792 0.028 59.914
sampleSizeParameters 28.828 0.028 28.892
sample_technicalVariance 7.640 0.004 7.666
replicateCorrelations 5.616 0.004 5.632
* checking for unstated dependencies in vignettes ... OK
* checking package vignettes in ‘inst/doc’ ... OK
* checking running R code from vignettes ... SKIPPED
* checking re-building of vignette outputs ... SKIPPED
* checking PDF version of manual ... OK
* DONE
Status: 1 WARNING, 4 NOTEs
See
‘/home/biocbuild/bbs-3.10-bioc/meat/clippda.Rcheck/00check.log’
for details.
clippda.Rcheck/00install.out
############################################################################## ############################################################################## ### ### Running command: ### ### /home/biocbuild/bbs-3.10-bioc/R/bin/R CMD INSTALL clippda ### ############################################################################## ############################################################################## * installing to library ‘/home/biocbuild/bbs-3.10-bioc/R/library’ * installing *source* package ‘clippda’ ... ** using staged installation ** R ** data ** inst ** byte-compile and prepare package for lazy loading ** help *** installing help indices ** building package indices ** installing vignettes ** testing if installed package can be loaded from temporary location ** testing if installed package can be loaded from final location ** testing if installed package keeps a record of temporary installation path * DONE (clippda)
clippda.Rcheck/clippda-Ex.timings
| name | user | system | elapsed | |
| ZvaluescasesVcontrolsPlots | 0.008 | 0.000 | 0.009 | |
| ZvaluesfrommultinomPlots | 0.560 | 0.004 | 0.562 | |
| aclinicalProteomicsData-class | 0.096 | 0.000 | 0.095 | |
| aclinicalProteomicsData-methods | 0.432 | 0.216 | 0.647 | |
| betweensampleVariance | 2.116 | 0.020 | 2.137 | |
| checkNo.replicates | 0.104 | 0.000 | 0.102 | |
| clippda-package | 100.456 | 0.108 | 100.774 | |
| f | 0 | 0 | 0 | |
| fisherInformation | 0.064 | 0.000 | 0.067 | |
| liverRawData | 0.004 | 0.000 | 0.004 | |
| liver_pheno | 0.000 | 0.000 | 0.001 | |
| liverdata | 1.720 | 0.008 | 1.735 | |
| mostSimilarTwo | 0.004 | 0.000 | 0.003 | |
| negativeIntensitiesCorrection | 0.256 | 0.000 | 0.256 | |
| phenoDataFrame | 0.06 | 0.00 | 0.06 | |
| pheno_urine | 0.000 | 0.000 | 0.001 | |
| preProcRepeatedPeakData | 1.048 | 0.000 | 1.047 | |
| proteomicsExprsData | 0.332 | 0.000 | 0.334 | |
| proteomicspData | 0.084 | 0.000 | 0.087 | |
| replicateCorrelations | 5.616 | 0.004 | 5.632 | |
| sampleClusteredData | 0.412 | 0.000 | 0.415 | |
| sampleSize | 59.792 | 0.028 | 59.914 | |
| sampleSize3DscatterPlots | 0.024 | 0.000 | 0.022 | |
| sampleSizeContourPlots | 0.024 | 0.000 | 0.026 | |
| sampleSizeParameters | 28.828 | 0.028 | 28.892 | |
| sample_technicalVariance | 7.640 | 0.004 | 7.666 | |
| spectrumFilter | 1.192 | 0.004 | 1.198 | |
| ztwo | 0 | 0 | 0 | |