| Back to Multiple platform build/check report for BioC 3.10 |
|
This page was generated on 2020-04-15 12:22:06 -0400 (Wed, 15 Apr 2020).
| Package 140/1823 | Hostname | OS / Arch | INSTALL | BUILD | CHECK | BUILD BIN | ||||||
| BiGGR 1.22.0 Anand K. Gavai
| malbec1 | Linux (Ubuntu 18.04.4 LTS) / x86_64 | OK | OK | WARNINGS | |||||||
| tokay1 | Windows Server 2012 R2 Standard / x64 | OK | OK | [ WARNINGS ] | OK | |||||||
| merida1 | OS X 10.11.6 El Capitan / x86_64 | OK | ERROR | skipped | skipped |
| Package: BiGGR |
| Version: 1.22.0 |
| Command: C:\Users\biocbuild\bbs-3.10-bioc\R\bin\R.exe --arch x64 CMD check --no-multiarch --install=check:BiGGR.install-out.txt --library=C:\Users\biocbuild\bbs-3.10-bioc\R\library --no-vignettes --timings BiGGR_1.22.0.tar.gz |
| StartedAt: 2020-04-15 01:31:28 -0400 (Wed, 15 Apr 2020) |
| EndedAt: 2020-04-15 01:37:06 -0400 (Wed, 15 Apr 2020) |
| EllapsedTime: 337.9 seconds |
| RetCode: 0 |
| Status: WARNINGS |
| CheckDir: BiGGR.Rcheck |
| Warnings: 1 |
##############################################################################
##############################################################################
###
### Running command:
###
### C:\Users\biocbuild\bbs-3.10-bioc\R\bin\R.exe --arch x64 CMD check --no-multiarch --install=check:BiGGR.install-out.txt --library=C:\Users\biocbuild\bbs-3.10-bioc\R\library --no-vignettes --timings BiGGR_1.22.0.tar.gz
###
##############################################################################
##############################################################################
* using log directory 'C:/Users/biocbuild/bbs-3.10-bioc/meat/BiGGR.Rcheck'
* using R version 3.6.3 (2020-02-29)
* using platform: x86_64-w64-mingw32 (64-bit)
* using session charset: ISO8859-1
* using option '--no-vignettes'
* checking for file 'BiGGR/DESCRIPTION' ... OK
* checking extension type ... Package
* this is package 'BiGGR' version '1.22.0'
* checking package namespace information ... OK
* checking package dependencies ... OK
* checking if this is a source package ... OK
* checking if there is a namespace ... OK
* checking for hidden files and directories ... NOTE
Found the following hidden files and directories:
.BBSoptions
These were most likely included in error. See section 'Package
structure' in the 'Writing R Extensions' manual.
* checking for portable file names ... OK
* checking whether package 'BiGGR' can be installed ... WARNING
Found the following significant warnings:
Warning: multiple methods tables found for 'type'
Warning: multiple methods tables found for 'type<-'
See 'C:/Users/biocbuild/bbs-3.10-bioc/meat/BiGGR.Rcheck/00install.out' for details.
* checking installed package size ... NOTE
installed size is 5.0Mb
sub-directories of 1Mb or more:
data 3.8Mb
* checking package directory ... OK
* checking 'build' directory ... OK
* checking DESCRIPTION meta-information ... OK
* checking top-level files ... OK
* checking for left-over files ... OK
* checking index information ... OK
* checking package subdirectories ... OK
* checking R files for non-ASCII characters ... OK
* checking R files for syntax errors ... OK
* checking whether the package can be loaded ... OK
* checking whether the package can be loaded with stated dependencies ... OK
* checking whether the package can be unloaded cleanly ... OK
* checking whether the namespace can be loaded with stated dependencies ... OK
* checking whether the namespace can be unloaded cleanly ... OK
* checking dependencies in R code ... NOTE
Package in Depends field not imported from: 'stringr'
These packages need to be imported from (in the NAMESPACE file)
for when this namespace is loaded but not attached.
* checking S3 generic/method consistency ... OK
* checking replacement functions ... OK
* checking foreign function calls ... OK
* checking R code for possible problems ... NOTE
.buildSubModel: no visible global function definition for 'new'
buildSBMLFromBiGG: no visible global function definition for
'read.delim'
buildSBMLFromBiGG : <anonymous>: no visible global function definition
for 'new'
buildSBMLFromBiGG: no visible global function definition for 'new'
createLIMFromSBML: no visible global function definition for 'hasArg'
gprMapping: no visible global function definition for 'str_detect'
gprMapping: no visible global function definition for 'na.omit'
gprMappingAvg: no visible global function definition for 'na.omit'
sampleFluxEnsemble: no visible global function definition for 'Xsample'
sbml2hyperdraw : <anonymous>: no visible binding for global variable
'species'
sbml2hyperdraw: no visible global function definition for 'hasArg'
sbml2hyperdraw: no visible global function definition for 'graphLayout'
sbml2hyperdraw: no visible global function definition for
'nodeDataDefaults<-'
sbml2hyperdraw: no visible global function definition for
'edgeDataDefaults<-'
sbml2hyperdraw: no visible global function definition for
'graphDataDefaults<-'
sbml2hyperdraw : <anonymous>: no visible global function definition for
'edgeData<-'
Undefined global functions or variables:
Xsample edgeData<- edgeDataDefaults<- graphDataDefaults<- graphLayout
hasArg na.omit new nodeDataDefaults<- read.delim species str_detect
Consider adding
importFrom("methods", "hasArg", "new")
importFrom("stats", "na.omit")
importFrom("utils", "read.delim")
to your NAMESPACE file (and ensure that your DESCRIPTION Imports field
contains 'methods').
* checking Rd files ... OK
* checking Rd metadata ... OK
* checking Rd cross-references ... OK
* checking for missing documentation entries ... OK
* checking for code/documentation mismatches ... OK
* checking Rd \usage sections ... OK
* checking Rd contents ... OK
* checking for unstated dependencies in examples ... OK
* checking contents of 'data' directory ... OK
* checking data for non-ASCII characters ... OK
* checking data for ASCII and uncompressed saves ... OK
* checking installed files from 'inst/doc' ... OK
* checking files in 'vignettes' ... OK
* checking examples ... OK
Examples with CPU or elapsed time > 5s
user system elapsed
gprMapping 172.12 0.01 172.19
gprMappingAvg 15.63 0.04 15.65
buildSBMLFromGenes 7.25 0.30 7.55
* checking for unstated dependencies in vignettes ... OK
* checking package vignettes in 'inst/doc' ... OK
* checking running R code from vignettes ... SKIPPED
* checking re-building of vignette outputs ... SKIPPED
* checking PDF version of manual ... OK
* DONE
Status: 1 WARNING, 4 NOTEs
See
'C:/Users/biocbuild/bbs-3.10-bioc/meat/BiGGR.Rcheck/00check.log'
for details.
BiGGR.Rcheck/00install.out
##############################################################################
##############################################################################
###
### Running command:
###
### C:\Users\biocbuild\bbs-3.10-bioc\R\bin\R.exe --arch x64 CMD INSTALL --no-multiarch BiGGR
###
##############################################################################
##############################################################################
* installing to library 'C:/Users/biocbuild/bbs-3.10-bioc/R/library'
* installing *source* package 'BiGGR' ...
** using staged installation
** R
** data
** inst
** byte-compile and prepare package for lazy loading
Warning messages:
1: multiple methods tables found for 'type'
2: multiple methods tables found for 'type<-'
** help
*** installing help indices
converting help for package 'BiGGR'
finding HTML links ... done
BiGGR-internal html
BiGGR-package html
E.coli_iAF1260 html
E.coli_iJR904 html
E.coli_textbook html
Glycolysis html
H.pylori_ilT341 html
H.sapiens_Recon1 html
M.barkeri_iAF692 html
M.tuberculosis_iNJ661 html
P.putida_iJN746 html
Recon2 html
S.aureus_iSB619 html
S.cerevisiae_iND750 html
buildSBMLFromBiGG html
buildSBMLFromGenes html
finding level-2 HTML links ... done
buildSBMLFromPathways html
buildSBMLFromReactionIDs html
createLIMFromBiGG html
createLIMFromSBML html
extractGeneAssociations html
extractPathways html
getPathwaysForSBML html
getRates html
gprMapping html
gprMappingAvg html
lying.tunell.data html
rmvSpliceVariant html
sampleFluxEnsemble html
sbml2hyperdraw html
** building package indices
** installing vignettes
** testing if installed package can be loaded from temporary location
Warning: multiple methods tables found for 'type'
Warning: multiple methods tables found for 'type<-'
** testing if installed package can be loaded from final location
Warning: multiple methods tables found for 'type'
Warning: multiple methods tables found for 'type<-'
** testing if installed package keeps a record of temporary installation path
* DONE (BiGGR)
Making 'packages.html' ... done
BiGGR.Rcheck/BiGGR-Ex.timings
| name | user | system | elapsed | |
| BiGGR-package | 2.85 | 0.09 | 3.01 | |
| E.coli_iAF1260 | 1.03 | 0.11 | 1.14 | |
| E.coli_iJR904 | 0.34 | 0.00 | 0.35 | |
| E.coli_textbook | 0.03 | 0.07 | 0.11 | |
| H.pylori_ilT341 | 0.23 | 0.03 | 0.26 | |
| H.sapiens_Recon1 | 1.65 | 0.08 | 1.72 | |
| M.barkeri_iAF692 | 0.39 | 0.24 | 0.63 | |
| M.tuberculosis_iNJ661 | 0.50 | 0.06 | 0.56 | |
| P.putida_iJN746 | 0.46 | 0.09 | 0.56 | |
| Recon2 | 2.77 | 0.11 | 2.88 | |
| S.aureus_iSB619 | 0.29 | 0.03 | 0.33 | |
| S.cerevisiae_iND750 | 0.41 | 0.05 | 0.45 | |
| buildSBMLFromBiGG | 0.11 | 0.00 | 0.17 | |
| buildSBMLFromGenes | 7.25 | 0.30 | 7.55 | |
| buildSBMLFromPathways | 4.19 | 0.08 | 4.27 | |
| buildSBMLFromReactionIDs | 2.01 | 0.00 | 2.03 | |
| createLIMFromBiGG | 0.16 | 0.01 | 0.17 | |
| createLIMFromSBML | 1.54 | 0.05 | 1.59 | |
| extractGeneAssociations | 2.04 | 0.00 | 2.04 | |
| extractPathways | 1.75 | 0.00 | 1.75 | |
| getPathwaysForSBML | 2.29 | 0.00 | 2.29 | |
| getRates | 0.02 | 0.00 | 0.02 | |
| gprMapping | 172.12 | 0.01 | 172.19 | |
| gprMappingAvg | 15.63 | 0.04 | 15.65 | |
| lying.tunell.data | 0 | 0 | 0 | |
| rmvSpliceVariant | 2.80 | 0.01 | 2.81 | |
| sampleFluxEnsemble | 2.48 | 0.44 | 3.02 | |
| sbml2hyperdraw | 3.98 | 0.00 | 3.98 | |