| Back to Multiple platform build/check report for BioC 3.10 |
|
This page was generated on 2020-04-15 12:08:01 -0400 (Wed, 15 Apr 2020).
| Package 140/1823 | Hostname | OS / Arch | INSTALL | BUILD | CHECK | BUILD BIN | ||||||
| BiGGR 1.22.0 Anand K. Gavai
| malbec1 | Linux (Ubuntu 18.04.4 LTS) / x86_64 | OK | OK | [ WARNINGS ] | |||||||
| tokay1 | Windows Server 2012 R2 Standard / x64 | OK | OK | WARNINGS | OK | |||||||
| merida1 | OS X 10.11.6 El Capitan / x86_64 | OK | ERROR | skipped | skipped |
| Package: BiGGR |
| Version: 1.22.0 |
| Command: /home/biocbuild/bbs-3.10-bioc/R/bin/R CMD check --install=check:BiGGR.install-out.txt --library=/home/biocbuild/bbs-3.10-bioc/R/library --no-vignettes --timings BiGGR_1.22.0.tar.gz |
| StartedAt: 2020-04-15 01:50:59 -0400 (Wed, 15 Apr 2020) |
| EndedAt: 2020-04-15 01:56:44 -0400 (Wed, 15 Apr 2020) |
| EllapsedTime: 344.8 seconds |
| RetCode: 0 |
| Status: WARNINGS |
| CheckDir: BiGGR.Rcheck |
| Warnings: 1 |
##############################################################################
##############################################################################
###
### Running command:
###
### /home/biocbuild/bbs-3.10-bioc/R/bin/R CMD check --install=check:BiGGR.install-out.txt --library=/home/biocbuild/bbs-3.10-bioc/R/library --no-vignettes --timings BiGGR_1.22.0.tar.gz
###
##############################################################################
##############################################################################
* using log directory ‘/home/biocbuild/bbs-3.10-bioc/meat/BiGGR.Rcheck’
* using R version 3.6.3 (2020-02-29)
* using platform: x86_64-pc-linux-gnu (64-bit)
* using session charset: UTF-8
* using option ‘--no-vignettes’
* checking for file ‘BiGGR/DESCRIPTION’ ... OK
* checking extension type ... Package
* this is package ‘BiGGR’ version ‘1.22.0’
* checking package namespace information ... OK
* checking package dependencies ... OK
* checking if this is a source package ... OK
* checking if there is a namespace ... OK
* checking for hidden files and directories ... NOTE
Found the following hidden files and directories:
.BBSoptions
These were most likely included in error. See section ‘Package
structure’ in the ‘Writing R Extensions’ manual.
* checking for portable file names ... OK
* checking for sufficient/correct file permissions ... OK
* checking whether package ‘BiGGR’ can be installed ... WARNING
Found the following significant warnings:
Warning: multiple methods tables found for ‘type’
Warning: multiple methods tables found for ‘type<-’
See ‘/home/biocbuild/bbs-3.10-bioc/meat/BiGGR.Rcheck/00install.out’ for details.
* checking installed package size ... OK
* checking package directory ... OK
* checking ‘build’ directory ... OK
* checking DESCRIPTION meta-information ... OK
* checking top-level files ... OK
* checking for left-over files ... OK
* checking index information ... OK
* checking package subdirectories ... OK
* checking R files for non-ASCII characters ... OK
* checking R files for syntax errors ... OK
* checking whether the package can be loaded ... OK
* checking whether the package can be loaded with stated dependencies ... OK
* checking whether the package can be unloaded cleanly ... OK
* checking whether the namespace can be loaded with stated dependencies ... OK
* checking whether the namespace can be unloaded cleanly ... OK
* checking dependencies in R code ... NOTE
Package in Depends field not imported from: ‘stringr’
These packages need to be imported from (in the NAMESPACE file)
for when this namespace is loaded but not attached.
* checking S3 generic/method consistency ... OK
* checking replacement functions ... OK
* checking foreign function calls ... OK
* checking R code for possible problems ... NOTE
.buildSubModel: no visible global function definition for ‘new’
buildSBMLFromBiGG: no visible global function definition for
‘read.delim’
buildSBMLFromBiGG : <anonymous>: no visible global function definition
for ‘new’
buildSBMLFromBiGG: no visible global function definition for ‘new’
createLIMFromSBML: no visible global function definition for ‘hasArg’
gprMapping: no visible global function definition for ‘str_detect’
gprMapping: no visible global function definition for ‘na.omit’
gprMappingAvg: no visible global function definition for ‘na.omit’
sampleFluxEnsemble: no visible global function definition for ‘Xsample’
sbml2hyperdraw : <anonymous>: no visible binding for global variable
‘species’
sbml2hyperdraw: no visible global function definition for ‘hasArg’
sbml2hyperdraw: no visible global function definition for ‘graphLayout’
sbml2hyperdraw: no visible global function definition for
‘nodeDataDefaults<-’
sbml2hyperdraw: no visible global function definition for
‘edgeDataDefaults<-’
sbml2hyperdraw: no visible global function definition for
‘graphDataDefaults<-’
sbml2hyperdraw : <anonymous>: no visible global function definition for
‘edgeData<-’
Undefined global functions or variables:
Xsample edgeData<- edgeDataDefaults<- graphDataDefaults<- graphLayout
hasArg na.omit new nodeDataDefaults<- read.delim species str_detect
Consider adding
importFrom("methods", "hasArg", "new")
importFrom("stats", "na.omit")
importFrom("utils", "read.delim")
to your NAMESPACE file (and ensure that your DESCRIPTION Imports field
contains 'methods').
* checking Rd files ... OK
* checking Rd metadata ... OK
* checking Rd cross-references ... OK
* checking for missing documentation entries ... OK
* checking for code/documentation mismatches ... OK
* checking Rd \usage sections ... OK
* checking Rd contents ... OK
* checking for unstated dependencies in examples ... OK
* checking contents of ‘data’ directory ... OK
* checking data for non-ASCII characters ... OK
* checking data for ASCII and uncompressed saves ... OK
* checking installed files from ‘inst/doc’ ... OK
* checking files in ‘vignettes’ ... OK
* checking examples ... OK
Examples with CPU or elapsed time > 5s
user system elapsed
gprMapping 179.608 0.224 180.140
gprMappingAvg 21.056 0.008 21.128
buildSBMLFromGenes 6.368 0.160 6.548
buildSBMLFromPathways 5.020 0.024 5.066
* checking for unstated dependencies in vignettes ... OK
* checking package vignettes in ‘inst/doc’ ... OK
* checking running R code from vignettes ... SKIPPED
* checking re-building of vignette outputs ... SKIPPED
* checking PDF version of manual ... OK
* DONE
Status: 1 WARNING, 3 NOTEs
See
‘/home/biocbuild/bbs-3.10-bioc/meat/BiGGR.Rcheck/00check.log’
for details.
BiGGR.Rcheck/00install.out
############################################################################## ############################################################################## ### ### Running command: ### ### /home/biocbuild/bbs-3.10-bioc/R/bin/R CMD INSTALL BiGGR ### ############################################################################## ############################################################################## * installing to library ‘/home/biocbuild/bbs-3.10-bioc/R/library’ * installing *source* package ‘BiGGR’ ... ** using staged installation ** R ** data ** inst ** byte-compile and prepare package for lazy loading Warning messages: 1: multiple methods tables found for ‘type’ 2: multiple methods tables found for ‘type<-’ ** help *** installing help indices ** building package indices ** installing vignettes ** testing if installed package can be loaded from temporary location Warning: multiple methods tables found for ‘type’ Warning: multiple methods tables found for ‘type<-’ ** testing if installed package can be loaded from final location Warning: multiple methods tables found for ‘type’ Warning: multiple methods tables found for ‘type<-’ ** testing if installed package keeps a record of temporary installation path * DONE (BiGGR)
BiGGR.Rcheck/BiGGR-Ex.timings
| name | user | system | elapsed | |
| BiGGR-package | 3.408 | 0.092 | 3.524 | |
| E.coli_iAF1260 | 1.068 | 0.076 | 1.144 | |
| E.coli_iJR904 | 0.632 | 0.012 | 0.642 | |
| E.coli_textbook | 0.072 | 0.028 | 0.100 | |
| H.pylori_ilT341 | 0.272 | 0.028 | 0.300 | |
| H.sapiens_Recon1 | 1.716 | 0.040 | 1.756 | |
| M.barkeri_iAF692 | 0.356 | 0.100 | 0.457 | |
| M.tuberculosis_iNJ661 | 0.460 | 0.048 | 0.509 | |
| P.putida_iJN746 | 0.532 | 0.040 | 0.574 | |
| Recon2 | 2.756 | 0.088 | 2.859 | |
| S.aureus_iSB619 | 0.328 | 0.052 | 0.380 | |
| S.cerevisiae_iND750 | 0.532 | 0.036 | 0.570 | |
| buildSBMLFromBiGG | 0.140 | 0.008 | 0.163 | |
| buildSBMLFromGenes | 6.368 | 0.160 | 6.548 | |
| buildSBMLFromPathways | 5.020 | 0.024 | 5.066 | |
| buildSBMLFromReactionIDs | 2.820 | 0.000 | 2.826 | |
| createLIMFromBiGG | 0.140 | 0.000 | 0.138 | |
| createLIMFromSBML | 1.552 | 0.032 | 1.586 | |
| extractGeneAssociations | 3.388 | 0.004 | 3.392 | |
| extractPathways | 2.916 | 0.004 | 2.923 | |
| getPathwaysForSBML | 3.352 | 0.000 | 3.358 | |
| getRates | 0.000 | 0.004 | 0.004 | |
| gprMapping | 179.608 | 0.224 | 180.140 | |
| gprMappingAvg | 21.056 | 0.008 | 21.128 | |
| lying.tunell.data | 0.000 | 0.004 | 0.002 | |
| rmvSpliceVariant | 3.412 | 0.000 | 3.426 | |
| sampleFluxEnsemble | 3.196 | 0.024 | 3.238 | |
| sbml2hyperdraw | 3.896 | 0.000 | 3.907 | |