| Back to Multiple platform build/check report for BioC 3.10 |
|
This page was generated on 2020-04-15 12:46:30 -0400 (Wed, 15 Apr 2020).
| Package 1175/1823 | Hostname | OS / Arch | INSTALL | BUILD | CHECK | BUILD BIN | ||||||
| OmaDB 2.2.0 Klara Kaleb
| malbec1 | Linux (Ubuntu 18.04.4 LTS) / x86_64 | OK | OK | WARNINGS | |||||||
| tokay1 | Windows Server 2012 R2 Standard / x64 | OK | OK | WARNINGS | OK | |||||||
| merida1 | OS X 10.11.6 El Capitan / x86_64 | OK | OK | [ WARNINGS ] | OK |
| Package: OmaDB |
| Version: 2.2.0 |
| Command: /Library/Frameworks/R.framework/Versions/Current/Resources/bin/R CMD check --install=check:OmaDB.install-out.txt --library=/Library/Frameworks/R.framework/Versions/Current/Resources/library --no-vignettes --timings OmaDB_2.2.0.tar.gz |
| StartedAt: 2020-04-15 04:18:24 -0400 (Wed, 15 Apr 2020) |
| EndedAt: 2020-04-15 04:23:39 -0400 (Wed, 15 Apr 2020) |
| EllapsedTime: 314.9 seconds |
| RetCode: 0 |
| Status: WARNINGS |
| CheckDir: OmaDB.Rcheck |
| Warnings: 1 |
##############################################################################
##############################################################################
###
### Running command:
###
### /Library/Frameworks/R.framework/Versions/Current/Resources/bin/R CMD check --install=check:OmaDB.install-out.txt --library=/Library/Frameworks/R.framework/Versions/Current/Resources/library --no-vignettes --timings OmaDB_2.2.0.tar.gz
###
##############################################################################
##############################################################################
* using log directory ‘/Users/biocbuild/bbs-3.10-bioc/meat/OmaDB.Rcheck’
* using R version 3.6.3 (2020-02-29)
* using platform: x86_64-apple-darwin15.6.0 (64-bit)
* using session charset: UTF-8
* using option ‘--no-vignettes’
* checking for file ‘OmaDB/DESCRIPTION’ ... OK
* this is package ‘OmaDB’ version ‘2.2.0’
* checking package namespace information ... OK
* checking package dependencies ... OK
* checking if this is a source package ... OK
* checking if there is a namespace ... OK
* checking for hidden files and directories ... OK
* checking for portable file names ... OK
* checking for sufficient/correct file permissions ... OK
* checking whether package ‘OmaDB’ can be installed ... OK
* checking installed package size ... OK
* checking package directory ... OK
* checking ‘build’ directory ... OK
* checking DESCRIPTION meta-information ... OK
* checking top-level files ... WARNING
install.R
These files are defunct. See manual ‘Writing R Extensions’.
* checking for left-over files ... OK
* checking index information ... OK
* checking package subdirectories ... OK
* checking R files for non-ASCII characters ... OK
* checking R files for syntax errors ... OK
* checking whether the package can be loaded ... OK
* checking whether the package can be loaded with stated dependencies ... OK
* checking whether the package can be unloaded cleanly ... OK
* checking whether the namespace can be loaded with stated dependencies ... OK
* checking whether the namespace can be unloaded cleanly ... OK
* checking dependencies in R code ... OK
* checking S3 generic/method consistency ... OK
* checking replacement functions ... OK
* checking foreign function calls ... OK
* checking R code for possible problems ... OK
* checking Rd files ... OK
* checking Rd metadata ... OK
* checking Rd cross-references ... OK
* checking for missing documentation entries ... OK
* checking for code/documentation mismatches ... OK
* checking Rd \usage sections ... OK
* checking Rd contents ... OK
* checking for unstated dependencies in examples ... OK
* checking contents of ‘data’ directory ... OK
* checking data for non-ASCII characters ... OK
* checking data for ASCII and uncompressed saves ... OK
* checking files in ‘vignettes’ ... OK
* checking examples ... OK
Examples with CPU or elapsed time > 5s
user system elapsed
getGenome 73.864 1.247 99.135
getGenomePairs 25.398 0.697 33.663
searchProtein 4.957 0.137 9.029
getOMAGroup 2.030 0.058 6.883
mapSequence 0.941 0.032 6.650
* checking for unstated dependencies in ‘tests’ ... OK
* checking tests ...
Running ‘testthat.R’
OK
* checking for unstated dependencies in vignettes ... OK
* checking package vignettes in ‘inst/doc’ ... OK
* checking running R code from vignettes ... SKIPPED
* checking re-building of vignette outputs ... SKIPPED
* checking PDF version of manual ... OK
* DONE
Status: 1 WARNING
See
‘/Users/biocbuild/bbs-3.10-bioc/meat/OmaDB.Rcheck/00check.log’
for details.
OmaDB.Rcheck/00install.out
############################################################################## ############################################################################## ### ### Running command: ### ### /Library/Frameworks/R.framework/Versions/Current/Resources/bin/R CMD INSTALL OmaDB ### ############################################################################## ############################################################################## * installing to library ‘/Library/Frameworks/R.framework/Versions/3.6/Resources/library’ * installing *source* package ‘OmaDB’ ... ** using staged installation ** R ** data *** moving datasets to lazyload DB ** inst ** byte-compile and prepare package for lazy loading ** help *** installing help indices ** building package indices ** installing vignettes ** testing if installed package can be loaded from temporary location ** testing if installed package can be loaded from final location ** testing if installed package keeps a record of temporary installation path * DONE (OmaDB)
OmaDB.Rcheck/tests/testthat.Rout
R version 3.6.3 (2020-02-29) -- "Holding the Windsock"
Copyright (C) 2020 The R Foundation for Statistical Computing
Platform: x86_64-apple-darwin15.6.0 (64-bit)
R is free software and comes with ABSOLUTELY NO WARRANTY.
You are welcome to redistribute it under certain conditions.
Type 'license()' or 'licence()' for distribution details.
R is a collaborative project with many contributors.
Type 'contributors()' for more information and
'citation()' on how to cite R or R packages in publications.
Type 'demo()' for some demos, 'help()' for on-line help, or
'help.start()' for an HTML browser interface to help.
Type 'q()' to quit R.
> library(testthat)
>
> test_that("Testing the URL validity", {
+ expect_equal(httr::status_code(httr::GET("https://omabrowser.org/api")), 200 ) #checking that the server is live and accesible
+
+ })
>
>
>
>
> proc.time()
user system elapsed
0.411 0.100 1.764
OmaDB.Rcheck/OmaDB-Ex.timings
| name | user | system | elapsed | |
| annotateSequence | 0.362 | 0.017 | 3.211 | |
| formatTopGO | 0.120 | 0.002 | 2.342 | |
| getAttribute | 0.350 | 0.002 | 1.350 | |
| getGenome | 73.864 | 1.247 | 99.135 | |
| getGenomePairs | 25.398 | 0.697 | 33.663 | |
| getHOG | 0.135 | 0.004 | 0.867 | |
| getLocus | 0.302 | 0.001 | 1.260 | |
| getOMAGroup | 2.030 | 0.058 | 6.883 | |
| getObjectAttributes | 0.299 | 0.003 | 1.236 | |
| getProtein | 0.224 | 0.005 | 1.201 | |
| getTaxonomy | 0.156 | 0.004 | 0.924 | |
| getTopGO | 1.50 | 0.07 | 2.18 | |
| getTree | 0.012 | 0.000 | 0.178 | |
| getVersion | 0.011 | 0.001 | 0.129 | |
| mapSequence | 0.941 | 0.032 | 6.650 | |
| resolveURL | 0.089 | 0.004 | 0.440 | |
| searchProtein | 4.957 | 0.137 | 9.029 | |